{"id":829,"date":"2015-02-26T13:12:23","date_gmt":"2015-02-26T12:12:23","guid":{"rendered":"http:\/\/www.salgotarjan.hu\/?page_id=829"},"modified":"2026-03-10T14:57:27","modified_gmt":"2026-03-10T13:57:27","slug":"palyazatok","status":"publish","type":"page","link":"https:\/\/www.salgotarjan.hu\/?page_id=829","title":{"rendered":"P\u00e1ly\u00e1zatok"},"content":{"rendered":"\n<h2 class=\"wp-block-heading\">Folyamatos \u00f6nkorm\u00e1nyzati p\u00e1ly\u00e1zatok<\/h2>\n\n\n\n<p><strong>\u201eSzakembereket Salg\u00f3tarj\u00e1nba!\u201d p\u00e1ly\u00e1zat<\/strong><br>Salg\u00f3tarj\u00e1n Megyei Jog\u00fa V\u00e1ros \u00d6nkorm\u00e1nyzata \u201eSzakembereket Salg\u00f3tarj\u00e1nba!\u201d programr\u00f3l sz\u00f3l\u00f3 <a href=\"https:\/\/www.kozadat.salgotarjan.hu\/docs\/news\/242371.pdf\" target=\"_blank\" rel=\"noreferrer noopener\">17\/2015. (IV.30.) <\/a>\u00f6nkorm\u00e1nyzati rendelete alapj\u00e1n p\u00e1ly\u00e1zatot hirdet.<br><a href=\"https:\/\/www.salgotarjan.hu\/wp-content\/uploads\/palyazatok_20210624_szakembereket_salgotarjanba_adatlap.pdf\" target=\"_blank\" rel=\"noreferrer noopener\">P\u00e1ly\u00e1zati adatlap<\/a> (pdf)<\/p>\n\n\n\n<p><strong>Salg\u00f3tarj\u00e1n Megyei Jog\u00fa V\u00e1ros K\u00f6zgy\u0171l\u00e9se \u00e1ltal alap\u00edtott v\u00e1rosi kit\u00fcntet\u0151 c\u00edmek, d\u00edjak<\/strong><br><a rel=\"noopener noreferrer\" href=\"https:\/\/www.salgotarjan.hu\/wp-content\/uploads\/palyazatok_20151220_varosi_kitunteto_cim.pdf\" target=\"_blank\">Adatlap kit\u00fcntet\u00e9si javaslathoz<\/a> (pdf)<\/p>\n\n\n\n<p><strong>P\u00e1ly\u00e1zat orvosok lakhat\u00e1si t\u00e1mogat\u00e1s\u00e1ra<\/strong><br><a href=\"https:\/\/www.salgotarjan.hu\/wp-content\/uploads\/palyazat_orvos_lakhatas_20251008.pdf\" data-type=\"link\" data-id=\"https:\/\/www.salgotarjan.hu\/wp-content\/uploads\/palyazat_orvos_lakhatas_20251008.pdf\" target=\"_blank\" rel=\"noreferrer noopener\">P\u00e1ly\u00e1zati felh\u00edv\u00e1s \u00e9s kit\u00f6ltend\u0151 adatlap<\/a> (pdf)<\/p>\n\n\n\n<p><strong>P\u00e1ly\u00e1zat legal\u00e1bb 12 h\u00f3napja bet\u00f6ltetlen h\u00e1ziorvosi vagy fogorvosi k\u00f6rzetet bet\u00f6lt\u0151 orvosok t\u00e1mogat\u00e1s\u00e1ra<\/strong><br><a href=\"https:\/\/www.salgotarjan.hu\/wp-content\/uploads\/palyazat_orvos_betoltetlen_korzet_20251008.pdf\" data-type=\"link\" data-id=\"https:\/\/www.salgotarjan.hu\/wp-content\/uploads\/palyazat_orvos_betoltetlen_korzet_20251008.pdf\" target=\"_blank\" rel=\"noreferrer noopener\">P\u00e1ly\u00e1zati felh\u00edv\u00e1s \u00e9s kit\u00f6ltend\u0151 adatlap<\/a> (pdf)<\/p>\n\n\n\n<h2 class=\"wp-block-heading\">\u00c1ll\u00e1sok \u00e9s egy\u00e9b hat\u00e1rid\u0151s p\u00e1ly\u00e1zatok<\/h2>\n\n\n\n<p><strong>P\u00e1ly\u00e1zati felh\u00edv\u00e1s \u201eItt van az otthonunk, itt van a j\u00f6v\u0151nk!\u201d \u00f6szt\u00f6nd\u00edj elnyer\u00e9s\u00e9re a 2026\/2027. tan\u00e9vre<\/strong><br><a href=\"https:\/\/www.salgotarjan.hu\/wp-content\/uploads\/palyazat_itt_van_az_otthonunk_jovonk_kiiras_20260306.pdf\" data-type=\"link\" data-id=\"https:\/\/www.salgotarjan.hu\/wp-content\/uploads\/palyazat_itt_van_az_otthonunk_jovonk_kiiras_20260306.pdf\" target=\"_blank\" rel=\"noreferrer noopener\">P\u00e1ly\u00e1zati felh\u00edv\u00e1s<\/a> (pdf)<br><a href=\"https:\/\/www.salgotarjan.hu\/wp-content\/uploads\/palyazat_itt_van_az_otthonunk_jovonk_adatlap_20260306.docx\" data-type=\"link\" data-id=\"https:\/\/www.salgotarjan.hu\/wp-content\/uploads\/palyazat_itt_van_az_otthonunk_jovonk_adatlap_20260306.docx\" target=\"_blank\" rel=\"noreferrer noopener\">P\u00e1ly\u00e1zati adatlap<\/a> (docx)<br>Hat\u00e1rid\u0151: 2026. szeptember 20.<\/p>\n\n\n\n<p><strong>P\u00e1ly\u00e1zati felh\u00edv\u00e1s a 2025\/2026. tan\u00e9vre az orsz\u00e1gos versenyhelyezett di\u00e1kok \u00e9s felk\u00e9sz\u00edt\u0151 tan\u00e1raik r\u00e9sz\u00e9re<br>adom\u00e1nyozhat\u00f3 elismer\u0151 c\u00edmek elnyer\u00e9s\u00e9re<\/strong><br><a href=\"https:\/\/www.salgotarjan.hu\/wp-content\/uploads\/palyazat_orszagos_versenyhelyezett_kiiras_20260306.pdf\" data-type=\"link\" data-id=\"https:\/\/www.salgotarjan.hu\/wp-content\/uploads\/palyazat_orszagos_versenyhelyezett_kiiras_20260306.pdf\" target=\"_blank\" rel=\"noreferrer noopener\">P\u00e1ly\u00e1zati felh\u00edv\u00e1s<\/a> (pdf)<br><a href=\"https:\/\/www.salgotarjan.hu\/wp-content\/uploads\/palyazat_orszagos_versenyhelyezett_kiiras_20260306.docx\" data-type=\"link\" data-id=\"https:\/\/www.salgotarjan.hu\/wp-content\/uploads\/palyazat_orszagos_versenyhelyezett_kiiras_20260306.docx\" target=\"_blank\" rel=\"noreferrer noopener\">P\u00e1ly\u00e1zati adatlap<\/a> (docx)<br>Hat\u00e1rid\u0151: 2026. m\u00e1jus. 10<\/p>\n\n\n\n<p><strong>Felh\u00edv\u00e1s salg\u00f3tarj\u00e1ni civil szervezetek t\u00e1mogat\u00e1s\u00e1ra<\/strong><br><a href=\"https:\/\/www.salgotarjan.hu\/wp-content\/uploads\/felhivas_civil_szervezetek_tamogatasara_20260303.pdf\" target=\"_blank\" rel=\"noreferrer noopener\">Felh\u00edv\u00e1s<\/a> (pdf)<br>Hat\u00e1rid\u0151: 2026. \u00e1prilis 30.<\/p>\n\n\n\n<p><strong>P\u00e1ly\u00e1zati ki\u00edr\u00e1s salg\u00f3tarj\u00e1ni sportszervezetek tev\u00e9kenys\u00e9g\u00e9nek, valamint a Salg\u00f3tarj\u00e1nban megval\u00f3s\u00edtand\u00f3 sportrendezv\u00e9nyek, szabadid\u0151sport rendezv\u00e9nyek 2026. \u00e9vi t\u00e1mogat\u00e1s\u00e1ra<\/strong><br><a href=\"https:\/\/www.salgotarjan.hu\/wp-content\/uploads\/palyazat_sportszervezetek_sportrendezvenyek_kiiras_20260304.pdf\" target=\"_blank\" rel=\"noreferrer noopener\">P\u00e1ly\u00e1zati ki\u00edr\u00e1s<\/a> (pdf)<br><a href=\"https:\/\/www.salgotarjan.hu\/wp-content\/uploads\/palyazat_sportszervezetek_adatlap_20260304.pdf\" data-type=\"link\" data-id=\"https:\/\/www.salgotarjan.hu\/wp-content\/uploads\/palyazat_sportszervezetek_adatlap_20260304.pdf\" target=\"_blank\" rel=\"noreferrer noopener\">P\u00e1ly\u00e1zati adatlap &#8211; sportszervezetek<\/a> (pdf)<br><a href=\"https:\/\/www.salgotarjan.hu\/wp-content\/uploads\/palyazat_sportrendezvenyek_adatlap_20260304.pdf\" data-type=\"link\" data-id=\"https:\/\/www.salgotarjan.hu\/wp-content\/uploads\/palyazat_sportrendezvenyek_adatlap_20260304.pdf\" target=\"_blank\" rel=\"noreferrer noopener\">P\u00e1ly\u00e1zati adatlap &#8211; sportrendezv\u00e9nyek<\/a> (pdf)<br><a href=\"https:\/\/www.salgotarjan.hu\/wp-content\/uploads\/palyazat_sportszervezetek_sportrendezvenyek_koltsegvetesi_tablazat_20260304.pdf\" data-type=\"link\" data-id=\"https:\/\/www.salgotarjan.hu\/wp-content\/uploads\/palyazat_sportszervezetek_sportrendezvenyek_koltsegvetesi_tablazat_20260304.pdf\" target=\"_blank\" rel=\"noreferrer noopener\">K\u00f6lts\u00e9gvet\u00e9si t\u00e1bl\u00e1zat<\/a> (pdf)<br>Hat\u00e1rid\u0151: 2026. m\u00e1rcius 31.<\/p>\n","protected":false},"excerpt":{"rendered":"<p>Folyamatos \u00f6nkorm\u00e1nyzati p\u00e1ly\u00e1zatok \u201eSzakembereket Salg\u00f3tarj\u00e1nba!\u201d p\u00e1ly\u00e1zatSalg\u00f3tarj\u00e1n Megyei Jog\u00fa V\u00e1ros \u00d6nkorm\u00e1nyzata \u201eSzakembereket Salg\u00f3tarj\u00e1nba!\u201d programr\u00f3l sz\u00f3l\u00f3 17\/2015. (IV.30.) \u00f6nkorm\u00e1nyzati rendelete alapj\u00e1n p\u00e1ly\u00e1zatot hirdet.P\u00e1ly\u00e1zati adatlap (pdf) Salg\u00f3tarj\u00e1n Megyei Jog\u00fa V\u00e1ros K\u00f6zgy\u0171l\u00e9se \u00e1ltal alap\u00edtott v\u00e1rosi kit\u00fcntet\u0151 c\u00edmek, d\u00edjakAdatlap kit\u00fcntet\u00e9si javaslathoz (pdf) P\u00e1ly\u00e1zat orvosok lakhat\u00e1si t\u00e1mogat\u00e1s\u00e1raP\u00e1ly\u00e1zati felh\u00edv\u00e1s \u00e9s kit\u00f6ltend\u0151 adatlap (pdf) P\u00e1ly\u00e1zat legal\u00e1bb 12 h\u00f3napja bet\u00f6ltetlen h\u00e1ziorvosi vagy fogorvosi k\u00f6rzetet &#8230; <a title=\"P\u00e1ly\u00e1zatok\" class=\"read-more\" href=\"https:\/\/www.salgotarjan.hu\/?page_id=829\" aria-label=\"Read more about P\u00e1ly\u00e1zatok\">Olvass tov\u00e1bb<\/a><\/p>\n","protected":false},"author":7,"featured_media":0,"parent":0,"menu_order":0,"comment_status":"closed","ping_status":"closed","template":"","meta":{"footnotes":""},"class_list":["post-829","page","type-page","status-publish"],"_links":{"self":[{"href":"https:\/\/www.salgotarjan.hu\/index.php?rest_route=\/wp\/v2\/pages\/829","targetHints":{"allow":["GET"]}}],"collection":[{"href":"https:\/\/www.salgotarjan.hu\/index.php?rest_route=\/wp\/v2\/pages"}],"about":[{"href":"https:\/\/www.salgotarjan.hu\/index.php?rest_route=\/wp\/v2\/types\/page"}],"author":[{"embeddable":true,"href":"https:\/\/www.salgotarjan.hu\/index.php?rest_route=\/wp\/v2\/users\/7"}],"replies":[{"embeddable":true,"href":"https:\/\/www.salgotarjan.hu\/index.php?rest_route=%2Fwp%2Fv2%2Fcomments&post=829"}],"version-history":[{"count":1,"href":"https:\/\/www.salgotarjan.hu\/index.php?rest_route=\/wp\/v2\/pages\/829\/revisions"}],"predecessor-version":[{"id":16854,"href":"https:\/\/www.salgotarjan.hu\/index.php?rest_route=\/wp\/v2\/pages\/829\/revisions\/16854"}],"wp:attachment":[{"href":"https:\/\/www.salgotarjan.hu\/index.php?rest_route=%2Fwp%2Fv2%2Fmedia&parent=829"}],"curies":[{"name":"wp","href":"https:\/\/api.w.org\/{rel}","templated":true}]}}

Pályázatok

<h2 class="wp-block-heading">Folyamatos önkormányzati pályázatok</h2>



<p><strong>„Szakembereket Salgótarjánba!” pályázat</strong><br>Salgótarján Megyei Jogú Város Önkormányzata „Szakembereket Salgótarjánba!” programról szóló <a href="https://www.kozadat.salgotarjan.hu/docs/news/242371.pdf" target="_blank" rel="noreferrer noopener">17/2015. (IV.30.) </a>önkormányzati rendelete alapján pályázatot hirdet.<br><a href="https://www.salgotarjan.hu/wp-content/uploads/palyazatok_20210624_szakembereket_salgotarjanba_adatlap.pdf" target="_blank" rel="noreferrer noopener">Pályázati adatlap</a> (pdf)</p>



<p><strong>Salgótarján Megyei Jogú Város Közgyűlése által alapított városi kitüntető címek, díjak</strong><br><a rel="noopener noreferrer" href="https://www.salgotarjan.hu/wp-content/uploads/palyazatok_20151220_varosi_kitunteto_cim.pdf" target="_blank">Adatlap kitüntetési javaslathoz</a> (pdf)</p>



<p><strong>Pályázat orvosok lakhatási támogatására</strong><br><a href="https://www.salgotarjan.hu/wp-content/uploads/palyazat_orvos_lakhatas_20251008.pdf" data-type="link" data-id="https://www.salgotarjan.hu/wp-content/uploads/palyazat_orvos_lakhatas_20251008.pdf" target="_blank" rel="noreferrer noopener">Pályázati felhívás és kitöltendő adatlap</a> (pdf)</p>



<p><strong>Pályázat legalább 12 hónapja betöltetlen háziorvosi vagy fogorvosi körzetet betöltő orvosok támogatására</strong><br><a href="https://www.salgotarjan.hu/wp-content/uploads/palyazat_orvos_betoltetlen_korzet_20251008.pdf" data-type="link" data-id="https://www.salgotarjan.hu/wp-content/uploads/palyazat_orvos_betoltetlen_korzet_20251008.pdf" target="_blank" rel="noreferrer noopener">Pályázati felhívás és kitöltendő adatlap</a> (pdf)</p>



<h2 class="wp-block-heading">Állások és egyéb határidős pályázatok</h2>



<p><strong>Pályázati felhívás „Itt van az otthonunk, itt van a jövőnk!” ösztöndíj elnyerésére a 2026/2027. tanévre</strong><br><a href="https://www.salgotarjan.hu/wp-content/uploads/palyazat_itt_van_az_otthonunk_jovonk_kiiras_20260306.pdf" data-type="link" data-id="https://www.salgotarjan.hu/wp-content/uploads/palyazat_itt_van_az_otthonunk_jovonk_kiiras_20260306.pdf" target="_blank" rel="noreferrer noopener">Pályázati felhívás</a> (pdf)<br><a href="https://www.salgotarjan.hu/wp-content/uploads/palyazat_itt_van_az_otthonunk_jovonk_adatlap_20260306.docx" data-type="link" data-id="https://www.salgotarjan.hu/wp-content/uploads/palyazat_itt_van_az_otthonunk_jovonk_adatlap_20260306.docx" target="_blank" rel="noreferrer noopener">Pályázati adatlap</a> (docx)<br>Határidő: 2026. szeptember 20.</p>



<p><strong>Pályázati felhívás a 2025/2026. tanévre az országos versenyhelyezett diákok és felkészítő tanáraik részére<br>adományozható elismerő címek elnyerésére</strong><br><a href="https://www.salgotarjan.hu/wp-content/uploads/palyazat_orszagos_versenyhelyezett_kiiras_20260306.pdf" data-type="link" data-id="https://www.salgotarjan.hu/wp-content/uploads/palyazat_orszagos_versenyhelyezett_kiiras_20260306.pdf" target="_blank" rel="noreferrer noopener">Pályázati felhívás</a> (pdf)<br><a href="https://www.salgotarjan.hu/wp-content/uploads/palyazat_orszagos_versenyhelyezett_kiiras_20260306.docx" data-type="link" data-id="https://www.salgotarjan.hu/wp-content/uploads/palyazat_orszagos_versenyhelyezett_kiiras_20260306.docx" target="_blank" rel="noreferrer noopener">Pályázati adatlap</a> (docx)<br>Határidő: 2026. május. 10</p>



<p><strong>Felhívás salgótarjáni civil szervezetek támogatására</strong><br><a href="https://www.salgotarjan.hu/wp-content/uploads/felhivas_civil_szervezetek_tamogatasara_20260303.pdf" target="_blank" rel="noreferrer noopener">Felhívás</a> (pdf)<br>Határidő: 2026. április 30.</p>



<p><strong>Pályázati kiírás salgótarjáni sportszervezetek tevékenységének, valamint a Salgótarjánban megvalósítandó sportrendezvények, szabadidősport rendezvények 2026. évi támogatására</strong><br><a href="https://www.salgotarjan.hu/wp-content/uploads/palyazat_sportszervezetek_sportrendezvenyek_kiiras_20260304.pdf" target="_blank" rel="noreferrer noopener">Pályázati kiírás</a> (pdf)<br><a href="https://www.salgotarjan.hu/wp-content/uploads/palyazat_sportszervezetek_adatlap_20260304.pdf" data-type="link" data-id="https://www.salgotarjan.hu/wp-content/uploads/palyazat_sportszervezetek_adatlap_20260304.pdf" target="_blank" rel="noreferrer noopener">Pályázati adatlap &#8211; sportszervezetek</a> (pdf)<br><a href="https://www.salgotarjan.hu/wp-content/uploads/palyazat_sportrendezvenyek_adatlap_20260304.pdf" data-type="link" data-id="https://www.salgotarjan.hu/wp-content/uploads/palyazat_sportrendezvenyek_adatlap_20260304.pdf" target="_blank" rel="noreferrer noopener">Pályázati adatlap &#8211; sportrendezvények</a> (pdf)<br><a href="https://www.salgotarjan.hu/wp-content/uploads/palyazat_sportszervezetek_sportrendezvenyek_koltsegvetesi_tablazat_20260304.pdf" data-type="link" data-id="https://www.salgotarjan.hu/wp-content/uploads/palyazat_sportszervezetek_sportrendezvenyek_koltsegvetesi_tablazat_20260304.pdf" target="_blank" rel="noreferrer noopener">Költségvetési táblázat</a> (pdf)<br>Határidő: 2026. március 31.</p>

<p>Folyamatos önkormányzati pályázatok „Szakembereket Salgótarjánba!” pályázatSalgótarján Megyei Jogú Város Önkormányzata „Szakembereket Salgótarjánba!” programról szóló 17/2015. (IV.30.) önkormányzati rendelete alapján pályázatot hirdet.Pályázati adatlap (pdf) Salgótarján Megyei Jogú Város Közgyűlése által alapított városi kitüntető címek, díjakAdatlap kitüntetési javaslathoz (pdf) Pályázat orvosok lakhatási támogatásáraPályázati felhívás és kitöltendő adatlap (pdf) Pályázat legalább 12 hónapja betöltetlen háziorvosi vagy fogorvosi körzetet &#8230; <a title="Pályázatok" class="read-more" href="https://www.salgotarjan.hu/?page_id=829" aria-label="Read more about Pályázatok">Olvass tovább</a></p>
