{"id":4947,"date":"2016-10-15T11:56:36","date_gmt":"2016-10-15T09:56:36","guid":{"rendered":"http:\/\/www.salgotarjan.hu\/?page_id=4947"},"modified":"2025-12-16T14:44:24","modified_gmt":"2025-12-16T13:44:24","slug":"eselyegyenloseg","status":"publish","type":"page","link":"https:\/\/www.salgotarjan.hu\/?page_id=4947","title":{"rendered":"Es\u00e9lyegyenl\u0151s\u00e9g"},"content":{"rendered":"\n<p>Helyi Es\u00e9lyegyenl\u0151s\u00e9gi Program 2023-2028 (pdf)<br><a href=\"https:\/\/www.salgotarjan.hu\/wp-content\/uploads\/eselyegyenloseg_20251216_helyi_eselyegyenlosegi_program.pdf\" data-type=\"link\" data-id=\"https:\/\/www.salgotarjan.hu\/wp-content\/uploads\/eselyegyenloseg_20251216_helyi_eselyegyenlosegi_program.pdf\" target=\"_blank\" rel=\"noreferrer noopener\">let\u00f6lt\u00e9s<\/a>\u00a0(pdf)<\/p>\n","protected":false},"excerpt":{"rendered":"<p>Helyi Es\u00e9lyegyenl\u0151s\u00e9gi Program 2023-2028 (pdf)let\u00f6lt\u00e9s\u00a0(pdf)<\/p>\n","protected":false},"author":7,"featured_media":0,"parent":0,"menu_order":0,"comment_status":"closed","ping_status":"closed","template":"","meta":{"footnotes":""},"class_list":["post-4947","page","type-page","status-publish"],"_links":{"self":[{"href":"https:\/\/www.salgotarjan.hu\/index.php?rest_route=\/wp\/v2\/pages\/4947","targetHints":{"allow":["GET"]}}],"collection":[{"href":"https:\/\/www.salgotarjan.hu\/index.php?rest_route=\/wp\/v2\/pages"}],"about":[{"href":"https:\/\/www.salgotarjan.hu\/index.php?rest_route=\/wp\/v2\/types\/page"}],"author":[{"embeddable":true,"href":"https:\/\/www.salgotarjan.hu\/index.php?rest_route=\/wp\/v2\/users\/7"}],"replies":[{"embeddable":true,"href":"https:\/\/www.salgotarjan.hu\/index.php?rest_route=%2Fwp%2Fv2%2Fcomments&post=4947"}],"version-history":[{"count":1,"href":"https:\/\/www.salgotarjan.hu\/index.php?rest_route=\/wp\/v2\/pages\/4947\/revisions"}],"predecessor-version":[{"id":16584,"href":"https:\/\/www.salgotarjan.hu\/index.php?rest_route=\/wp\/v2\/pages\/4947\/revisions\/16584"}],"wp:attachment":[{"href":"https:\/\/www.salgotarjan.hu\/index.php?rest_route=%2Fwp%2Fv2%2Fmedia&parent=4947"}],"curies":[{"name":"wp","href":"https:\/\/api.w.org\/{rel}","templated":true}]}}