{"id":4478,"date":"2016-07-28T09:50:15","date_gmt":"2016-07-28T07:50:15","guid":{"rendered":"http:\/\/www.salgotarjan.hu\/?page_id=4478"},"modified":"2016-12-02T20:27:25","modified_gmt":"2016-12-02T19:27:25","slug":"valasztasok-valasztasi-iroda-hirdetmenyei-2016-oktober-2-i-nepszavazas","status":"publish","type":"page","link":"https:\/\/www.salgotarjan.hu\/?page_id=4478","title":{"rendered":"V\u00e1laszt\u00e1sok \/ V\u00e1laszt\u00e1si iroda hirdetm\u00e9nyei \/ 2016. okt\u00f3ber 2-i n\u00e9pszavaz\u00e1s"},"content":{"rendered":"<p><a href=\"https:\/\/www.salgotarjan.hu\/wp-content\/uploads\/fajl_valasztasok_20160728_vi_hirdetmeny.pdf\">Hirdetm\u00e9ny<\/a> (2016.07.28.)<\/p>\n","protected":false},"excerpt":{"rendered":"<p>Hirdetm\u00e9ny (2016.07.28.)<\/p>\n","protected":false},"author":7,"featured_media":0,"parent":0,"menu_order":0,"comment_status":"closed","ping_status":"closed","template":"","meta":{"footnotes":""},"class_list":["post-4478","page","type-page","status-publish"],"_links":{"self":[{"href":"https:\/\/www.salgotarjan.hu\/index.php?rest_route=\/wp\/v2\/pages\/4478","targetHints":{"allow":["GET"]}}],"collection":[{"href":"https:\/\/www.salgotarjan.hu\/index.php?rest_route=\/wp\/v2\/pages"}],"about":[{"href":"https:\/\/www.salgotarjan.hu\/index.php?rest_route=\/wp\/v2\/types\/page"}],"author":[{"embeddable":true,"href":"https:\/\/www.salgotarjan.hu\/index.php?rest_route=\/wp\/v2\/users\/7"}],"replies":[{"embeddable":true,"href":"https:\/\/www.salgotarjan.hu\/index.php?rest_route=%2Fwp%2Fv2%2Fcomments&post=4478"}],"version-history":[{"count":3,"href":"https:\/\/www.salgotarjan.hu\/index.php?rest_route=\/wp\/v2\/pages\/4478\/revisions"}],"predecessor-version":[{"id":5270,"href":"https:\/\/www.salgotarjan.hu\/index.php?rest_route=\/wp\/v2\/pages\/4478\/revisions\/5270"}],"wp:attachment":[{"href":"https:\/\/www.salgotarjan.hu\/index.php?rest_route=%2Fwp%2Fv2%2Fmedia&parent=4478"}],"curies":[{"name":"wp","href":"https:\/\/api.w.org\/{rel}","templated":true}]}}

Választások / Választási iroda hirdetményei / 2016. október 2-i népszavazás

<p><a href="https://www.salgotarjan.hu/wp-content/uploads/fajl_valasztasok_20160728_vi_hirdetmeny.pdf">Hirdetmény</a> (2016.07.28.)</p>

<p>Hirdetmény (2016.07.28.)</p>
