{"id":30,"date":"2014-10-26T13:14:05","date_gmt":"2014-10-26T12:14:05","guid":{"rendered":"http:\/\/www.salgotarjan.hu\/?page_id=30"},"modified":"2026-02-21T12:08:16","modified_gmt":"2026-02-21T11:08:16","slug":"varoshaza","status":"publish","type":"page","link":"https:\/\/www.salgotarjan.hu\/?page_id=30","title":{"rendered":"Polg\u00e1rmesteri hivatal el\u00e9rhet\u0151s\u00e9gek \u00e9s \u00fcgyf\u00e9lfogad\u00e1s"},"content":{"rendered":"\n<h2 class=\"wp-block-heading has-text-color\" id=\"elerhetosegek\" style=\"color:#52ae30\">El\u00e9rhet\u0151s\u00e9gek<\/h2>\n\n\n\n<p><strong>Salg\u00f3tarj\u00e1n Megyei Jog\u00fa V\u00e1ros Polg\u00e1rmesteri Hivatala<\/strong><br>C\u00edm: 3100 Salg\u00f3tarj\u00e1n, M\u00fazeum t\u00e9r 1.<br>Telefonsz\u00e1m: <a href=\"tel:+3632417255\">+36 32 417-255<\/a><br><a href=\"https:\/\/www.salgotarjan.hu\/wp-content\/uploads\/polgarmesterihivatal_20260127_telefonkonyv.pdf\" data-type=\"link\" data-id=\"https:\/\/www.salgotarjan.hu\/wp-content\/uploads\/polgarmesterihivatal_20260127_telefonkonyv.pdf\" target=\"_blank\" rel=\"noreferrer noopener\">Telefonk\u00f6nyv<\/a> (pdf)<\/p>\n\n\n\n<p><strong>K\u00f6zvil\u00e1g\u00edt\u00e1s hibabejelent\u00e9s:<\/strong><br><a href=\"mailto:kozvil@salgotarjan.hu\">kozvil@salgotarjan.hu<\/a><\/p>\n\n\n\n<p><strong>A Polg\u00e1rmesteri Hivatal \u00e1ltal\u00e1nos munkarendje:<\/strong><br>H\u00e9tf\u0151-Cs\u00fct\u00f6rt\u00f6k: 07:45 \u2013 16:15<br>P\u00e9ntek: 07:45 \u2013 13:45<br>\u00dcgyf\u00e9lfogad\u00e1si id\u0151: <a href=\"https:\/\/www.salgotarjan.hu\/?page_id=30#ugyfelfogadas\">l\u00e1sd lent<\/a><\/p>\n\n\n\n<p><strong>Jegyz\u0151:<\/strong><br>dr. Fodor Enik\u0151<br>Telefon: +36 32 522-950<br>e-mail: <a href=\"mailto:jegyzo@salgotarjan.hu\">jegyzo@salgotarjan.hu<\/a><\/p>\n\n\n\n<p><strong>Aljegyz\u0151:<\/strong><br>dr. Romh\u00e1nyi Katalin<br>Telefon: +36 32 522-950<br>Email: <a href=\"mailto:aljegyzo@salgotarjan.hu\">aljegyzo@salgotarjan.hu<\/a><\/p>\n\n\n\n<p><strong>Salg\u00f3tarj\u00e1n Megyei Jog\u00fa V\u00e1ros Polg\u00e1rmesteri Hivatala adatv\u00e9delmi tisztvisel\u0151je:<\/strong><br>Kov\u00e1cs Kriszti\u00e1n<br>SMJV PH Hum\u00e1nszolg\u00e1ltat\u00e1si \u00e9s Szervez\u00e9si Irod\u00e1ja (I. emelet 105. iroda)<br>Telefon: +36 32 417 255 \/ 208 mell\u00e9k<br>Email: <a href=\"mailto:kovacs.krisztian@salgotarjan.hu\">kovacs.krisztian@salgotarjan.hu<\/a><\/p>\n\n\n\n<h2 class=\"wp-block-heading has-text-color\" id=\"ugyfelfogadas\" style=\"color:#52ae30\">\u00dcgyf\u00e9lfogad\u00e1s<\/h2>\n\n\n\n<p><strong>\u00c1ltal\u00e1nos \u00fcgyf\u00e9lfogad\u00e1si rend<\/strong>:<br>H\u00e9tf\u0151: 08:00 \u2013 12:00<br>Szerda: 08:00 \u2013 12:00 \u00e9s 13:00 \u2013 16:00<br>P\u00e9ntek: 08:00 \u2013 12:00<\/p>\n\n\n\n<p><strong>A Polg\u00e1rmesteri Hivatal bels\u0151 szervezeti egys\u00e9gei vezet\u0151inek \u00fcgyf\u00e9lfogad\u00e1sa:<\/strong><br>Szerda: 08:00 \u2013 12:00 \u00e9s 13:00 \u2013 16:00<\/p>\n\n\n\n<p><strong>Szervezeti egys\u00e9gek \u00fcgyf\u00e9lfogad\u00e1si rendje:<\/strong><\/p>\n\n\n\n<ul class=\"wp-block-list\">\n<li><strong>Hum\u00e1nszolg\u00e1ltat\u00e1si \u00e9s Szervez\u00e9si Iroda<\/strong> <br>Irodavezet\u0151: G\u00f6r\u00f6csn\u00e9 God\u00f3 Orsolya<br>Irodavezet\u0151-helyettes: P\u00e1l Eszter<br>telefon: +36 32\/522-922<br>e-mail: <a href=\"mailto:human@salgotarjan.hu\">human@salgotarjan.hu<\/a><br><strong><em>\u00dcgyf\u00e9lfogad\u00e1s<\/em>:<\/strong><br>H\u00e9tf\u0151: 08:00 \u2013 12:00<br>Szerda: 08:00 \u2013 12:00 \u00e9s 13:00 \u2013 16:00<br>P\u00e9ntek: 08:00 \u2013 12:00<\/li>\n<\/ul>\n\n\n\n<ul class=\"wp-block-list\">\n<li><strong>V\u00e1rosfejleszt\u00e9si Iroda<\/strong><br>irodavezet\u0151: Par\u00e1di-\u00d3zsv\u00e1rth Vivien<br>irodavezet\u0151-helyettes: Gregus P\u00e9ter<br>telefon: 06-32\/422-395<br>e-mail: <a href=\"mailto:varosfejlesztes@salgotarjan.hu\">varosfejlesztes@salgotarjan.hu<\/a><br><strong><em>\u00dcgyf\u00e9lfogad\u00e1s:<\/em><\/strong><br>H\u00e9tf\u0151: 08:00 \u2013 12:00<br>Szerda: 08:00 \u2013 12:00 \u00e9s 13:00 \u2013 16:00<br>P\u00e9ntek: 08:00 \u2013 12:00<\/li>\n<\/ul>\n\n\n\n<ul class=\"wp-block-list\">\n<li><strong>V\u00e1ros\u00fczemeltet\u00e9si Iroda<\/strong><br>irodavezet\u0151: dr. T\u00f3th M\u00e1rton<br>irodavezet\u0151-helyettes: P\u00e1l Szabolcs<br>telefon: 06-32\/522-912<br>e-mail: <a href=\"mailto:uzemeltetes@salgotarjan.hu\">uzemeltetes@salgotarjan.hu<\/a><br><strong><em>\u00dcgyf\u00e9lfogad\u00e1s:<\/em><\/strong><br>H\u00e9tf\u0151: 08:00 \u2013 12:00<br>Szerda: 08:00 \u2013 12:00 \u00e9s 13:00 \u2013 16:00<br>P\u00e9ntek: 08:00 \u2013 12:00<\/li>\n<\/ul>\n\n\n\n<ul class=\"wp-block-list\">\n<li><strong>Ad\u00f3hat\u00f3s\u00e1gi Iroda<\/strong><br>irodavezet\u0151: Araczki L\u00e1szl\u00f3<br>irodavezet\u0151-helyettes: Filkorn\u00e9 Hollandi Krisztina<br>telefon: 06-32\/422-384<br>e-mail: <a href=\"mailto:adohat@salgotarjan.hu\">adohat@salgotarjan.hu<\/a><br><strong><em>\u00dcgyf\u00e9lfogad\u00e1s:<\/em><\/strong><br>Kedd: 08:00 \u2013 12:00<br>Cs\u00fct\u00f6rt\u00f6k: 12:00 \u2013 16:00<\/li>\n<\/ul>\n\n\n\n<ul class=\"wp-block-list\">\n<li><strong>K\u00f6zgazdas\u00e1gi Iroda<\/strong><br>irodavezet\u0151: J\u00f3na Zsuzsanna<br>irodavezet\u0151-helyettes: Szadlon Nikoletta<br>telefon: 06-32\/314-315<br>e-mail: <a href=\"mailto:kozgazd@salgotarjan.hu\">kozgazd@salgotarjan.hu<\/a><br><strong><em>\u00dcgyf\u00e9lfogad\u00e1s:<\/em><\/strong><br>H\u00e9tf\u0151: 08:00 \u2013 12:00<br>Szerda: 08:00 \u2013 12:00 \u00e9s 13:00 \u2013 16:00<br>P\u00e9ntek: 08:00 \u2013 12:00<\/li>\n<\/ul>\n\n\n\n<ul class=\"wp-block-list\">\n<li><strong>Hat\u00f3s\u00e1gi Iroda<\/strong><br>irodavezet\u0151: Nyilas D\u00e1niel<br>irodavezet\u0151-helyettes: T\u00f3th Szabolcs<br>telefon: 06-32\/422-397 <br>Vaddiszn\u00f3kkal kapcsolatos bejelent\u00e9s: +36 32 422-397<br>e-mail: <a href=\"mailto:hatosag@salgotarjan.hu\">hatosag@salgotarjan.hu<\/a><br><strong><em>\u00dcgyf\u00e9lfogad\u00e1s:<\/em><\/strong><br>H\u00e9tf\u0151: 08:00 \u2013 12:00<br>Szerda: 12:00 \u2013 16:00<br>P\u00e9ntek: 08:00 \u2013 12:00<br>A Polg\u00e1rmesteri Hivatal Hat\u00f3s\u00e1gi Irod\u00e1j\u00e1nak anyak\u00f6nyvi r\u00e9szlege munkaid\u0151n k\u00edv\u00fcl \u2013 munkasz\u00fcneti napok kiv\u00e9tel\u00e9vel \u2013, heti szabad- \u00e9s pihen\u0151napokon is ell\u00e1tja a csal\u00e1di esem\u00e9nyek rendez\u00e9s\u00e9vel kapcsolatos feladatokat.<\/li>\n<\/ul>\n\n\n\n<p><strong>A Polg\u00e1rmesteri Hivatal f\u00f6ldszinti \u00fcgyf\u00e9lszolg\u00e1lat\u00e1n \u2013 gyermekv\u00e9delmi- \u00e9s szoci\u00e1lis ell\u00e1t\u00e1sok ig\u00e9nyl\u00e9s\u00e9t \u00e9rint\u0151en \u2013 az \u00fcgyf\u00e9lfogad\u00e1si rend:<\/strong><br>H\u00e9tf\u0151: 8:00 \u2013 12:00<br>Szerda: 12:00 \u2013 16:00<br>P\u00e9ntek: 8:00 \u2013 12:00<\/p>\n\n\n\n<p><strong>Salg\u00f3tarj\u00e1n Megyei Jog\u00fa V\u00e1ros Roma Nemzetis\u00e9gi \u00d6nkorm\u00e1nyzata<\/strong><br>c\u00edm: 3100 Salg\u00f3tarj\u00e1n, Bajcsy-Zsilinszki \u00fat 16.<\/p>\n","protected":false},"excerpt":{"rendered":"<p>El\u00e9rhet\u0151s\u00e9gek Salg\u00f3tarj\u00e1n Megyei Jog\u00fa V\u00e1ros Polg\u00e1rmesteri HivatalaC\u00edm: 3100 Salg\u00f3tarj\u00e1n, M\u00fazeum t\u00e9r 1.Telefonsz\u00e1m: +36 32 417-255Telefonk\u00f6nyv (pdf) K\u00f6zvil\u00e1g\u00edt\u00e1s hibabejelent\u00e9s:kozvil@salgotarjan.hu A Polg\u00e1rmesteri Hivatal \u00e1ltal\u00e1nos munkarendje:H\u00e9tf\u0151-Cs\u00fct\u00f6rt\u00f6k: 07:45 \u2013 16:15P\u00e9ntek: 07:45 \u2013 13:45\u00dcgyf\u00e9lfogad\u00e1si id\u0151: l\u00e1sd lent Jegyz\u0151:dr. Fodor Enik\u0151Telefon: +36 32 522-950e-mail: jegyzo@salgotarjan.hu Aljegyz\u0151:dr. Romh\u00e1nyi KatalinTelefon: +36 32 522-950Email: aljegyzo@salgotarjan.hu Salg\u00f3tarj\u00e1n Megyei Jog\u00fa V\u00e1ros Polg\u00e1rmesteri Hivatala adatv\u00e9delmi tisztvisel\u0151je:Kov\u00e1cs Kriszti\u00e1nSMJV &#8230; <a title=\"Polg\u00e1rmesteri hivatal el\u00e9rhet\u0151s\u00e9gek \u00e9s \u00fcgyf\u00e9lfogad\u00e1s\" class=\"read-more\" href=\"https:\/\/www.salgotarjan.hu\/?page_id=30\" aria-label=\"Read more about Polg\u00e1rmesteri hivatal el\u00e9rhet\u0151s\u00e9gek \u00e9s \u00fcgyf\u00e9lfogad\u00e1s\">Olvass tov\u00e1bb<\/a><\/p>\n","protected":false},"author":7,"featured_media":0,"parent":0,"menu_order":0,"comment_status":"closed","ping_status":"open","template":"","meta":{"footnotes":""},"class_list":["post-30","page","type-page","status-publish"],"_links":{"self":[{"href":"https:\/\/www.salgotarjan.hu\/index.php?rest_route=\/wp\/v2\/pages\/30","targetHints":{"allow":["GET"]}}],"collection":[{"href":"https:\/\/www.salgotarjan.hu\/index.php?rest_route=\/wp\/v2\/pages"}],"about":[{"href":"https:\/\/www.salgotarjan.hu\/index.php?rest_route=\/wp\/v2\/types\/page"}],"author":[{"embeddable":true,"href":"https:\/\/www.salgotarjan.hu\/index.php?rest_route=\/wp\/v2\/users\/7"}],"replies":[{"embeddable":true,"href":"https:\/\/www.salgotarjan.hu\/index.php?rest_route=%2Fwp%2Fv2%2Fcomments&post=30"}],"version-history":[{"count":1,"href":"https:\/\/www.salgotarjan.hu\/index.php?rest_route=\/wp\/v2\/pages\/30\/revisions"}],"predecessor-version":[{"id":16761,"href":"https:\/\/www.salgotarjan.hu\/index.php?rest_route=\/wp\/v2\/pages\/30\/revisions\/16761"}],"wp:attachment":[{"href":"https:\/\/www.salgotarjan.hu\/index.php?rest_route=%2Fwp%2Fv2%2Fmedia&parent=30"}],"curies":[{"name":"wp","href":"https:\/\/api.w.org\/{rel}","templated":true}]}}