{"id":2929,"date":"2015-12-14T19:05:24","date_gmt":"2015-12-14T18:05:24","guid":{"rendered":"http:\/\/www.salgotarjan.hu\/?page_id=2929"},"modified":"2023-05-24T11:57:47","modified_gmt":"2023-05-24T09:57:47","slug":"valasztasi-informaciok-valasztasi-bizottsag-hirdetmenyei","status":"publish","type":"page","link":"https:\/\/www.salgotarjan.hu\/?page_id=2929","title":{"rendered":"V\u00e1laszt\u00e1sok \/ V\u00e1laszt\u00e1si bizotts\u00e1g hirdetm\u00e9nyei"},"content":{"rendered":"\n<p><a href=\"https:\/\/www.salgotarjan.hu\/?page_id=14082\">2023. Helyi V\u00e1laszt\u00e1si Bizotts\u00e1g hirdetm\u00e9nyei<\/a><\/p>\n\n\n\n<p><a href=\"https:\/\/www.salgotarjan.hu\/?page_id=13012\">2022. Helyi V\u00e1laszt\u00e1si Bizotts\u00e1g hirdetm\u00e9nyei<\/a><\/p>\n\n\n\n<p><a href=\"https:\/\/www.salgotarjan.hu\/?page_id=12758\">2022. \u00e9vi orsz\u00e1ggy\u0171l\u00e9si v\u00e1laszt\u00e1sok<\/a><\/p>\n\n\n\n<p><a href=\"https:\/\/www.salgotarjan.hu\/?page_id=11111\">2020. \u00e9vi id\u0151k\u00f6zi helyi \u00f6nkorm\u00e1nyzati v\u00e1laszt\u00e1s ( szeptember 6. )<\/a><\/p>\n\n\n\n<p><a href=\"https:\/\/www.salgotarjan.hu\/?page_id=10519\">2020. \u00e9vi id\u0151k\u00f6zi helyi \u00f6nkorm\u00e1nyzati v\u00e1laszt\u00e1s ( \u00e1prilis 5. )<\/a><\/p>\n\n\n\n<p><a href=\"https:\/\/www.salgotarjan.hu\/?page_id=10054\">2019.<\/a><\/p>\n","protected":false},"excerpt":{"rendered":"<p>2023. Helyi V\u00e1laszt\u00e1si Bizotts\u00e1g hirdetm\u00e9nyei 2022. Helyi V\u00e1laszt\u00e1si Bizotts\u00e1g hirdetm\u00e9nyei 2022. \u00e9vi orsz\u00e1ggy\u0171l\u00e9si v\u00e1laszt\u00e1sok 2020. \u00e9vi id\u0151k\u00f6zi helyi \u00f6nkorm\u00e1nyzati v\u00e1laszt\u00e1s ( szeptember 6. ) 2020. \u00e9vi id\u0151k\u00f6zi helyi \u00f6nkorm\u00e1nyzati v\u00e1laszt\u00e1s ( \u00e1prilis 5. ) 2019.<\/p>\n","protected":false},"author":7,"featured_media":0,"parent":0,"menu_order":0,"comment_status":"closed","ping_status":"closed","template":"","meta":{"footnotes":""},"class_list":["post-2929","page","type-page","status-publish"],"_links":{"self":[{"href":"https:\/\/www.salgotarjan.hu\/index.php?rest_route=\/wp\/v2\/pages\/2929","targetHints":{"allow":["GET"]}}],"collection":[{"href":"https:\/\/www.salgotarjan.hu\/index.php?rest_route=\/wp\/v2\/pages"}],"about":[{"href":"https:\/\/www.salgotarjan.hu\/index.php?rest_route=\/wp\/v2\/types\/page"}],"author":[{"embeddable":true,"href":"https:\/\/www.salgotarjan.hu\/index.php?rest_route=\/wp\/v2\/users\/7"}],"replies":[{"embeddable":true,"href":"https:\/\/www.salgotarjan.hu\/index.php?rest_route=%2Fwp%2Fv2%2Fcomments&post=2929"}],"version-history":[{"count":1,"href":"https:\/\/www.salgotarjan.hu\/index.php?rest_route=\/wp\/v2\/pages\/2929\/revisions"}],"predecessor-version":[{"id":14084,"href":"https:\/\/www.salgotarjan.hu\/index.php?rest_route=\/wp\/v2\/pages\/2929\/revisions\/14084"}],"wp:attachment":[{"href":"https:\/\/www.salgotarjan.hu\/index.php?rest_route=%2Fwp%2Fv2%2Fmedia&parent=2929"}],"curies":[{"name":"wp","href":"https:\/\/api.w.org\/{rel}","templated":true}]}}