{"id":2925,"date":"2015-12-14T19:03:04","date_gmt":"2015-12-14T18:03:04","guid":{"rendered":"http:\/\/www.salgotarjan.hu\/?page_id=2925"},"modified":"2023-05-24T12:00:46","modified_gmt":"2023-05-24T10:00:46","slug":"valasztasi-informaciok-valasztasi-bizottsag-dontesei","status":"publish","type":"page","link":"https:\/\/www.salgotarjan.hu\/?page_id=2925","title":{"rendered":"V\u00e1laszt\u00e1sok \/ V\u00e1laszt\u00e1si bizotts\u00e1g d\u00f6nt\u00e9sei"},"content":{"rendered":"\n<p><a href=\"https:\/\/www.salgotarjan.hu\/?page_id=14088\">2023. Helyi V\u00e1laszt\u00e1si Bizotts\u00e1g d\u00f6nt\u00e9sei<\/a><\/p>\n\n\n\n<p><a href=\"https:\/\/www.salgotarjan.hu\/?page_id=13009\">2022. Helyi V\u00e1laszt\u00e1si Bizotts\u00e1g d\u00f6nt\u00e9sei<\/a><\/p>\n\n\n\n<p><a href=\"https:\/\/www.salgotarjan.hu\/?page_id=12747\">2022. \u00e9vi orsz\u00e1ggy\u0171l\u00e9si v\u00e1laszt\u00e1sok<\/a><\/p>\n\n\n\n<p><a href=\"https:\/\/www.salgotarjan.hu\/?page_id=11104\">2020. \u00e9vi id\u0151k\u00f6zi helyi \u00f6nkorm\u00e1nyzati v\u00e1laszt\u00e1s ( szeptember 6. )<\/a><\/p>\n\n\n\n<p><a href=\"https:\/\/www.salgotarjan.hu\/?page_id=10515\">2020. \u00e9vi id\u0151k\u00f6zi helyi \u00f6nkorm\u00e1nyzati v\u00e1laszt\u00e1s ( \u00e1prilis 5. )<\/a><\/p>\n\n\n\n<p><a href=\"https:\/\/www.salgotarjan.hu\/?page_id=9974\">2019 \u00e9vi helyi \u00f6nkorm\u00e1nyzati k\u00e9pvisel\u0151k \u00e9s polg\u00e1rmesterek, nemzetis\u00e9gi \u00f6nkorm\u00e1nyzati k\u00e9pvisel\u0151k v\u00e1laszt\u00e1sa<\/a><\/p>\n\n\n\n<p><a href=\"https:\/\/www.salgotarjan.hu\/?page_id=7562\">2018. \u00e9vi orsz\u00e1ggy\u0171l\u00e9si k\u00e9pvisel\u0151-v\u00e1laszt\u00e1s<\/a><\/p>\n\n\n\n<p><a href=\"https:\/\/www.salgotarjan.hu\/?page_id=6991\">2017. Helyi V\u00e1laszt\u00e1si Bizotts\u00e1g<\/a><\/p>\n","protected":false},"excerpt":{"rendered":"<p>2023. Helyi V\u00e1laszt\u00e1si Bizotts\u00e1g d\u00f6nt\u00e9sei 2022. Helyi V\u00e1laszt\u00e1si Bizotts\u00e1g d\u00f6nt\u00e9sei 2022. \u00e9vi orsz\u00e1ggy\u0171l\u00e9si v\u00e1laszt\u00e1sok 2020. \u00e9vi id\u0151k\u00f6zi helyi \u00f6nkorm\u00e1nyzati v\u00e1laszt\u00e1s ( szeptember 6. ) 2020. \u00e9vi id\u0151k\u00f6zi helyi \u00f6nkorm\u00e1nyzati v\u00e1laszt\u00e1s ( \u00e1prilis 5. ) 2019 \u00e9vi helyi \u00f6nkorm\u00e1nyzati k\u00e9pvisel\u0151k \u00e9s polg\u00e1rmesterek, nemzetis\u00e9gi \u00f6nkorm\u00e1nyzati k\u00e9pvisel\u0151k v\u00e1laszt\u00e1sa 2018. \u00e9vi orsz\u00e1ggy\u0171l\u00e9si k\u00e9pvisel\u0151-v\u00e1laszt\u00e1s 2017. Helyi V\u00e1laszt\u00e1si Bizotts\u00e1g<\/p>\n","protected":false},"author":7,"featured_media":0,"parent":0,"menu_order":0,"comment_status":"closed","ping_status":"closed","template":"","meta":{"footnotes":""},"class_list":["post-2925","page","type-page","status-publish"],"_links":{"self":[{"href":"https:\/\/www.salgotarjan.hu\/index.php?rest_route=\/wp\/v2\/pages\/2925","targetHints":{"allow":["GET"]}}],"collection":[{"href":"https:\/\/www.salgotarjan.hu\/index.php?rest_route=\/wp\/v2\/pages"}],"about":[{"href":"https:\/\/www.salgotarjan.hu\/index.php?rest_route=\/wp\/v2\/types\/page"}],"author":[{"embeddable":true,"href":"https:\/\/www.salgotarjan.hu\/index.php?rest_route=\/wp\/v2\/users\/7"}],"replies":[{"embeddable":true,"href":"https:\/\/www.salgotarjan.hu\/index.php?rest_route=%2Fwp%2Fv2%2Fcomments&post=2925"}],"version-history":[{"count":1,"href":"https:\/\/www.salgotarjan.hu\/index.php?rest_route=\/wp\/v2\/pages\/2925\/revisions"}],"predecessor-version":[{"id":14091,"href":"https:\/\/www.salgotarjan.hu\/index.php?rest_route=\/wp\/v2\/pages\/2925\/revisions\/14091"}],"wp:attachment":[{"href":"https:\/\/www.salgotarjan.hu\/index.php?rest_route=%2Fwp%2Fv2%2Fmedia&parent=2925"}],"curies":[{"name":"wp","href":"https:\/\/api.w.org\/{rel}","templated":true}]}}

Választások / Választási bizottság döntései

<p><a href="https://www.salgotarjan.hu/?page_id=14088">2023. Helyi Választási Bizottság döntései</a></p>



<p><a href="https://www.salgotarjan.hu/?page_id=13009">2022. Helyi Választási Bizottság döntései</a></p>



<p><a href="https://www.salgotarjan.hu/?page_id=12747">2022. évi országgyűlési választások</a></p>



<p><a href="https://www.salgotarjan.hu/?page_id=11104">2020. évi időközi helyi önkormányzati választás ( szeptember 6. )</a></p>



<p><a href="https://www.salgotarjan.hu/?page_id=10515">2020. évi időközi helyi önkormányzati választás ( április 5. )</a></p>



<p><a href="https://www.salgotarjan.hu/?page_id=9974">2019 évi helyi önkormányzati képviselők és polgármesterek, nemzetiségi önkormányzati képviselők választása</a></p>



<p><a href="https://www.salgotarjan.hu/?page_id=7562">2018. évi országgyűlési képviselő-választás</a></p>



<p><a href="https://www.salgotarjan.hu/?page_id=6991">2017. Helyi Választási Bizottság</a></p>

<p>2023. Helyi Választási Bizottság döntései 2022. Helyi Választási Bizottság döntései 2022. évi országgyűlési választások 2020. évi időközi helyi önkormányzati választás ( szeptember 6. ) 2020. évi időközi helyi önkormányzati választás ( április 5. ) 2019 évi helyi önkormányzati képviselők és polgármesterek, nemzetiségi önkormányzati képviselők választása 2018. évi országgyűlési képviselő-választás 2017. Helyi Választási Bizottság</p>
