{"id":260,"date":"2014-11-11T11:10:32","date_gmt":"2014-11-11T10:10:32","guid":{"rendered":"http:\/\/www.salgotarjan.hu\/?page_id=260"},"modified":"2016-04-10T12:16:43","modified_gmt":"2016-04-10T11:16:43","slug":"impresszum","status":"publish","type":"page","link":"https:\/\/www.salgotarjan.hu\/?page_id=260","title":{"rendered":"Impresszum"},"content":{"rendered":"<p>www.salgotarjan.hu<br \/>\nSalg\u00f3tarj\u00e1n Megyei Jog\u00fa V\u00e1ros hivatalos honlapja<\/p>\n<p><strong>Kiadja:<\/strong><br \/>\nSalg\u00f3tarj\u00e1n Megyei Jog\u00fa V\u00e1ros \u00d6nkorm\u00e1nyzata<\/p>\n<p><strong>C\u00edm:<\/strong><br \/>\nSalg\u00f3tarj\u00e1n Megyei Jog\u00fa V\u00e1ros, Polg\u00e1rmesteri Kabinet<br \/>\n3100 Salg\u00f3tarj\u00e1n, M\u00fazeum t\u00e9r 1.<\/p>\n<p>A salgotarjan.hu port\u00e1lon k\u00f6z\u00f6lt anyagok \u00e9s fot\u00f3k Salg\u00f3tarj\u00e1n Megyei Jog\u00fa V\u00e1ros \u00d6nkorm\u00e1nyzat\u00e1nak tulajdon\u00e1t k\u00e9pezik, kiv\u00e9ve amelyekn\u00e9l a forr\u00e1s k\u00fcl\u00f6n megjel\u00f6l\u00e9sre ker\u00fclt. A port\u00e1l oldalainak tartalma szerz\u0151i jogv\u00e9delem alatt \u00e1ll, \u00e9rtes\u00fcl\u00e9seket \u00e1tvenni csak a forr\u00e1sra val\u00f3 hivatkoz\u00e1ssal lehet. Tilos az oldalon szerepl\u0151 tartalmak elektronikus t\u00e1rol\u00e1sa, b\u00e1rmilyen form\u00e1tumban t\u00f6rt\u00e9n\u0151 feldolgoz\u00e1sa \u00e9s \u00e9rt\u00e9kes\u00edt\u00e9se a kiad\u00f3 el\u0151zetes \u00edr\u00e1sos hozz\u00e1j\u00e1rul\u00e1sa n\u00e9lk\u00fcl.<\/p>\n","protected":false},"excerpt":{"rendered":"<p>www.salgotarjan.hu Salg\u00f3tarj\u00e1n Megyei Jog\u00fa V\u00e1ros hivatalos honlapja Kiadja: Salg\u00f3tarj\u00e1n Megyei Jog\u00fa V\u00e1ros \u00d6nkorm\u00e1nyzata C\u00edm: Salg\u00f3tarj\u00e1n Megyei Jog\u00fa V\u00e1ros, Polg\u00e1rmesteri Kabinet 3100 Salg\u00f3tarj\u00e1n, M\u00fazeum t\u00e9r 1. A salgotarjan.hu port\u00e1lon k\u00f6z\u00f6lt anyagok \u00e9s fot\u00f3k Salg\u00f3tarj\u00e1n Megyei Jog\u00fa V\u00e1ros \u00d6nkorm\u00e1nyzat\u00e1nak tulajdon\u00e1t k\u00e9pezik, kiv\u00e9ve amelyekn\u00e9l a forr\u00e1s k\u00fcl\u00f6n megjel\u00f6l\u00e9sre ker\u00fclt. A port\u00e1l oldalainak tartalma szerz\u0151i jogv\u00e9delem alatt \u00e1ll, \u00e9rtes\u00fcl\u00e9seket &#8230; <a title=\"Impresszum\" class=\"read-more\" href=\"https:\/\/www.salgotarjan.hu\/?page_id=260\" aria-label=\"Read more about Impresszum\">Olvass tov\u00e1bb<\/a><\/p>\n","protected":false},"author":7,"featured_media":0,"parent":0,"menu_order":0,"comment_status":"closed","ping_status":"open","template":"","meta":{"footnotes":""},"class_list":["post-260","page","type-page","status-publish"],"_links":{"self":[{"href":"https:\/\/www.salgotarjan.hu\/index.php?rest_route=\/wp\/v2\/pages\/260","targetHints":{"allow":["GET"]}}],"collection":[{"href":"https:\/\/www.salgotarjan.hu\/index.php?rest_route=\/wp\/v2\/pages"}],"about":[{"href":"https:\/\/www.salgotarjan.hu\/index.php?rest_route=\/wp\/v2\/types\/page"}],"author":[{"embeddable":true,"href":"https:\/\/www.salgotarjan.hu\/index.php?rest_route=\/wp\/v2\/users\/7"}],"replies":[{"embeddable":true,"href":"https:\/\/www.salgotarjan.hu\/index.php?rest_route=%2Fwp%2Fv2%2Fcomments&post=260"}],"version-history":[{"count":4,"href":"https:\/\/www.salgotarjan.hu\/index.php?rest_route=\/wp\/v2\/pages\/260\/revisions"}],"predecessor-version":[{"id":3741,"href":"https:\/\/www.salgotarjan.hu\/index.php?rest_route=\/wp\/v2\/pages\/260\/revisions\/3741"}],"wp:attachment":[{"href":"https:\/\/www.salgotarjan.hu\/index.php?rest_route=%2Fwp%2Fv2%2Fmedia&parent=260"}],"curies":[{"name":"wp","href":"https:\/\/api.w.org\/{rel}","templated":true}]}}

<p>www.salgotarjan.hu<br />
Salgótarján Megyei Jogú Város hivatalos honlapja</p>
<p><strong>Kiadja:</strong><br />
Salgótarján Megyei Jogú Város Önkormányzata</p>
<p><strong>Cím:</strong><br />
Salgótarján Megyei Jogú Város, Polgármesteri Kabinet<br />
3100 Salgótarján, Múzeum tér 1.</p>
<p>A salgotarjan.hu portálon közölt anyagok és fotók Salgótarján Megyei Jogú Város Önkormányzatának tulajdonát képezik, kivéve amelyeknél a forrás külön megjelölésre került. A portál oldalainak tartalma szerzői jogvédelem alatt áll, értesüléseket átvenni csak a forrásra való hivatkozással lehet. Tilos az oldalon szereplő tartalmak elektronikus tárolása, bármilyen formátumban történő feldolgozása és értékesítése a kiadó előzetes írásos hozzájárulása nélkül.</p>

<p>www.salgotarjan.hu Salgótarján Megyei Jogú Város hivatalos honlapja Kiadja: Salgótarján Megyei Jogú Város Önkormányzata Cím: Salgótarján Megyei Jogú Város, Polgármesteri Kabinet 3100 Salgótarján, Múzeum tér 1. A salgotarjan.hu portálon közölt anyagok és fotók Salgótarján Megyei Jogú Város Önkormányzatának tulajdonát képezik, kivéve amelyeknél a forrás külön megjelölésre került. A portál oldalainak tartalma szerzői jogvédelem alatt áll, értesüléseket &#8230; <a title="Impresszum" class="read-more" href="https://www.salgotarjan.hu/?page_id=260" aria-label="Read more about Impresszum">Olvass tovább</a></p>
