{"id":26,"date":"2014-10-26T13:13:16","date_gmt":"2014-10-26T12:13:16","guid":{"rendered":"http:\/\/www.salgotarjan.hu\/?page_id=26"},"modified":"2025-08-28T10:32:09","modified_gmt":"2025-08-28T08:32:09","slug":"kepviselotestulet","status":"publish","type":"page","link":"https:\/\/www.salgotarjan.hu\/?page_id=26","title":{"rendered":"K\u00f6zgy\u0171l\u00e9s \/ K\u00e9pvisel\u0151k"},"content":{"rendered":"\n<style>\n.kepviselo ul {\n    list-style-type: none;\n}\n.kepviselo > .wp-block-group {\n    column-gap: 20px;\n}\n.kepviselo figure img {\n    border: 1px solid #ededed;\n}\n<\/style>\n\n\n\n<div class=\"wp-block-group kepviselo is-vertical is-layout-flex wp-container-core-group-is-layout-8cf370e7 wp-block-group-is-layout-flex\">\n<div class=\"wp-block-group is-nowrap is-layout-flex wp-container-core-group-is-layout-64989fb1 wp-block-group-is-layout-flex\">\n<figure class=\"wp-block-image size-full is-resized\"><img loading=\"lazy\" decoding=\"async\" width=\"240\" height=\"340\" src=\"https:\/\/www.salgotarjan.hu\/wp-content\/uploads\/kreicsi_balint.jpg\" alt=\"\" class=\"wp-image-15476\" style=\"width:130px\" srcset=\"https:\/\/www.salgotarjan.hu\/wp-content\/uploads\/kreicsi_balint.jpg 240w, https:\/\/www.salgotarjan.hu\/wp-content\/uploads\/kreicsi_balint-212x300.jpg 212w\" sizes=\"auto, (max-width: 240px) 100vw, 240px\" \/><\/figure>\n\n\n\n<div class=\"wp-block-group is-vertical is-layout-flex wp-container-core-group-is-layout-b7faace9 wp-block-group-is-layout-flex\">\n<h4 class=\"wp-block-heading\">Kreicsi B\u00e1lint<\/h4>\n\n\n\n<p>polg\u00e1rmester<br>Telefon: 06-32\/522-940<br>Email: polgarmester@salgotarjan.hu<\/p>\n<\/div>\n<\/div>\n<\/div>\n\n\n\n<div class=\"wp-block-group kepviselo is-vertical is-layout-flex wp-container-core-group-is-layout-8cf370e7 wp-block-group-is-layout-flex\">\n<div class=\"wp-block-group is-nowrap is-layout-flex wp-container-core-group-is-layout-64989fb1 wp-block-group-is-layout-flex\">\n<figure class=\"wp-block-image size-full is-resized\"><img loading=\"lazy\" decoding=\"async\" width=\"230\" height=\"340\" src=\"https:\/\/www.salgotarjan.hu\/wp-content\/uploads\/fenyvesi_gabor.jpg\" alt=\"\" class=\"wp-image-15477\" style=\"width:130px\" srcset=\"https:\/\/www.salgotarjan.hu\/wp-content\/uploads\/fenyvesi_gabor.jpg 230w, https:\/\/www.salgotarjan.hu\/wp-content\/uploads\/fenyvesi_gabor-203x300.jpg 203w\" sizes=\"auto, (max-width: 230px) 100vw, 230px\" \/><\/figure>\n\n\n\n<div class=\"wp-block-group is-vertical is-layout-flex wp-container-core-group-is-layout-b7faace9 wp-block-group-is-layout-flex\">\n<h4 class=\"wp-block-heading\"><strong>Fenyvesi G\u00e1bor<\/strong><\/h4>\n\n\n\n<p>alpolg\u00e1rmester<br>Telefon: 06-32\/522-941<br>Email: alpolgarmester@salgotarjan.hu<\/p>\n<\/div>\n<\/div>\n<\/div>\n\n\n\n<div class=\"wp-block-group kepviselo is-vertical is-layout-flex wp-container-core-group-is-layout-8cf370e7 wp-block-group-is-layout-flex\">\n<div class=\"wp-block-group is-nowrap is-layout-flex wp-container-core-group-is-layout-64989fb1 wp-block-group-is-layout-flex\">\n<figure class=\"wp-block-image size-full is-resized\"><img loading=\"lazy\" decoding=\"async\" width=\"240\" height=\"340\" src=\"https:\/\/www.salgotarjan.hu\/wp-content\/uploads\/tolnai_sandor.jpg\" alt=\"\" class=\"wp-image-15478\" style=\"width:130px\" srcset=\"https:\/\/www.salgotarjan.hu\/wp-content\/uploads\/tolnai_sandor.jpg 240w, https:\/\/www.salgotarjan.hu\/wp-content\/uploads\/tolnai_sandor-212x300.jpg 212w\" sizes=\"auto, (max-width: 240px) 100vw, 240px\" \/><\/figure>\n\n\n\n<div class=\"wp-block-group is-vertical is-layout-flex wp-container-core-group-is-layout-b7faace9 wp-block-group-is-layout-flex\">\n<h4 class=\"wp-block-heading\">Tolnai S\u00e1ndor<\/h4>\n\n\n\n<p>alpolg\u00e1rmester<br>10. sz. egy\u00e9ni v\u00e1laszt\u00f3ker\u00fclet k\u00e9pvisel\u0151je<br>Telefon: 06-70\/938-3055<br>Email: tolnai.sandor@salgotarjan.hu<\/p>\n<\/div>\n<\/div>\n<\/div>\n\n\n\n<div class=\"wp-block-group kepviselo is-vertical is-layout-flex wp-container-core-group-is-layout-8cf370e7 wp-block-group-is-layout-flex\">\n<div class=\"wp-block-group is-nowrap is-layout-flex wp-container-core-group-is-layout-64989fb1 wp-block-group-is-layout-flex\">\n<figure class=\"wp-block-image size-full is-resized\"><img loading=\"lazy\" decoding=\"async\" width=\"240\" height=\"340\" src=\"https:\/\/www.salgotarjan.hu\/wp-content\/uploads\/dankone_lukacs_judit.jpg\" alt=\"\" class=\"wp-image-15479\" style=\"width:130px\" srcset=\"https:\/\/www.salgotarjan.hu\/wp-content\/uploads\/dankone_lukacs_judit.jpg 240w, https:\/\/www.salgotarjan.hu\/wp-content\/uploads\/dankone_lukacs_judit-212x300.jpg 212w\" sizes=\"auto, (max-width: 240px) 100vw, 240px\" \/><\/figure>\n\n\n\n<div class=\"wp-block-group is-vertical is-layout-flex wp-container-core-group-is-layout-b7faace9 wp-block-group-is-layout-flex\">\n<h4 class=\"wp-block-heading\"><strong><em>Dank\u00f3n\u00e9 Luk\u00e1cs Judit<\/em><\/strong><\/h4>\n\n\n\n<ul class=\"wp-block-list\">\n<li>06. sz egy\u00e9ni v\u00e1laszt\u00f3ker\u00fclet k\u00e9pvisel\u0151je<\/li>\n\n\n\n<li>N\u00e9pj\u00f3l\u00e9ti Bizotts\u00e1g eln\u00f6ke<\/li>\n\n\n\n<li>P\u00e9nz\u00fcgyi Bizotts\u00e1g tagja<\/li>\n<\/ul>\n\n\n\n<p>Telefon: 06-20\/431-1876<br>Email: dljudit47@gmail.com<\/p>\n<\/div>\n<\/div>\n<\/div>\n\n\n\n<div class=\"wp-block-group kepviselo is-vertical is-layout-flex wp-container-core-group-is-layout-8cf370e7 wp-block-group-is-layout-flex\">\n<div class=\"wp-block-group is-nowrap is-layout-flex wp-container-core-group-is-layout-64989fb1 wp-block-group-is-layout-flex\">\n<figure class=\"wp-block-image size-full is-resized\"><img loading=\"lazy\" decoding=\"async\" width=\"240\" height=\"340\" src=\"https:\/\/www.salgotarjan.hu\/wp-content\/uploads\/eotvos_mihaly-1.jpg\" alt=\"\" class=\"wp-image-15510\" style=\"width:130px\" srcset=\"https:\/\/www.salgotarjan.hu\/wp-content\/uploads\/eotvos_mihaly-1.jpg 240w, https:\/\/www.salgotarjan.hu\/wp-content\/uploads\/eotvos_mihaly-1-212x300.jpg 212w\" sizes=\"auto, (max-width: 240px) 100vw, 240px\" \/><\/figure>\n\n\n\n<div class=\"wp-block-group is-vertical is-layout-flex wp-container-core-group-is-layout-b7faace9 wp-block-group-is-layout-flex\">\n<h4 class=\"wp-block-heading\"><strong><em>E\u00f6tv\u00f6s Mih\u00e1ly<\/em><\/strong><\/h4>\n\n\n\n<ul class=\"wp-block-list\">\n<li>k\u00e9pvisel\u0151<\/li>\n\n\n\n<li>P\u00e9nz\u00fcgyi Bizotts\u00e1g eln\u00f6ke<\/li>\n<\/ul>\n\n\n\n<p>Telefon: 06-30\/629-3753<br>Email: eotvosmihaly@gmail.hu<\/p>\n<\/div>\n<\/div>\n<\/div>\n\n\n\n<div class=\"wp-block-group kepviselo is-vertical is-layout-flex wp-container-core-group-is-layout-8cf370e7 wp-block-group-is-layout-flex\">\n<div class=\"wp-block-group is-nowrap is-layout-flex wp-container-core-group-is-layout-64989fb1 wp-block-group-is-layout-flex\">\n<figure class=\"wp-block-image size-full is-resized\"><img loading=\"lazy\" decoding=\"async\" width=\"240\" height=\"340\" src=\"https:\/\/www.salgotarjan.hu\/wp-content\/uploads\/godo_beatrix_katalin.jpg\" alt=\"\" class=\"wp-image-15482\" style=\"width:130px\" srcset=\"https:\/\/www.salgotarjan.hu\/wp-content\/uploads\/godo_beatrix_katalin.jpg 240w, https:\/\/www.salgotarjan.hu\/wp-content\/uploads\/godo_beatrix_katalin-212x300.jpg 212w\" sizes=\"auto, (max-width: 240px) 100vw, 240px\" \/><\/figure>\n\n\n\n<div class=\"wp-block-group is-vertical is-layout-flex wp-container-core-group-is-layout-b7faace9 wp-block-group-is-layout-flex\">\n<h4 class=\"wp-block-heading\"><strong><em>God\u00f3 Beatrix<\/em><\/strong><\/h4>\n\n\n\n<ul class=\"wp-block-list\">\n<li>k\u00e9pvisel\u0151<\/li>\n\n\n\n<li>Gazdas\u00e1gi Bizotts\u00e1g tagja<\/li>\n\n\n\n<li>P\u00e9nz\u00fcgyi Bizotts\u00e1g tagja<\/li>\n<\/ul>\n\n\n\n<p>Email: godo.beatrix75@gmail.com<\/p>\n<\/div>\n<\/div>\n<\/div>\n\n\n\n<div class=\"wp-block-group kepviselo is-vertical is-layout-flex wp-container-core-group-is-layout-8cf370e7 wp-block-group-is-layout-flex\">\n<div class=\"wp-block-group is-nowrap is-layout-flex wp-container-core-group-is-layout-64989fb1 wp-block-group-is-layout-flex\">\n<figure class=\"wp-block-image size-full is-resized\"><img loading=\"lazy\" decoding=\"async\" width=\"240\" height=\"340\" src=\"https:\/\/www.salgotarjan.hu\/wp-content\/uploads\/kantor_zoltan.jpg\" alt=\"\" class=\"wp-image-15483\" style=\"width:130px\" srcset=\"https:\/\/www.salgotarjan.hu\/wp-content\/uploads\/kantor_zoltan.jpg 240w, https:\/\/www.salgotarjan.hu\/wp-content\/uploads\/kantor_zoltan-212x300.jpg 212w\" sizes=\"auto, (max-width: 240px) 100vw, 240px\" \/><\/figure>\n\n\n\n<div class=\"wp-block-group is-vertical is-layout-flex wp-container-core-group-is-layout-b7faace9 wp-block-group-is-layout-flex\">\n<h4 class=\"wp-block-heading\"><strong><em>K\u00e1ntor Zolt\u00e1n<\/em><\/strong><\/h4>\n\n\n\n<ul class=\"wp-block-list\">\n<li>05. sz egy\u00e9ni v\u00e1laszt\u00f3ker\u00fclet k\u00e9pvisel\u0151je<\/li>\n\n\n\n<li>N\u00e9pj\u00f3l\u00e9ti Bizotts\u00e1g tagja<\/li>\n\n\n\n<li>P\u00e9nz\u00fcgyi Bizotts\u00e1g tagja<\/li>\n<\/ul>\n\n\n\n<p>Email: stbelvaros@gmail.com<\/p>\n<\/div>\n<\/div>\n<\/div>\n\n\n\n<div class=\"wp-block-group kepviselo is-vertical is-layout-flex wp-container-core-group-is-layout-8cf370e7 wp-block-group-is-layout-flex\">\n<div class=\"wp-block-group is-nowrap is-layout-flex wp-container-core-group-is-layout-64989fb1 wp-block-group-is-layout-flex\">\n<figure class=\"wp-block-image size-full is-resized\"><img loading=\"lazy\" decoding=\"async\" width=\"240\" height=\"340\" src=\"https:\/\/www.salgotarjan.hu\/wp-content\/uploads\/kisbali_gabor.jpg\" alt=\"\" class=\"wp-image-15484\" style=\"width:130px\" srcset=\"https:\/\/www.salgotarjan.hu\/wp-content\/uploads\/kisbali_gabor.jpg 240w, https:\/\/www.salgotarjan.hu\/wp-content\/uploads\/kisbali_gabor-212x300.jpg 212w\" sizes=\"auto, (max-width: 240px) 100vw, 240px\" \/><\/figure>\n\n\n\n<div class=\"wp-block-group is-vertical is-layout-flex wp-container-core-group-is-layout-b7faace9 wp-block-group-is-layout-flex\">\n<h4 class=\"wp-block-heading\"><strong><em>Kisbali G\u00e1bor<\/em><\/strong><\/h4>\n\n\n\n<ul class=\"wp-block-list\">\n<li>02. sz. egy\u00e9ni v\u00e1laszt\u00f3ker\u00fclet k\u00e9pvisel\u0151je<\/li>\n\n\n\n<li>Gazdas\u00e1gi Bizotts\u00e1g tagja<\/li>\n\n\n\n<li>\u00dcgyrendi Bizotts\u00e1g tagja<\/li>\n<\/ul>\n\n\n\n<p>Telefon: 06-30\/854-0818<br>Email: kisbalig@gmail.com<\/p>\n<\/div>\n<\/div>\n<\/div>\n\n\n\n<div class=\"wp-block-group kepviselo is-vertical is-layout-flex wp-container-core-group-is-layout-8cf370e7 wp-block-group-is-layout-flex\">\n<div class=\"wp-block-group is-nowrap is-layout-flex wp-container-core-group-is-layout-64989fb1 wp-block-group-is-layout-flex\">\n<figure class=\"wp-block-image size-full is-resized\"><img loading=\"lazy\" decoding=\"async\" width=\"240\" height=\"340\" src=\"https:\/\/www.salgotarjan.hu\/wp-content\/uploads\/klajban_janos.jpg\" alt=\"\" class=\"wp-image-15485\" style=\"width:130px\" srcset=\"https:\/\/www.salgotarjan.hu\/wp-content\/uploads\/klajban_janos.jpg 240w, https:\/\/www.salgotarjan.hu\/wp-content\/uploads\/klajban_janos-212x300.jpg 212w\" sizes=\"auto, (max-width: 240px) 100vw, 240px\" \/><\/figure>\n\n\n\n<div class=\"wp-block-group is-vertical is-layout-flex wp-container-core-group-is-layout-b7faace9 wp-block-group-is-layout-flex\">\n<h4 class=\"wp-block-heading\"><strong><em>Klajban J\u00e1nos<\/em><\/strong><\/h4>\n\n\n\n<ul class=\"wp-block-list\">\n<li>09. sz. egy\u00e9ni v\u00e1laszt\u00f3ker\u00fclet k\u00e9pvisel\u0151je<\/li>\n\n\n\n<li>N\u00e9pj\u00f3l\u00e9ti Bizotts\u00e1g eln\u00f6khelyettese<\/li>\n\n\n\n<li>\u00dcgyrendi Bizotts\u00e1g tagja<\/li>\n<\/ul>\n\n\n\n<p>Telefon: 06-70\/254-2074<br>Email: klajban.9vk@gmail.com<\/p>\n<\/div>\n<\/div>\n<\/div>\n\n\n\n<div class=\"wp-block-group kepviselo is-vertical is-layout-flex wp-container-core-group-is-layout-8cf370e7 wp-block-group-is-layout-flex\">\n<div class=\"wp-block-group is-nowrap is-layout-flex wp-container-core-group-is-layout-64989fb1 wp-block-group-is-layout-flex\">\n<figure class=\"wp-block-image size-full is-resized\"><img loading=\"lazy\" decoding=\"async\" width=\"240\" height=\"340\" src=\"https:\/\/www.salgotarjan.hu\/wp-content\/uploads\/korponai_tamas.jpg\" alt=\"\" class=\"wp-image-15486\" style=\"width:130px\" srcset=\"https:\/\/www.salgotarjan.hu\/wp-content\/uploads\/korponai_tamas.jpg 240w, https:\/\/www.salgotarjan.hu\/wp-content\/uploads\/korponai_tamas-212x300.jpg 212w\" sizes=\"auto, (max-width: 240px) 100vw, 240px\" \/><\/figure>\n\n\n\n<div class=\"wp-block-group is-vertical is-layout-flex wp-container-core-group-is-layout-b7faace9 wp-block-group-is-layout-flex\">\n<h4 class=\"wp-block-heading\"><strong><em>Korponai Tam\u00e1s<\/em><\/strong><\/h4>\n\n\n\n<ul class=\"wp-block-list\">\n<li>08. sz. egy\u00e9ni v\u00e1laszt\u00f3ker\u00fclet k\u00e9pvisel\u0151je<\/li>\n\n\n\n<li>\u00dcgyrendi Bizotts\u00e1g eln\u00f6ke<\/li>\n\n\n\n<li>N\u00e9pj\u00f3l\u00e9ti Bizotts\u00e1g tagja<\/li>\n<\/ul>\n\n\n\n<p>Telefon: 06-30\/978-2718<br>Email: korponaitamas68@gmail.com<\/p>\n<\/div>\n<\/div>\n<\/div>\n\n\n\n<div class=\"wp-block-group kepviselo is-vertical is-layout-flex wp-container-core-group-is-layout-8cf370e7 wp-block-group-is-layout-flex\">\n<div class=\"wp-block-group is-nowrap is-layout-flex wp-container-core-group-is-layout-64989fb1 wp-block-group-is-layout-flex\">\n<figure class=\"wp-block-image size-full is-resized\"><img loading=\"lazy\" decoding=\"async\" width=\"240\" height=\"340\" src=\"https:\/\/www.salgotarjan.hu\/wp-content\/uploads\/molnar_karoly.jpg\" alt=\"\" class=\"wp-image-15487\" style=\"width:130px\" srcset=\"https:\/\/www.salgotarjan.hu\/wp-content\/uploads\/molnar_karoly.jpg 240w, https:\/\/www.salgotarjan.hu\/wp-content\/uploads\/molnar_karoly-212x300.jpg 212w\" sizes=\"auto, (max-width: 240px) 100vw, 240px\" \/><\/figure>\n\n\n\n<div class=\"wp-block-group is-vertical is-layout-flex wp-container-core-group-is-layout-b7faace9 wp-block-group-is-layout-flex\">\n<h4 class=\"wp-block-heading\"><strong><em>Moln\u00e1r K\u00e1roly<\/em><\/strong><\/h4>\n\n\n\n<ul class=\"wp-block-list\">\n<li>01. sz. egy\u00e9ni v\u00e1laszt\u00f3ker\u00fclet k\u00e9pvisel\u0151je<\/li>\n\n\n\n<li>\u00dcgyrendi Bizotts\u00e1g eln\u00f6khelyettese<\/li>\n\n\n\n<li>Gazdas\u00e1gi Bizotts\u00e1g tagja<\/li>\n\n\n\n<li>koordin\u00e1ci\u00f3s feladatok ell\u00e1t\u00e1s\u00e1val megb\u00edzott tan\u00e1csnok<\/li>\n<\/ul>\n\n\n\n<p>Telefon: 06-20\/392-5080<br>Email: molnar.karoly@salgotarjan.hu<\/p>\n<\/div>\n<\/div>\n<\/div>\n\n\n\n<div class=\"wp-block-group kepviselo is-vertical is-layout-flex wp-container-core-group-is-layout-8cf370e7 wp-block-group-is-layout-flex\">\n<div class=\"wp-block-group is-nowrap is-layout-flex wp-container-core-group-is-layout-64989fb1 wp-block-group-is-layout-flex\">\n<figure class=\"wp-block-image size-full is-resized\"><img loading=\"lazy\" decoding=\"async\" width=\"240\" height=\"340\" src=\"https:\/\/www.salgotarjan.hu\/wp-content\/uploads\/papp_marcell.jpg\" alt=\"\" class=\"wp-image-15488\" style=\"width:130px\" srcset=\"https:\/\/www.salgotarjan.hu\/wp-content\/uploads\/papp_marcell.jpg 240w, https:\/\/www.salgotarjan.hu\/wp-content\/uploads\/papp_marcell-212x300.jpg 212w\" sizes=\"auto, (max-width: 240px) 100vw, 240px\" \/><\/figure>\n\n\n\n<div class=\"wp-block-group is-vertical is-layout-flex wp-container-core-group-is-layout-b7faace9 wp-block-group-is-layout-flex\">\n<h4 class=\"wp-block-heading\"><strong><em>Papp Marcell<\/em><\/strong><\/h4>\n\n\n\n<ul class=\"wp-block-list\">\n<li>04. sz. egy\u00e9ni v\u00e1laszt\u00f3ker\u00fclet k\u00e9pvisel\u0151je<\/li>\n\n\n\n<li>P\u00e9nz\u00fcgyi Bizotts\u00e1g eln\u00f6khelyettese<\/li>\n\n\n\n<li>\u00dcgyrendi Bizotts\u00e1g tagja<\/li>\n<\/ul>\n\n\n\n<p>Telefon: 06-70\/407-3522<br>Email: marci.gdse@gmail.com<\/p>\n<\/div>\n<\/div>\n<\/div>\n\n\n\n<div class=\"wp-block-group kepviselo is-vertical is-layout-flex wp-container-core-group-is-layout-8cf370e7 wp-block-group-is-layout-flex\">\n<div class=\"wp-block-group is-nowrap is-layout-flex wp-container-core-group-is-layout-64989fb1 wp-block-group-is-layout-flex\">\n<figure class=\"wp-block-image size-full is-resized\"><img loading=\"lazy\" decoding=\"async\" width=\"240\" height=\"340\" src=\"https:\/\/www.salgotarjan.hu\/wp-content\/uploads\/pataki_csaba.jpg\" alt=\"\" class=\"wp-image-15711\" style=\"width:130px\" srcset=\"https:\/\/www.salgotarjan.hu\/wp-content\/uploads\/pataki_csaba.jpg 240w, https:\/\/www.salgotarjan.hu\/wp-content\/uploads\/pataki_csaba-212x300.jpg 212w\" sizes=\"auto, (max-width: 240px) 100vw, 240px\" \/><\/figure>\n\n\n\n<div class=\"wp-block-group is-vertical is-layout-flex wp-container-core-group-is-layout-b7faace9 wp-block-group-is-layout-flex\">\n<h4 class=\"wp-block-heading\"><strong><em>Pataki Csaba<\/em><\/strong><\/h4>\n\n\n\n<ul class=\"wp-block-list\">\n<li>k\u00e9pvisel\u0151<\/li>\n\n\n\n<li>N\u00e9pj\u00f3l\u00e9ti Bizotts\u00e1g tagja<\/li>\n\n\n\n<li>Gazdas\u00e1gi Bizotts\u00e1g tagja<\/li>\n<\/ul>\n\n\n\n<p>Telefon: 06-20\/248-9680<br>Email: pacsa2006@freemail.hu<\/p>\n<\/div>\n<\/div>\n<\/div>\n\n\n\n<div class=\"wp-block-group kepviselo is-vertical is-layout-flex wp-container-core-group-is-layout-8cf370e7 wp-block-group-is-layout-flex\">\n<div class=\"wp-block-group is-nowrap is-layout-flex wp-container-core-group-is-layout-64989fb1 wp-block-group-is-layout-flex\">\n<figure class=\"wp-block-image size-full is-resized\"><img loading=\"lazy\" decoding=\"async\" width=\"240\" height=\"340\" src=\"https:\/\/www.salgotarjan.hu\/wp-content\/uploads\/szabo_csaba.jpg\" alt=\"\" class=\"wp-image-15489\" style=\"width:130px\" srcset=\"https:\/\/www.salgotarjan.hu\/wp-content\/uploads\/szabo_csaba.jpg 240w, https:\/\/www.salgotarjan.hu\/wp-content\/uploads\/szabo_csaba-212x300.jpg 212w\" sizes=\"auto, (max-width: 240px) 100vw, 240px\" \/><\/figure>\n\n\n\n<div class=\"wp-block-group is-vertical is-layout-flex wp-container-core-group-is-layout-b7faace9 wp-block-group-is-layout-flex\">\n<h4 class=\"wp-block-heading\"><strong><em>Szab\u00f3 Csaba<\/em><\/strong><\/h4>\n\n\n\n<ul class=\"wp-block-list\">\n<li>07. sz. egy\u00e9ni v\u00e1laszt\u00f3ker\u00fclet k\u00e9pvisel\u0151je<\/li>\n\n\n\n<li>Gazdas\u00e1gi Bizotts\u00e1g eln\u00f6khelyettese<\/li>\n\n\n\n<li>N\u00e9pj\u00f3l\u00e9ti Bizotts\u00e1g tagja<\/li>\n\n\n\n<li>\u00dcgyrendi Bizotts\u00e1g tagja<\/li>\n<\/ul>\n\n\n\n<p>Telefon: 06-20\/957-1025<br>Email: szabocsaba.st@gmail.com<\/p>\n<\/div>\n<\/div>\n<\/div>\n\n\n\n<div class=\"wp-block-group kepviselo is-vertical is-layout-flex wp-container-core-group-is-layout-8cf370e7 wp-block-group-is-layout-flex\">\n<div class=\"wp-block-group is-nowrap is-layout-flex wp-container-core-group-is-layout-64989fb1 wp-block-group-is-layout-flex\">\n<figure class=\"wp-block-image size-full is-resized\"><img loading=\"lazy\" decoding=\"async\" width=\"240\" height=\"340\" src=\"https:\/\/www.salgotarjan.hu\/wp-content\/uploads\/turcsany_laszlo.jpg\" alt=\"\" class=\"wp-image-15490\" style=\"width:130px\" srcset=\"https:\/\/www.salgotarjan.hu\/wp-content\/uploads\/turcsany_laszlo.jpg 240w, https:\/\/www.salgotarjan.hu\/wp-content\/uploads\/turcsany_laszlo-212x300.jpg 212w\" sizes=\"auto, (max-width: 240px) 100vw, 240px\" \/><\/figure>\n\n\n\n<div class=\"wp-block-group is-vertical is-layout-flex wp-container-core-group-is-layout-b7faace9 wp-block-group-is-layout-flex\">\n<h4 class=\"wp-block-heading\"><strong><em>Turcs\u00e1ny L\u00e1szl\u00f3<\/em><\/strong><\/h4>\n\n\n\n<ul class=\"wp-block-list\">\n<li>03. sz. egy\u00e9ni v\u00e1laszt\u00f3ker\u00fclet k\u00e9pvisel\u0151je<\/li>\n\n\n\n<li>Gazdas\u00e1gi Bizotts\u00e1g eln\u00f6ke<\/li>\n\n\n\n<li>P\u00e9nz\u00fcgyi Bizotts\u00e1g tagja<\/li>\n<\/ul>\n\n\n\n<p>Telefon: 06-20\/360-9892<br>Email: turcsany60laszlo@gmail.com<\/p>\n<\/div>\n<\/div>\n<\/div>\n","protected":false},"excerpt":{"rendered":"<p>Kreicsi B\u00e1lint polg\u00e1rmesterTelefon: 06-32\/522-940Email: polgarmester@salgotarjan.hu Fenyvesi G\u00e1bor alpolg\u00e1rmesterTelefon: 06-32\/522-941Email: alpolgarmester@salgotarjan.hu Tolnai S\u00e1ndor alpolg\u00e1rmester10. sz. egy\u00e9ni v\u00e1laszt\u00f3ker\u00fclet k\u00e9pvisel\u0151jeTelefon: 06-70\/938-3055Email: tolnai.sandor@salgotarjan.hu Dank\u00f3n\u00e9 Luk\u00e1cs Judit Telefon: 06-20\/431-1876Email: dljudit47@gmail.com E\u00f6tv\u00f6s Mih\u00e1ly Telefon: 06-30\/629-3753Email: eotvosmihaly@gmail.hu God\u00f3 Beatrix Email: godo.beatrix75@gmail.com K\u00e1ntor Zolt\u00e1n Email: stbelvaros@gmail.com Kisbali G\u00e1bor Telefon: 06-30\/854-0818Email: kisbalig@gmail.com Klajban J\u00e1nos Telefon: 06-70\/254-2074Email: klajban.9vk@gmail.com Korponai Tam\u00e1s Telefon: 06-30\/978-2718Email: korponaitamas68@gmail.com Moln\u00e1r K\u00e1roly &#8230; <a title=\"K\u00f6zgy\u0171l\u00e9s \/ K\u00e9pvisel\u0151k\" class=\"read-more\" href=\"https:\/\/www.salgotarjan.hu\/?page_id=26\" aria-label=\"Read more about K\u00f6zgy\u0171l\u00e9s \/ K\u00e9pvisel\u0151k\">Olvass tov\u00e1bb<\/a><\/p>\n","protected":false},"author":7,"featured_media":0,"parent":0,"menu_order":0,"comment_status":"closed","ping_status":"open","template":"","meta":{"footnotes":""},"class_list":["post-26","page","type-page","status-publish"],"_links":{"self":[{"href":"https:\/\/www.salgotarjan.hu\/index.php?rest_route=\/wp\/v2\/pages\/26","targetHints":{"allow":["GET"]}}],"collection":[{"href":"https:\/\/www.salgotarjan.hu\/index.php?rest_route=\/wp\/v2\/pages"}],"about":[{"href":"https:\/\/www.salgotarjan.hu\/index.php?rest_route=\/wp\/v2\/types\/page"}],"author":[{"embeddable":true,"href":"https:\/\/www.salgotarjan.hu\/index.php?rest_route=\/wp\/v2\/users\/7"}],"replies":[{"embeddable":true,"href":"https:\/\/www.salgotarjan.hu\/index.php?rest_route=%2Fwp%2Fv2%2Fcomments&post=26"}],"version-history":[{"count":1,"href":"https:\/\/www.salgotarjan.hu\/index.php?rest_route=\/wp\/v2\/pages\/26\/revisions"}],"predecessor-version":[{"id":16270,"href":"https:\/\/www.salgotarjan.hu\/index.php?rest_route=\/wp\/v2\/pages\/26\/revisions\/16270"}],"wp:attachment":[{"href":"https:\/\/www.salgotarjan.hu\/index.php?rest_route=%2Fwp%2Fv2%2Fmedia&parent=26"}],"curies":[{"name":"wp","href":"https:\/\/api.w.org\/{rel}","templated":true}]}}