{"id":231,"date":"2014-11-06T18:16:40","date_gmt":"2014-11-06T17:16:40","guid":{"rendered":"http:\/\/www.salgotarjan.hu\/?page_id=231"},"modified":"2026-03-02T11:22:35","modified_gmt":"2026-03-02T10:22:35","slug":"fogadoorak-a-varoshazan","status":"publish","type":"page","link":"https:\/\/www.salgotarjan.hu\/?page_id=231","title":{"rendered":"Fogad\u00f3napok"},"content":{"rendered":"\n<p><strong>Polg\u00e1rmesteri fogad\u00f3napok<\/strong><\/p>\n\n\n\n<p><strong>Kreicsi B\u00e1lint polg\u00e1rmester<br><\/strong><em>2026. <\/em><em>janu\u00e1r 28. (szerda) 9:00-12:00-ig<\/em><br>El\u0151zetes telefonos bejelentkez\u00e9s sz\u00fcks\u00e9ges!<br><span style=\"color: #000000;\">Telefonsz\u00e1m: <\/span><a href=\"tel:+3632522940\">+36 32 522-940<\/a><\/p>\n\n\n\n<p><strong>Alpolg\u00e1rmesteri fogad\u00f3napok<\/strong><\/p>\n\n\n\n<p><strong>Fenyvesi G\u00e1bor alpolg\u00e1rmester<\/strong><br><em>2026. m\u00e1rcius 6. (p\u00e9ntek) 9:00-t\u00f3l<br><\/em>El\u0151zetes telefonos bejelentkez\u00e9s sz\u00fcks\u00e9ges!<br><span style=\"color: #000000;\">Telefonsz\u00e1m: <\/span><a href=\"tel:+3632522941\">+36 32 522-941<\/a><\/p>\n\n\n\n<p><strong>Tolnai S\u00e1ndor alpolg\u00e1rmester<br><\/strong><em>2026. m\u00e1rcius 4. (szerda) 9:00-11:00-ig<br><\/em>El\u0151zetes telefonos bejelentkez\u00e9s sz\u00fcks\u00e9ges!<br><span style=\"color: #000000;\">Telefonsz\u00e1m: <\/span><a href=\"tel:+3632522942\">+36 32 522-942<\/a><\/p>\n\n\n\n<p><strong>Jegyz\u0151i fogad\u00f3napok<\/strong><\/p>\n\n\n\n<p><strong>Dr. Fodor Enik\u0151<\/strong>, jegyz\u0151<br><em><em>egyeztet\u00e9s alatt<\/em><\/em><br>El\u0151zetes telefonos bejelentkez\u00e9s sz\u00fcks\u00e9ges!<br><span style=\"color: #000000;\">Telefonsz\u00e1m: <\/span><a href=\"tel:+3632522950\">+36 32 522-950<\/a><\/p>\n","protected":false},"excerpt":{"rendered":"<p>Polg\u00e1rmesteri fogad\u00f3napok Kreicsi B\u00e1lint polg\u00e1rmester2026. janu\u00e1r 28. (szerda) 9:00-12:00-igEl\u0151zetes telefonos bejelentkez\u00e9s sz\u00fcks\u00e9ges!Telefonsz\u00e1m: +36 32 522-940 Alpolg\u00e1rmesteri fogad\u00f3napok Fenyvesi G\u00e1bor alpolg\u00e1rmester2026. m\u00e1rcius 6. (p\u00e9ntek) 9:00-t\u00f3lEl\u0151zetes telefonos bejelentkez\u00e9s sz\u00fcks\u00e9ges!Telefonsz\u00e1m: +36 32 522-941 Tolnai S\u00e1ndor alpolg\u00e1rmester2026. m\u00e1rcius 4. (szerda) 9:00-11:00-igEl\u0151zetes telefonos bejelentkez\u00e9s sz\u00fcks\u00e9ges!Telefonsz\u00e1m: +36 32 522-942 Jegyz\u0151i fogad\u00f3napok Dr. Fodor Enik\u0151, jegyz\u0151egyeztet\u00e9s alattEl\u0151zetes telefonos bejelentkez\u00e9s sz\u00fcks\u00e9ges!Telefonsz\u00e1m: +36 32 &#8230; <a title=\"Fogad\u00f3napok\" class=\"read-more\" href=\"https:\/\/www.salgotarjan.hu\/?page_id=231\" aria-label=\"Read more about Fogad\u00f3napok\">Olvass tov\u00e1bb<\/a><\/p>\n","protected":false},"author":7,"featured_media":0,"parent":0,"menu_order":0,"comment_status":"closed","ping_status":"open","template":"","meta":{"footnotes":""},"class_list":["post-231","page","type-page","status-publish"],"_links":{"self":[{"href":"https:\/\/www.salgotarjan.hu\/index.php?rest_route=\/wp\/v2\/pages\/231","targetHints":{"allow":["GET"]}}],"collection":[{"href":"https:\/\/www.salgotarjan.hu\/index.php?rest_route=\/wp\/v2\/pages"}],"about":[{"href":"https:\/\/www.salgotarjan.hu\/index.php?rest_route=\/wp\/v2\/types\/page"}],"author":[{"embeddable":true,"href":"https:\/\/www.salgotarjan.hu\/index.php?rest_route=\/wp\/v2\/users\/7"}],"replies":[{"embeddable":true,"href":"https:\/\/www.salgotarjan.hu\/index.php?rest_route=%2Fwp%2Fv2%2Fcomments&post=231"}],"version-history":[{"count":1,"href":"https:\/\/www.salgotarjan.hu\/index.php?rest_route=\/wp\/v2\/pages\/231\/revisions"}],"predecessor-version":[{"id":16800,"href":"https:\/\/www.salgotarjan.hu\/index.php?rest_route=\/wp\/v2\/pages\/231\/revisions\/16800"}],"wp:attachment":[{"href":"https:\/\/www.salgotarjan.hu\/index.php?rest_route=%2Fwp%2Fv2%2Fmedia&parent=231"}],"curies":[{"name":"wp","href":"https:\/\/api.w.org\/{rel}","templated":true}]}}

Fogadónapok

<p><strong>Polgármesteri fogadónapok</strong></p>



<p><strong>Kreicsi Bálint polgármester<br></strong><em>2026. </em><em>január 28. (szerda) 9:00-12:00-ig</em><br>Előzetes telefonos bejelentkezés szükséges!<br><span style="color: #000000;">Telefonszám: </span><a href="tel:+3632522940">+36 32 522-940</a></p>



<p><strong>Alpolgármesteri fogadónapok</strong></p>



<p><strong>Fenyvesi Gábor alpolgármester</strong><br><em>2026. március 6. (péntek) 9:00-tól<br></em>Előzetes telefonos bejelentkezés szükséges!<br><span style="color: #000000;">Telefonszám: </span><a href="tel:+3632522941">+36 32 522-941</a></p>



<p><strong>Tolnai Sándor alpolgármester<br></strong><em>2026. március 4. (szerda) 9:00-11:00-ig<br></em>Előzetes telefonos bejelentkezés szükséges!<br><span style="color: #000000;">Telefonszám: </span><a href="tel:+3632522942">+36 32 522-942</a></p>



<p><strong>Jegyzői fogadónapok</strong></p>



<p><strong>Dr. Fodor Enikő</strong>, jegyző<br><em><em>egyeztetés alatt</em></em><br>Előzetes telefonos bejelentkezés szükséges!<br><span style="color: #000000;">Telefonszám: </span><a href="tel:+3632522950">+36 32 522-950</a></p>

<p>Polgármesteri fogadónapok Kreicsi Bálint polgármester2026. január 28. (szerda) 9:00-12:00-igElőzetes telefonos bejelentkezés szükséges!Telefonszám: +36 32 522-940 Alpolgármesteri fogadónapok Fenyvesi Gábor alpolgármester2026. március 6. (péntek) 9:00-tólElőzetes telefonos bejelentkezés szükséges!Telefonszám: +36 32 522-941 Tolnai Sándor alpolgármester2026. március 4. (szerda) 9:00-11:00-igElőzetes telefonos bejelentkezés szükséges!Telefonszám: +36 32 522-942 Jegyzői fogadónapok Dr. Fodor Enikő, jegyzőegyeztetés alattElőzetes telefonos bejelentkezés szükséges!Telefonszám: +36 32 &#8230; <a title="Fogadónapok" class="read-more" href="https://www.salgotarjan.hu/?page_id=231" aria-label="Read more about Fogadónapok">Olvass tovább</a></p>
