{"id":154,"date":"2014-11-03T09:00:07","date_gmt":"2014-11-03T08:00:07","guid":{"rendered":"http:\/\/www.salgotarjan.hu\/?page_id=154"},"modified":"2026-03-24T16:58:15","modified_gmt":"2026-03-24T15:58:15","slug":"egeszsegugy","status":"publish","type":"page","link":"https:\/\/www.salgotarjan.hu\/?page_id=154","title":{"rendered":"Eg\u00e9szs\u00e9g\u00fcgy, szoci\u00e1lis \u00e9s gyermekj\u00f3l\u00e9ti szolg\u00e1ltat\u00e1sok"},"content":{"rendered":"\n<p>Salg\u00f3tarj\u00e1n Megyei Jog\u00fa V\u00e1ros egyes szoci\u00e1lis \u00e9s gyermekj\u00f3l\u00e9ti szolg\u00e1ltat\u00e1sokat a Salg\u00f3tarj\u00e1n \u00e9s T\u00e9rs\u00e9ge \u00d6nkorm\u00e1nyzatainak T\u00e1rsul\u00e1sa \u00e1ltal, a Salg\u00f3tarj\u00e1n \u00e9s T\u00e9rs\u00e9ge Eg\u00e9szs\u00e9g\u00fcgyi-Szoci\u00e1lis K\u00f6zpontja szervezeti keretein bel\u00fcl biztos\u00edtja.<br>A ny\u00fajtott szolg\u00e1ltat\u00e1sokr\u00f3l, azok ig\u00e9nybev\u00e9tel\u00e9nek m\u00f3dj\u00e1r\u00f3l b\u0151vebben a <a href=\"https:\/\/www.eszksalgotarjan.hu\/szolgaltatasaink\/\" target=\"_blank\" rel=\"noreferrer noopener\">https:\/\/www.eszksalgotarjan.hu\/<\/a>\u00a0 oldalon t\u00e1j\u00e9koz\u00f3dhat.<\/p>\n\n\n\n<p><strong>Ment\u0151k: 104 vagy 112<\/strong><\/p>\n\n\n\n<p><a href=\"https:\/\/www.salgotarjan.hu\/?page_id=1678\" target=\"_blank\" rel=\"noreferrer noopener\">K\u00f3rh\u00e1z \u00e9s rendel\u0151int\u00e9zet, orvosi \u00fcgyelet<\/a><\/p>\n\n\n\n<p><a href=\"https:\/\/www.salgotarjan.hu\/?page_id=1676\">H\u00e1ziorvosok<\/a><\/p>\n\n\n\n<p><a href=\"https:\/\/www.salgotarjan.hu\/?page_id=1674\">Gyermekorvosok<\/a><\/p>\n\n\n\n<p><a href=\"https:\/\/www.salgotarjan.hu\/?page_id=1667\">Fogorvosok<\/a><\/p>\n\n\n\n<p><a href=\"https:\/\/www.salgotarjan.hu\/?page_id=1682\">Gy\u00f3gyszert\u00e1rak<\/a><\/p>\n\n\n\n<p><\/p>\n","protected":false},"excerpt":{"rendered":"<p>Salg\u00f3tarj\u00e1n Megyei Jog\u00fa V\u00e1ros egyes szoci\u00e1lis \u00e9s gyermekj\u00f3l\u00e9ti szolg\u00e1ltat\u00e1sokat a Salg\u00f3tarj\u00e1n \u00e9s T\u00e9rs\u00e9ge \u00d6nkorm\u00e1nyzatainak T\u00e1rsul\u00e1sa \u00e1ltal, a Salg\u00f3tarj\u00e1n \u00e9s T\u00e9rs\u00e9ge Eg\u00e9szs\u00e9g\u00fcgyi-Szoci\u00e1lis K\u00f6zpontja szervezeti keretein bel\u00fcl biztos\u00edtja.A ny\u00fajtott szolg\u00e1ltat\u00e1sokr\u00f3l, azok ig\u00e9nybev\u00e9tel\u00e9nek m\u00f3dj\u00e1r\u00f3l b\u0151vebben a https:\/\/www.eszksalgotarjan.hu\/\u00a0 oldalon t\u00e1j\u00e9koz\u00f3dhat. Ment\u0151k: 104 vagy 112 K\u00f3rh\u00e1z \u00e9s rendel\u0151int\u00e9zet, orvosi \u00fcgyelet H\u00e1ziorvosok Gyermekorvosok Fogorvosok Gy\u00f3gyszert\u00e1rak<\/p>\n","protected":false},"author":7,"featured_media":0,"parent":0,"menu_order":0,"comment_status":"closed","ping_status":"open","template":"","meta":{"footnotes":""},"class_list":["post-154","page","type-page","status-publish"],"_links":{"self":[{"href":"https:\/\/www.salgotarjan.hu\/index.php?rest_route=\/wp\/v2\/pages\/154","targetHints":{"allow":["GET"]}}],"collection":[{"href":"https:\/\/www.salgotarjan.hu\/index.php?rest_route=\/wp\/v2\/pages"}],"about":[{"href":"https:\/\/www.salgotarjan.hu\/index.php?rest_route=\/wp\/v2\/types\/page"}],"author":[{"embeddable":true,"href":"https:\/\/www.salgotarjan.hu\/index.php?rest_route=\/wp\/v2\/users\/7"}],"replies":[{"embeddable":true,"href":"https:\/\/www.salgotarjan.hu\/index.php?rest_route=%2Fwp%2Fv2%2Fcomments&post=154"}],"version-history":[{"count":1,"href":"https:\/\/www.salgotarjan.hu\/index.php?rest_route=\/wp\/v2\/pages\/154\/revisions"}],"predecessor-version":[{"id":16918,"href":"https:\/\/www.salgotarjan.hu\/index.php?rest_route=\/wp\/v2\/pages\/154\/revisions\/16918"}],"wp:attachment":[{"href":"https:\/\/www.salgotarjan.hu\/index.php?rest_route=%2Fwp%2Fv2%2Fmedia&parent=154"}],"curies":[{"name":"wp","href":"https:\/\/api.w.org\/{rel}","templated":true}]}}

Egészségügy, szociális és gyermekjóléti szolgáltatások

<p>Salgótarján Megyei Jogú Város egyes szociális és gyermekjóléti szolgáltatásokat a Salgótarján és Térsége Önkormányzatainak Társulása által, a Salgótarján és Térsége Egészségügyi-Szociális Központja szervezeti keretein belül biztosítja.<br>A nyújtott szolgáltatásokról, azok igénybevételének módjáról bővebben a <a href="https://www.eszksalgotarjan.hu/szolgaltatasaink/" target="_blank" rel="noreferrer noopener">https://www.eszksalgotarjan.hu/</a>  oldalon tájékozódhat.</p>



<p><strong>Mentők: 104 vagy 112</strong></p>



<p><a href="https://www.salgotarjan.hu/?page_id=1678" target="_blank" rel="noreferrer noopener">Kórház és rendelőintézet, orvosi ügyelet</a></p>



<p><a href="https://www.salgotarjan.hu/?page_id=1676">Háziorvosok</a></p>



<p><a href="https://www.salgotarjan.hu/?page_id=1674">Gyermekorvosok</a></p>



<p><a href="https://www.salgotarjan.hu/?page_id=1667">Fogorvosok</a></p>



<p><a href="https://www.salgotarjan.hu/?page_id=1682">Gyógyszertárak</a></p>



<p></p>

<p>Salgótarján Megyei Jogú Város egyes szociális és gyermekjóléti szolgáltatásokat a Salgótarján és Térsége Önkormányzatainak Társulása által, a Salgótarján és Térsége Egészségügyi-Szociális Központja szervezeti keretein belül biztosítja.A nyújtott szolgáltatásokról, azok igénybevételének módjáról bővebben a https://www.eszksalgotarjan.hu/  oldalon tájékozódhat. Mentők: 104 vagy 112 Kórház és rendelőintézet, orvosi ügyelet Háziorvosok Gyermekorvosok Fogorvosok Gyógyszertárak</p>
