{"id":14440,"date":"2023-10-29T13:45:40","date_gmt":"2023-10-29T12:45:40","guid":{"rendered":"https:\/\/www.salgotarjan.hu\/?page_id=14440"},"modified":"2026-03-02T10:25:42","modified_gmt":"2026-03-02T09:25:42","slug":"valasztasi-informaciok-valasztasi-szervek","status":"publish","type":"page","link":"https:\/\/www.salgotarjan.hu\/?page_id=14440","title":{"rendered":"V\u00e1laszt\u00e1si inform\u00e1ci\u00f3k \/ V\u00e1laszt\u00e1si szervek, d\u00f6nt\u00e9sek"},"content":{"rendered":"\n<p><strong>Salg\u00f3tarj\u00e1ni Helyi V\u00e1laszt\u00e1si Iroda (HVI)<\/strong><br><strong>N\u00f3gr\u00e1d v\u00e1rmegyei 01. sz. Orsz\u00e1ggy\u0171l\u00e9si Egy\u00e9ni V\u00e1laszt\u00f3ker\u00fcleti Iroda (OEVI)<\/strong><br>Vezet\u0151j\u00e9nek neve: dr. Fodor Enik\u0151<br>Hivatali helyis\u00e9g\u00e9nek c\u00edme: 3100 Salg\u00f3tarj\u00e1n, M\u00fazeum t\u00e9r 1. (117. sz. helyis\u00e9g)<br>Telefon: (32) 522-950<br>E-mail: <a href=\"mailto:jegyzo@salgotarjan.hu\">jegyzo@salgotarjan.hu<\/a><br>V\u00e1laszt\u00e1si inform\u00e1ci\u00f3s szolg\u00e1lat\u00e1nak el\u00e9rhet\u0151s\u00e9gei: <a href=\"mailto:jegyzo@salgotarjan.hu\">jegyzo@salgotarjan.hu<\/a><\/p>\n\n\n\n<p><strong>N\u00f3gr\u00e1d v\u00e1rmegyei 01. sz. Orsz\u00e1ggy\u0171l\u00e9si Egy\u00e9ni V\u00e1laszt\u00f3ker\u00fcleti V\u00e1laszt\u00e1si Bizotts\u00e1g (OEVB)<\/strong><br><em>Tagok:<\/em><br>Eln\u00f6k: dr. J\u00f3zsa-Kiss Andrea Katalin<br>Eln\u00f6khelyettes: dr. Heged\u0171s Kinga<br>Tag: Sz\u0151ll\u0151si S\u00e1ndor<br><em>P\u00f3ttagok:<\/em> dr. Szab\u00f3 Rita Adrienn, dr. Bercs\u00e9nyi Lajos<br>Az OEVB c\u00edme:<br>3100 Salg\u00f3tarj\u00e1n, M\u00fazeum t\u00e9r 1.<\/p>\n\n\n\n<p><strong>Salg\u00f3tarj\u00e1ni Helyi V\u00e1laszt\u00e1si Bizotts\u00e1g (HVB)<\/strong><br><em>Tagok:<\/em><br>Eln\u00f6ke: dr. Sz\u00e9n\u00e1si Zsuzsanna Ter\u00e9z<br>Eln\u00f6khelyettese: dr. Pint\u00e9r T\u00edmea<br>Tagja: dr. Gr\u00f3sz G\u00e1bor<br><em>P\u00f3ttagok:<\/em> Nagyn\u00e9 Taracs\u00e1k Judit Roz\u00e1lia, dr. Harmos Vikt\u00f3ria<br>A HVB c\u00edme:<br>3100 Salg\u00f3tarj\u00e1n, M\u00fazeum t\u00e9r 1.<\/p>\n\n\n\n<p><strong>Szavazatsz\u00e1ml\u00e1l\u00f3 bizotts\u00e1gok<\/strong><br>29\/2026.(II.26.) hat\u00e1rozat &#8211; <a href=\"https:\/\/www.salgotarjan.hu\/wp-content\/uploads\/29-2026_szavazatszamlalo_bizottsagok_tagjainak_megvalasztasa.pdf\" data-type=\"link\" data-id=\"https:\/\/www.salgotarjan.hu\/wp-content\/uploads\/29-2026_szavazatszamlalo_bizottsagok_tagjainak_megvalasztasa.pdf\" target=\"_blank\" rel=\"noreferrer noopener\">A szavazatsz\u00e1ml\u00e1l\u00f3 bizotts\u00e1gok tagjainak megv\u00e1laszt\u00e1sa<\/a><br><a href=\"https:\/\/www.salgotarjan.hu\/wp-content\/uploads\/29-2026_melleklet_1.pdf\" data-type=\"link\" data-id=\"https:\/\/www.salgotarjan.hu\/wp-content\/uploads\/29-2026_melleklet_1.pdf\" target=\"_blank\" rel=\"noreferrer noopener\">1. mell\u00e9klet a 29\/2026. (II.26.) hat\u00e1rozathoz<\/a><\/p>\n\n\n\n<p>A v\u00e1laszt\u00e1si iroda vezet\u0151j\u00e9nek hat\u00e1rozata:<br><br>&#8211; <a href=\"https:\/\/www.salgotarjan.hu\/wp-content\/uploads\/valasztasok_20251205_1_2025-HVI_hatarozat.pdf\">1\/2025.(XII.05.) a szavaz\u00f3k\u00f6r\u00f6k sz\u00e1m\u00e1nak, sorsz\u00e1m\u00e1nak, ter\u00fcleti beoszt\u00e1s\u00e1nak, valamint a szavaz\u00f3helyis\u00e9gek c\u00edm\u00e9nek meghat\u00e1roz\u00e1sa<\/a> (pdf) (k\u00f6zz\u00e9t\u00e9ve: 2025. december 9.)<\/p>\n","protected":false},"excerpt":{"rendered":"<p>Salg\u00f3tarj\u00e1ni Helyi V\u00e1laszt\u00e1si Iroda (HVI)N\u00f3gr\u00e1d v\u00e1rmegyei 01. sz. Orsz\u00e1ggy\u0171l\u00e9si Egy\u00e9ni V\u00e1laszt\u00f3ker\u00fcleti Iroda (OEVI)Vezet\u0151j\u00e9nek neve: dr. Fodor Enik\u0151Hivatali helyis\u00e9g\u00e9nek c\u00edme: 3100 Salg\u00f3tarj\u00e1n, M\u00fazeum t\u00e9r 1. (117. sz. helyis\u00e9g)Telefon: (32) 522-950E-mail: jegyzo@salgotarjan.huV\u00e1laszt\u00e1si inform\u00e1ci\u00f3s szolg\u00e1lat\u00e1nak el\u00e9rhet\u0151s\u00e9gei: jegyzo@salgotarjan.hu N\u00f3gr\u00e1d v\u00e1rmegyei 01. sz. Orsz\u00e1ggy\u0171l\u00e9si Egy\u00e9ni V\u00e1laszt\u00f3ker\u00fcleti V\u00e1laszt\u00e1si Bizotts\u00e1g (OEVB)Tagok:Eln\u00f6k: dr. J\u00f3zsa-Kiss Andrea KatalinEln\u00f6khelyettes: dr. Heged\u0171s KingaTag: Sz\u0151ll\u0151si S\u00e1ndorP\u00f3ttagok: dr. Szab\u00f3 &#8230; <a title=\"V\u00e1laszt\u00e1si inform\u00e1ci\u00f3k \/ V\u00e1laszt\u00e1si szervek, d\u00f6nt\u00e9sek\" class=\"read-more\" href=\"https:\/\/www.salgotarjan.hu\/?page_id=14440\" aria-label=\"Read more about V\u00e1laszt\u00e1si inform\u00e1ci\u00f3k \/ V\u00e1laszt\u00e1si szervek, d\u00f6nt\u00e9sek\">Olvass tov\u00e1bb<\/a><\/p>\n","protected":false},"author":7,"featured_media":0,"parent":0,"menu_order":0,"comment_status":"closed","ping_status":"closed","template":"","meta":{"footnotes":""},"class_list":["post-14440","page","type-page","status-publish"],"_links":{"self":[{"href":"https:\/\/www.salgotarjan.hu\/index.php?rest_route=\/wp\/v2\/pages\/14440","targetHints":{"allow":["GET"]}}],"collection":[{"href":"https:\/\/www.salgotarjan.hu\/index.php?rest_route=\/wp\/v2\/pages"}],"about":[{"href":"https:\/\/www.salgotarjan.hu\/index.php?rest_route=\/wp\/v2\/types\/page"}],"author":[{"embeddable":true,"href":"https:\/\/www.salgotarjan.hu\/index.php?rest_route=\/wp\/v2\/users\/7"}],"replies":[{"embeddable":true,"href":"https:\/\/www.salgotarjan.hu\/index.php?rest_route=%2Fwp%2Fv2%2Fcomments&post=14440"}],"version-history":[{"count":1,"href":"https:\/\/www.salgotarjan.hu\/index.php?rest_route=\/wp\/v2\/pages\/14440\/revisions"}],"predecessor-version":[{"id":16792,"href":"https:\/\/www.salgotarjan.hu\/index.php?rest_route=\/wp\/v2\/pages\/14440\/revisions\/16792"}],"wp:attachment":[{"href":"https:\/\/www.salgotarjan.hu\/index.php?rest_route=%2Fwp%2Fv2%2Fmedia&parent=14440"}],"curies":[{"name":"wp","href":"https:\/\/api.w.org\/{rel}","templated":true}]}}

Választási információk / Választási szervek, döntések

<p><strong>Salgótarjáni Helyi Választási Iroda (HVI)</strong><br><strong>Nógrád vármegyei 01. sz. Országgyűlési Egyéni Választókerületi Iroda (OEVI)</strong><br>Vezetőjének neve: dr. Fodor Enikő<br>Hivatali helyiségének címe: 3100 Salgótarján, Múzeum tér 1. (117. sz. helyiség)<br>Telefon: (32) 522-950<br>E-mail: <a href="mailto:jegyzo@salgotarjan.hu">jegyzo@salgotarjan.hu</a><br>Választási információs szolgálatának elérhetőségei: <a href="mailto:jegyzo@salgotarjan.hu">jegyzo@salgotarjan.hu</a></p>



<p><strong>Nógrád vármegyei 01. sz. Országgyűlési Egyéni Választókerületi Választási Bizottság (OEVB)</strong><br><em>Tagok:</em><br>Elnök: dr. Józsa-Kiss Andrea Katalin<br>Elnökhelyettes: dr. Hegedűs Kinga<br>Tag: Szőllősi Sándor<br><em>Póttagok:</em> dr. Szabó Rita Adrienn, dr. Bercsényi Lajos<br>Az OEVB címe:<br>3100 Salgótarján, Múzeum tér 1.</p>



<p><strong>Salgótarjáni Helyi Választási Bizottság (HVB)</strong><br><em>Tagok:</em><br>Elnöke: dr. Szénási Zsuzsanna Teréz<br>Elnökhelyettese: dr. Pintér Tímea<br>Tagja: dr. Grósz Gábor<br><em>Póttagok:</em> Nagyné Taracsák Judit Rozália, dr. Harmos Viktória<br>A HVB címe:<br>3100 Salgótarján, Múzeum tér 1.</p>



<p><strong>Szavazatszámláló bizottságok</strong><br>29/2026.(II.26.) határozat &#8211; <a href="https://www.salgotarjan.hu/wp-content/uploads/29-2026_szavazatszamlalo_bizottsagok_tagjainak_megvalasztasa.pdf" data-type="link" data-id="https://www.salgotarjan.hu/wp-content/uploads/29-2026_szavazatszamlalo_bizottsagok_tagjainak_megvalasztasa.pdf" target="_blank" rel="noreferrer noopener">A szavazatszámláló bizottságok tagjainak megválasztása</a><br><a href="https://www.salgotarjan.hu/wp-content/uploads/29-2026_melleklet_1.pdf" data-type="link" data-id="https://www.salgotarjan.hu/wp-content/uploads/29-2026_melleklet_1.pdf" target="_blank" rel="noreferrer noopener">1. melléklet a 29/2026. (II.26.) határozathoz</a></p>



<p>A választási iroda vezetőjének határozata:<br><br>&#8211; <a href="https://www.salgotarjan.hu/wp-content/uploads/valasztasok_20251205_1_2025-HVI_hatarozat.pdf">1/2025.(XII.05.) a szavazókörök számának, sorszámának, területi beosztásának, valamint a szavazóhelyiségek címének meghatározása</a> (pdf) (közzétéve: 2025. december 9.)</p>

<p>Salgótarjáni Helyi Választási Iroda (HVI)Nógrád vármegyei 01. sz. Országgyűlési Egyéni Választókerületi Iroda (OEVI)Vezetőjének neve: dr. Fodor EnikőHivatali helyiségének címe: 3100 Salgótarján, Múzeum tér 1. (117. sz. helyiség)Telefon: (32) 522-950E-mail: jegyzo@salgotarjan.huVálasztási információs szolgálatának elérhetőségei: jegyzo@salgotarjan.hu Nógrád vármegyei 01. sz. Országgyűlési Egyéni Választókerületi Választási Bizottság (OEVB)Tagok:Elnök: dr. Józsa-Kiss Andrea KatalinElnökhelyettes: dr. Hegedűs KingaTag: Szőllősi SándorPóttagok: dr. Szabó &#8230; <a title="Választási információk / Választási szervek, döntések" class="read-more" href="https://www.salgotarjan.hu/?page_id=14440" aria-label="Read more about Választási információk / Választási szervek, döntések">Olvass tovább</a></p>
