{"id":1379,"date":"2015-06-04T11:24:51","date_gmt":"2015-06-04T10:24:51","guid":{"rendered":"http:\/\/www.salgotarjan.hu\/?page_id=1379"},"modified":"2016-12-02T20:15:49","modified_gmt":"2016-12-02T19:15:49","slug":"projekt-arop-1-a-3-2014-0091","status":"publish","type":"page","link":"https:\/\/www.salgotarjan.hu\/?page_id=1379","title":{"rendered":"Projektek \/ Projektek 2007-2013 \/ \u00c1ROP-1.A.3-2014-2014-0091"},"content":{"rendered":"<p><img decoding=\"async\" src=\"https:\/\/www.salgotarjan.hu\/wp-content\/uploads\/fajl_projektek_20160111_arop-1-a-3-2014-2014-0091_szechenyi_fejlec.jpg\" alt=\"\"><\/p>\n<p><strong>\u00c1ROP-1.A.3-2014-2014-0091<\/strong> sz. p\u00e1ly\u00e1zati konstrukci\u00f3 keret\u00e9ben megval\u00f3sul\u00f3, \u201eTer\u00fcleti egy\u00fcttm\u0171k\u00f6d\u00e9st seg\u00edt\u0151 programok kialak\u00edt\u00e1sa a Salg\u00f3tarj\u00e1ni j\u00e1r\u00e1sban, a Helyi Es\u00e9lyegyenl\u0151s\u00e9gi Programok c\u00e9lkit\u0171z\u00e9seinek megval\u00f3s\u00edt\u00e1sa \u00e9rdek\u00e9ben\u201d.<\/p>\n<p>A projekt c\u00edme:<br \/>\n<strong>Ter\u00fcleti egy\u00fcttm\u0171k\u00f6d\u00e9st seg\u00edt\u0151 programok kialak\u00edt\u00e1sa a Salg\u00f3tarj\u00e1ni j\u00e1r\u00e1sban, a Helyi Es\u00e9lyegyenl\u0151s\u00e9gi Programok c\u00e9lkit\u0171z\u00e9seinek megval\u00f3s\u00edt\u00e1sa \u00e9rdek\u00e9ben<\/strong><br \/>\nA projekt azonos\u00edt\u00f3 sz\u00e1ma:<br \/>\n<strong>\u00c1ROP-1.A.3-2014-2014-0091<\/strong><br \/>\nA kedvezm\u00e9nyezett neve:<br \/>\n<strong>Salg\u00f3tarj\u00e1n Megyei Jog\u00fa V\u00e1ros \u00d6nkorm\u00e1nyzata<\/strong><br \/>\nA szerz\u0151d\u00f6tt t\u00e1mogat\u00e1s \u00f6sszege: <strong>32 272 376 Ft<\/strong><br \/>\nA t\u00e1mogat\u00e1s m\u00e9rt\u00e9ke: <strong>100%<\/strong><br \/>\nA projekt t\u00e9nyleges befejez\u00e9si d\u00e1tuma: <strong>2015.11.30.<\/strong><\/p>\n<p>A helyi szinteken kidolgozott \u00e9s megval\u00f3s\u00edt\u00e1s alatt \u00e1ll\u00f3 strat\u00e9giai programok egyike az helyi es\u00e9lyegyenl\u0151s\u00e9gi program, melyet az egyenl\u0151 b\u00e1n\u00e1sm\u00f3dr\u00f3l \u00e9s az es\u00e9lyegyenl\u0151s\u00e9g el\u0151mozd\u00edt\u00e1s\u00e1r\u00f3l sz\u00f3l\u00f3 2003. \u00e9vi CXXV. t\u00f6rv\u00e9ny, a 321\/2011.(XII.27.) Korm\u00e1nyrendelet valamint a 2\/2012. (VI.1.) EMMI rendelet \u00e9rtelm\u00e9ben minden telep\u00fcl\u00e9si \u00f6nkorm\u00e1nyzat r\u00e9szletes helyzetelemz\u00e9s alapj\u00e1n k\u00f6teles elk\u00e9sz\u00edteni, s abban a felt\u00e1rt &#8211; az es\u00e9lyegyenl\u0151s\u00e9gi c\u00e9lcsoportok, h\u00e1tr\u00e1nyos helyzet\u0171 t\u00e1rsadalmi csoportok oktat\u00e1si, lakhat\u00e1si, foglalkoztat\u00e1si, eg\u00e9szs\u00e9g\u00fcgyi \u00e9s szoci\u00e1lis probl\u00e9m\u00e1inak enyh\u00edt\u00e9se, megold\u00e1sa \u00e9rdek\u00e9ben int\u00e9zked\u00e9si tervet is meghat\u00e1rozni, azt a lehet\u0151 legteljesebb m\u00e9rt\u00e9kben megval\u00f3s\u00edtani.<\/p>\n<p>Jelen p\u00e1ly\u00e1zat c\u00e9lja olyan modell jelleg\u0171 egy\u00fcttm\u0171k\u00f6d\u00e9si programok megtervez\u00e9se \u00e9s megval\u00f3s\u00edt\u00e1sa, amelyek c\u00e9lja az egy j\u00e1r\u00e1shoz tartoz\u00f3 telep\u00fcl\u00e9sek, \u00e9s m\u00e1s helyi szerepl\u0151k k\u00f6z\u00f6tti ter\u00fcleti egy\u00fcttm\u0171k\u00f6d\u00e9sek kialak\u00edt\u00e1sa \u00e9s meger\u0151s\u00edt\u00e9se a t\u00e1rsadalmi felz\u00e1rk\u00f3z\u00e1st el\u0151seg\u00edt\u0151 \u00e9s a helyi es\u00e9lyegyenl\u0151s\u00e9gi programok v\u00e9grehajt\u00e1s\u00e1hoz kapcsol\u00f3d\u00f3 &#8211; a j\u00e1r\u00e1ssz\u00e9kely telep\u00fcl\u00e9sek \u00e1ltal ell\u00e1tott &#8211; koordin\u00e1ci\u00f3s tev\u00e9kenys\u00e9g megval\u00f3s\u00edt\u00e1s\u00e1val.<\/p>\n<p>A megval\u00f3s\u00edt\u00e1s kapcs\u00e1n lehet\u0151s\u00e9g ny\u00edlik az \u00f6nkorm\u00e1nyzatok \u00e9s az \u00e1llami fenntart\u00e1sba ker\u00fclt int\u00e9zm\u00e9nyek \u00e1ltal ell\u00e1tott k\u00f6zszolg\u00e1ltat\u00e1sok megszervez\u00e9s\u00e9nek finomhangol\u00e1s\u00e1ra, k\u00fcl\u00f6n\u00f6s tekintettel az es\u00e9lyegyenl\u0151s\u00e9g \u00e9rv\u00e9nyes\u00edt\u00e9s\u00e9re a felz\u00e1rk\u00f3z\u00e1s, az oktat\u00e1s, k\u00e9pz\u00e9s, a szoci\u00e1lis ell\u00e1t\u00e1sok, az eg\u00e9szs\u00e9g\u00fcgy \u00e9s a foglalkoztat\u00e1s ter\u00fclet\u00e9n.<br \/>\nA 2014-\u00ad2020 k\u00f6z\u00f6tt tervezett felz\u00e1rk\u00f3z\u00e1si\/es\u00e9lyegyenl\u0151s\u00e9gi fejleszt\u00e9sek eset\u00e9ben kiemelt figyelmet kap a helyi es\u00e9lyegyenl\u0151s\u00e9gi programok int\u00e9zked\u00e9si terv\u00e9ben r\u00f6gz\u00edtett mutat\u00f3k pozit\u00edv ir\u00e1ny\u00fa v\u00e1ltoz\u00e1sa \u00e9s az ezek \u00e9rdek\u00e9ben v\u00e9grehajtott programok t\u00e1mogat\u00e1sa. T\u00e1rsadalmi felz\u00e1rk\u00f3z\u00e1si c\u00e9l\u00fa fejleszt\u00e9sekn\u00e9l az \u00f6nkorm\u00e1nyzatok programjainak illeszkedni\u00fck kell a helyi es\u00e9lyegyenl\u0151s\u00e9gi programjuk int\u00e9zked\u00e9si terv\u00e9ben foglaltak megval\u00f3s\u00edt\u00e1s\u00e1hoz.<\/p>\n<p><strong>Let\u00f6lthet\u0151 dokumentumok:<\/strong><br \/>\n<a href=\"https:\/\/www.salgotarjan.hu\/wp-content\/uploads\/fajl_projektek_20160111_arop-1-a-3-2014-2014-0091_eselyteremto_programterv.pdf\">Es\u00e9lyteremt\u0151 programterv<\/a> (pdf)<br \/>\n<a href=\"https:\/\/www.salgotarjan.hu\/wp-content\/uploads\/fajl_projektek_20160111_arop-1-a-3-2014-2014-0091_hep.pdf\">Helyi Es\u00e9lyegyenl\u0151s\u00e9gi Program<\/a> (pdf)<br \/>\n<a href=\"https:\/\/www.salgotarjan.hu\/wp-content\/uploads\/fajl_projektek_20160111_arop-1-a-3-2014-2014-0091_jogszabalyi_hatter.pdf\">Jogszab\u00e1lyi h\u00e1tt\u00e9r<\/a> (pdf)<br \/>\n<a href=\"https:\/\/www.salgotarjan.hu\/wp-content\/uploads\/fajl_projektek_20160111_arop-1-a-3-2014-2014-0091_sajtokozlemeny.pdf\">Sajt\u00f3k\u00f6zlem\u00e9ny<\/a> (pdf)<br \/>\n<a href=\"https:\/\/www.salgotarjan.hu\/wp-content\/uploads\/fajl_projektek_20160111_arop-1-a-3-2014-2014-0091_felelossegi.pdf\">Felel\u0151ss\u00e9gi rend \u00e9s d\u00f6nt\u00e9si folyamat<\/a> (pdf)<\/p>\n<p><iframe loading=\"lazy\" width=\"560\" height=\"315\" src=\"https:\/\/www.youtube.com\/embed\/z7t1mJ1ObEM?list=PL8_-zoANyYwj3lAdEXOg4CKKQSSju3yEc\" frameborder=\"0\" allowfullscreen><\/iframe><br \/>\n(A vide\u00f3 fels\u0151 r\u00e9sz\u00e9n l\u00e9v\u0151 &#8222;Lej\u00e1tsz\u00e1si list\u00e1ban&#8221; \/Playlist\/ a projekthez kapcsol\u00f3d\u00f3 tov\u00e1bbi vide\u00f3k \u00e9s f\u00e9nyk\u00e9palbumok is vannak.)<\/p>\n","protected":false},"excerpt":{"rendered":"<p>\u00c1ROP-1.A.3-2014-2014-0091 sz. p\u00e1ly\u00e1zati konstrukci\u00f3 keret\u00e9ben megval\u00f3sul\u00f3, \u201eTer\u00fcleti egy\u00fcttm\u0171k\u00f6d\u00e9st seg\u00edt\u0151 programok kialak\u00edt\u00e1sa a Salg\u00f3tarj\u00e1ni j\u00e1r\u00e1sban, a Helyi Es\u00e9lyegyenl\u0151s\u00e9gi Programok c\u00e9lkit\u0171z\u00e9seinek megval\u00f3s\u00edt\u00e1sa \u00e9rdek\u00e9ben\u201d. A projekt c\u00edme: Ter\u00fcleti egy\u00fcttm\u0171k\u00f6d\u00e9st seg\u00edt\u0151 programok kialak\u00edt\u00e1sa a Salg\u00f3tarj\u00e1ni j\u00e1r\u00e1sban, a Helyi Es\u00e9lyegyenl\u0151s\u00e9gi Programok c\u00e9lkit\u0171z\u00e9seinek megval\u00f3s\u00edt\u00e1sa \u00e9rdek\u00e9ben A projekt azonos\u00edt\u00f3 sz\u00e1ma: \u00c1ROP-1.A.3-2014-2014-0091 A kedvezm\u00e9nyezett neve: Salg\u00f3tarj\u00e1n Megyei Jog\u00fa V\u00e1ros \u00d6nkorm\u00e1nyzata A szerz\u0151d\u00f6tt t\u00e1mogat\u00e1s &#8230; <a title=\"Projektek \/ Projektek 2007-2013 \/ \u00c1ROP-1.A.3-2014-2014-0091\" class=\"read-more\" href=\"https:\/\/www.salgotarjan.hu\/?page_id=1379\" aria-label=\"Read more about Projektek \/ Projektek 2007-2013 \/ \u00c1ROP-1.A.3-2014-2014-0091\">Olvass tov\u00e1bb<\/a><\/p>\n","protected":false},"author":7,"featured_media":0,"parent":0,"menu_order":0,"comment_status":"closed","ping_status":"closed","template":"","meta":{"footnotes":""},"class_list":["post-1379","page","type-page","status-publish"],"_links":{"self":[{"href":"https:\/\/www.salgotarjan.hu\/index.php?rest_route=\/wp\/v2\/pages\/1379","targetHints":{"allow":["GET"]}}],"collection":[{"href":"https:\/\/www.salgotarjan.hu\/index.php?rest_route=\/wp\/v2\/pages"}],"about":[{"href":"https:\/\/www.salgotarjan.hu\/index.php?rest_route=\/wp\/v2\/types\/page"}],"author":[{"embeddable":true,"href":"https:\/\/www.salgotarjan.hu\/index.php?rest_route=\/wp\/v2\/users\/7"}],"replies":[{"embeddable":true,"href":"https:\/\/www.salgotarjan.hu\/index.php?rest_route=%2Fwp%2Fv2%2Fcomments&post=1379"}],"version-history":[{"count":29,"href":"https:\/\/www.salgotarjan.hu\/index.php?rest_route=\/wp\/v2\/pages\/1379\/revisions"}],"predecessor-version":[{"id":5245,"href":"https:\/\/www.salgotarjan.hu\/index.php?rest_route=\/wp\/v2\/pages\/1379\/revisions\/5245"}],"wp:attachment":[{"href":"https:\/\/www.salgotarjan.hu\/index.php?rest_route=%2Fwp%2Fv2%2Fmedia&parent=1379"}],"curies":[{"name":"wp","href":"https:\/\/api.w.org\/{rel}","templated":true}]}}