{"id":12747,"date":"2022-02-12T14:00:36","date_gmt":"2022-02-12T13:00:36","guid":{"rendered":"https:\/\/www.salgotarjan.hu\/?page_id=12747"},"modified":"2022-04-09T20:10:40","modified_gmt":"2022-04-09T18:10:40","slug":"valasztasok-valasztasi-bizottsag-dontesei-2022-evi-orszaggyulesi-valasztasok","status":"publish","type":"page","link":"https:\/\/www.salgotarjan.hu\/?page_id=12747","title":{"rendered":"V\u00e1laszt\u00e1sok \/ V\u00e1laszt\u00e1si bizotts\u00e1g d\u00f6nt\u00e9sei \/ 2022. \u00e9vi orsz\u00e1ggy\u0171l\u00e9si v\u00e1laszt\u00e1sok"},"content":{"rendered":"\n<p>1\/2022.(II.16.) OEVB sz. hat\u00e1rozat<br>Becs\u00f3 Zsolt, a Fidesz \u2013 Magyar Polg\u00e1ri Sz\u00f6vets\u00e9g \u00e9s a Kereszt\u00e9nydemokrata N\u00e9pp\u00e1rt k\u00f6z\u00f6s jel\u00f6ltj\u00e9nek nyilv\u00e1ntart\u00e1sba v\u00e9tele<br><a rel=\"noreferrer noopener\" href=\"https:\/\/www.salgotarjan.hu\/wp-content\/uploads\/valasztasok_20220216_hvb_1.pdf\" target=\"_blank\">Let\u00f6lt\u00e9s<\/a> (pdf)<\/p>\n\n\n\n<p>2\/2022.(II.16.) OEVB sz. hat\u00e1rozat<br>God\u00f3 Beatrix Katalin, a Demokratikus Koal\u00edci\u00f3, a Jobbik Magyarorsz\u00e1g\u00e9rt Mozgalom, az LMP \u2013 Magyarorsz\u00e1g Z\u00f6ld P\u00e1rtja, a Magyar Szocialista P\u00e1rt, a Momentum Mozgalom \u00e9s a P\u00e1rbesz\u00e9d Magyarorsz\u00e1g\u00e9rt P\u00e1rt k\u00f6z\u00f6s jel\u00f6ltj\u00e9nek nyilv\u00e1ntart\u00e1sba v\u00e9tele<br><a rel=\"noreferrer noopener\" href=\"https:\/\/www.salgotarjan.hu\/wp-content\/uploads\/valasztasok_20220216_hvb_2.pdf\" target=\"_blank\">Let\u00f6lt\u00e9s<\/a> (pdf)<\/p>\n\n\n\n<p>3\/2022.(II.18.) OEVB sz. hat\u00e1rozat<br>Dr. Muszt\u00e1cs L\u00e1szl\u00f3, a Mi Haz\u00e1nk Mozgalom jel\u00f6ltj\u00e9nek nyilv\u00e1ntart\u00e1sba v\u00e9tele<br><a href=\"https:\/\/www.salgotarjan.hu\/wp-content\/uploads\/valasztasok_20220218_oevb_3.pdf\" target=\"_blank\" rel=\"noreferrer noopener\">Let\u00f6lt\u00e9s<\/a> (pdf)<\/p>\n\n\n\n<p>4\/2022.(II.18.) OEVB sz. hat\u00e1rozat<br>K.D. mag\u00e1nszem\u00e9ly \u00e1ltal beny\u00fajtott kifog\u00e1s elb\u00edr\u00e1l\u00e1sa<br><a rel=\"noreferrer noopener\" href=\"https:\/\/www.salgotarjan.hu\/wp-content\/uploads\/valasztasok_20220218_oevb_4.pdf\" target=\"_blank\">Let\u00f6lt\u00e9s<\/a> (pdf)<\/p>\n\n\n\n<p>5\/2022.(II.22.) OEVB sz. hat\u00e1rozat<br>Kecsk\u00e9s P\u00e9ter, a Megold\u00e1s Mozgalom jel\u00f6ltj\u00e9nek nyilv\u00e1ntart\u00e1sba v\u00e9tele<br><a rel=\"noreferrer noopener\" href=\"https:\/\/www.salgotarjan.hu\/wp-content\/uploads\/valasztasok_20220222_oevb_5.pdf\" target=\"_blank\">Let\u00f6lt\u00e9s<\/a> (pdf)<\/p>\n\n\n\n<p>6\/2022.(II.22.) OEVB sz. hat\u00e1rozat<br>Pint\u00e9r Zsolt, a Norm\u00e1lis \u00c9let P\u00e1rtja jel\u00f6ltj\u00e9nek nyilv\u00e1ntart\u00e1sba v\u00e9tele<br><a rel=\"noreferrer noopener\" href=\"https:\/\/www.salgotarjan.hu\/wp-content\/uploads\/valasztasok_20220222_oevb_6.pdf\" target=\"_blank\">Let\u00f6lt\u00e9s<\/a> (pdf)<\/p>\n\n\n\n<p>7\/2022.(II.22.) OEVB sz. hat\u00e1rozat<br>Krizs Norbert, a Magyar Munk\u00e1sp\u00e1rt \u00e9s az Igen Szolidarit\u00e1s Magyarorsz\u00e1g\u00e9rt Mozgalom k\u00f6z\u00f6s jel\u00f6ltj\u00e9nek nyilv\u00e1ntart\u00e1sba v\u00e9tele<br><a rel=\"noreferrer noopener\" href=\"https:\/\/www.salgotarjan.hu\/wp-content\/uploads\/valasztasok_20220222_oevb_7.pdf\" target=\"_blank\">Let\u00f6lt\u00e9s<\/a> (pdf)<\/p>\n\n\n\n<p>8\/2022.(II.22.) OEVB sz. hat\u00e1rozat<br>Magyar Szocialista P\u00e1rt \u00e1ltal beny\u00fajtott kifog\u00e1s elb\u00edr\u00e1l\u00e1sa<br><a rel=\"noreferrer noopener\" href=\"https:\/\/www.salgotarjan.hu\/wp-content\/uploads\/valasztasok_20220222_oevb_8.pdf\" target=\"_blank\">Let\u00f6lt\u00e9s<\/a> (pdf)<br><br>9\/2022.(II.25.) OEVB sz. hat\u00e1rozat<br>Paul\u00f3 Mih\u00e1ly Tam\u00e1s, a Magyar K\u00e9tfark\u00fa Kutya P\u00e1rt jel\u00f6ltj\u00e9nek nyilv\u00e1ntart\u00e1sba v\u00e9tele<br><a href=\"https:\/\/www.salgotarjan.hu\/wp-content\/uploads\/valasztasok_20220225_oevb_9.pdf\" target=\"_blank\" rel=\"noreferrer noopener\">Let\u00f6lt\u00e9s<\/a> (pdf)<\/p>\n\n\n\n<p>10\/2022.(II.25.) OEVB sz. hat\u00e1rozat<br>Az orsz\u00e1ggy\u0171l\u00e9si k\u00e9pvisel\u0151k 2022. \u00e9vi \u00e1ltal\u00e1nos v\u00e1laszt\u00e1sa N\u00f3gr\u00e1d megyei 01. sz. egy\u00e9ni v\u00e1laszt\u00f3ker\u00fclete szavaz\u00f3lapj\u00e1n szerepl\u0151 jel\u00f6ltek sorrendj\u00e9nek kisorsol\u00e1sa<br><a rel=\"noreferrer noopener\" href=\"https:\/\/www.salgotarjan.hu\/wp-content\/uploads\/valasztasok_20220225_oevb_10.pdf\" target=\"_blank\">Let\u00f6lt\u00e9s<\/a> (pdf)<\/p>\n\n\n\n<p>11\/2022.(III.01.) OEVB sz. hat\u00e1rozat<br>B\u00edrs\u00e1g kiszab\u00e1sa a Magyar Munk\u00e1sp\u00e1rtra \u00e9s az Igen Szolidarit\u00e1s Magyarorsz\u00e1g\u00e9rt Mozgalomra<br><a href=\"https:\/\/www.salgotarjan.hu\/wp-content\/uploads\/valasztasok_20220301_oevb_11.pdf\" target=\"_blank\" rel=\"noreferrer noopener\">Let\u00f6lt\u00e9s<\/a> (pdf)<\/p>\n\n\n\n<p>12\/2022.(III.01.) OEVB sz. hat\u00e1rozat<br>B\u00edrs\u00e1g kiszab\u00e1sa a Mi Haz\u00e1nk Mozgalomra<br><a href=\"https:\/\/www.salgotarjan.hu\/wp-content\/uploads\/valasztasok_20220301_oevb_12.pdf\" target=\"_blank\" rel=\"noreferrer noopener\">Let\u00f6lt\u00e9s<\/a> (pdf)<\/p>\n\n\n\n<p>13\/2022.(III.01.) OEVB sz. hat\u00e1rozat<br>B\u00edrs\u00e1g kiszab\u00e1sa a Norm\u00e1lis \u00c9let P\u00e1rtj\u00e1ra<br><a href=\"https:\/\/www.salgotarjan.hu\/wp-content\/uploads\/valasztasok_20220301_oevb_13.pdf\" target=\"_blank\" rel=\"noreferrer noopener\">Let\u00f6lt\u00e9s<\/a> (pdf)<\/p>\n\n\n\n<p>14\/2022.(III.01.) OEVB sz. hat\u00e1rozat<br>B\u00edrs\u00e1g kiszab\u00e1sa a Magyar K\u00e9tfark\u00fa Kutya P\u00e1rtra<br><a href=\"https:\/\/www.salgotarjan.hu\/wp-content\/uploads\/valasztasok_20220301_oevb_14.pdf\" target=\"_blank\" rel=\"noreferrer noopener\">Let\u00f6lt\u00e9s<\/a> (pdf)<\/p>\n\n\n\n<p>15\/2022.(III.01.) OEVB sz. hat\u00e1rozat<br>B\u00edrs\u00e1g kiszab\u00e1sa a Mi P\u00e1rtunk &#8211; IMA-ra<br><a href=\"https:\/\/www.salgotarjan.hu\/wp-content\/uploads\/valasztasok_20220301_oevb_15.pdf\" target=\"_blank\" rel=\"noreferrer noopener\">Let\u00f6lt\u00e9s<\/a> (pdf)<\/p>\n\n\n\n<p>16\/2022.(III.01.) OEVB sz. hat\u00e1rozat<br>B\u00edrs\u00e1g kiszab\u00e1sa a Mindent a Cig\u00e1nyok\u00e9rt F\u00f3rum P\u00e1rtra<br><a rel=\"noreferrer noopener\" href=\"https:\/\/www.salgotarjan.hu\/wp-content\/uploads\/valasztasok_20220301_oevb_16.pdf\" target=\"_blank\">Let\u00f6lt\u00e9s<\/a> (pdf)<\/p>\n\n\n\n<p>17\/2022.(III.02.) OEVB sz. hat\u00e1rozat<br>N\u00f3gr\u00e1d megyei 01. sz. Orsz\u00e1ggy\u0171l\u00e9si Egy\u00e9ni V\u00e1laszt\u00f3ker\u00fcleti V\u00e1laszt\u00e1si Bizotts\u00e1g 17\/2022. (III.2.) OEVB hat\u00e1rozata a 11\/2022. (III.1.) OEVB sz. hat\u00e1rozat\u00e1nak kijav\u00edt\u00e1s\u00e1r\u00f3l<br><a href=\"https:\/\/www.salgotarjan.hu\/wp-content\/uploads\/valasztasok_20220302_oevb_17.pdf\">Let\u00f6lt\u00e9s<\/a> (pdf)<\/p>\n\n\n\n<p>18\/2022.(III.02.) OEVB sz. hat\u00e1rozat<br>N\u00f3gr\u00e1d megyei 01. sz. Orsz\u00e1ggy\u0171l\u00e9si Egy\u00e9ni V\u00e1laszt\u00f3ker\u00fcleti V\u00e1laszt\u00e1si Bizotts\u00e1g 18\/2022. (III.2.) OEVB hat\u00e1rozata a 12\/2022. (III.1.) OEVB sz. hat\u00e1rozat\u00e1nak kijav\u00edt\u00e1s\u00e1r\u00f3l<br><a href=\"https:\/\/www.salgotarjan.hu\/wp-content\/uploads\/valasztasok_20220302_oevb_18.pdf\">Let\u00f6lt\u00e9s<\/a> (pdf)<\/p>\n\n\n\n<p>19\/2022.(III.02.) OEVB sz. hat\u00e1rozat<br>N\u00f3gr\u00e1d megyei 01. sz. Orsz\u00e1ggy\u0171l\u00e9si Egy\u00e9ni V\u00e1laszt\u00f3ker\u00fcleti V\u00e1laszt\u00e1si Bizotts\u00e1g 19\/2022. (III.2.) OEVB hat\u00e1rozata a 13\/2022. (III.1.) OEVB sz. hat\u00e1rozat\u00e1nak kijav\u00edt\u00e1s\u00e1r\u00f3l<br><a href=\"https:\/\/www.salgotarjan.hu\/wp-content\/uploads\/valasztasok_20220302_oevb_19.pdf\">Let\u00f6lt\u00e9s<\/a> (pdf)<\/p>\n\n\n\n<p>20\/2022.(III.02.) OEVB sz. hat\u00e1rozat<br>N\u00f3gr\u00e1d megyei 01. sz. Orsz\u00e1ggy\u0171l\u00e9si Egy\u00e9ni V\u00e1laszt\u00f3ker\u00fcleti V\u00e1laszt\u00e1si Bizotts\u00e1g 20\/2022. (III.2.) OEVB hat\u00e1rozata a 14\/2022. (III.1.) OEVB sz. hat\u00e1rozat\u00e1nak kijav\u00edt\u00e1s\u00e1r\u00f3l<br><a href=\"https:\/\/www.salgotarjan.hu\/wp-content\/uploads\/valasztasok_20220302_oevb_20.pdf\">Let\u00f6lt\u00e9s<\/a> (pdf)<\/p>\n\n\n\n<p>21\/2022.(III.02.) OEVB sz. hat\u00e1rozat<br>N\u00f3gr\u00e1d megyei 01. sz. Orsz\u00e1ggy\u0171l\u00e9si Egy\u00e9ni V\u00e1laszt\u00f3ker\u00fcleti V\u00e1laszt\u00e1si Bizotts\u00e1g 21\/2022. (III.2.) OEVB hat\u00e1rozata a 15\/2022. (III.1.) OEVB sz. hat\u00e1rozat\u00e1nak kijav\u00edt\u00e1s\u00e1r\u00f3l<br><a href=\"https:\/\/www.salgotarjan.hu\/wp-content\/uploads\/valasztasok_20220302_oevb_21.pdf\">Let\u00f6lt\u00e9s<\/a> (pdf)<\/p>\n\n\n\n<p>22\/2022.(III.02.) OEVB sz. hat\u00e1rozat<br>N\u00f3gr\u00e1d megyei 01. sz. Orsz\u00e1ggy\u0171l\u00e9si Egy\u00e9ni V\u00e1laszt\u00f3ker\u00fcleti V\u00e1laszt\u00e1si Bizotts\u00e1g 22\/2022. (III.2.) OEVB hat\u00e1rozata a 16\/2022. (III.1.) OEVB sz. hat\u00e1rozat\u00e1nak kijav\u00edt\u00e1s\u00e1r\u00f3l<br><a href=\"https:\/\/www.salgotarjan.hu\/wp-content\/uploads\/valasztasok_20220302_oevb_22.pdf\">Let\u00f6lt\u00e9s<\/a> (pdf)<\/p>\n\n\n\n<p>23\/2022.(III.04.) OEVB sz. hat\u00e1rozat<br>K.D. mag\u00e1nszem\u00e9ly \u00e1ltal beny\u00fajtott kifog\u00e1s elb\u00edr\u00e1l\u00e1sa<br><a href=\"https:\/\/www.salgotarjan.hu\/wp-content\/uploads\/valasztasok_20220304_oevb_23.pdf\" target=\"_blank\" rel=\"noreferrer noopener\">Let\u00f6lt\u00e9s<\/a> (pdf)<\/p>\n\n\n\n<p>24\/2022.(III.07.) OEVB sz. hat\u00e1rozat<br>A N\u00f3gr\u00e1d megyei 01. sz. orsz\u00e1ggy\u0171l\u00e9si egy\u00e9ni v\u00e1laszt\u00f3ker\u00fcleti szavaz\u00f3lap adattartalm\u00e1nak j\u00f3v\u00e1hagy\u00e1sa<br><a rel=\"noreferrer noopener\" href=\"https:\/\/www.salgotarjan.hu\/wp-content\/uploads\/valasztasok_20220307_oevb_24.pdf\" target=\"_blank\">Let\u00f6lt\u00e9s<\/a> (pdf)<\/p>\n\n\n\n<p>25\/2022.(III.11.) OEVB sz. hat\u00e1rozat<br>A k\u00fclk\u00e9pviseleteken leadott, valamint az \u00e1tjelentkez\u00e9ssel szavaz\u00f3 v\u00e1laszt\u00f3polg\u00e1rok \u00e1ltal leadott szavazatok megsz\u00e1ml\u00e1l\u00e1s\u00e1ra illet\u00e9kes, az orsz\u00e1ggy\u0171l\u00e9si egy\u00e9ni v\u00e1laszt\u00f3ker\u00fclet sz\u00e9khely telep\u00fcl\u00e9s\u00e9n m\u0171k\u00f6d\u0151 szavazatsz\u00e1ml\u00e1l\u00f3 bizotts\u00e1g kijel\u00f6l\u00e9se<br><a href=\"https:\/\/www.salgotarjan.hu\/wp-content\/uploads\/valasztasok_20220311_oevb_25.pdf\">Let\u00f6lt\u00e9s<\/a> (pdf)<\/p>\n\n\n\n<p>26\/2022.(III.11.) OEVB sz. hat\u00e1rozat<br>L.R. mag\u00e1nszem\u00e9ly \u00e1ltal 2022. m\u00e1rcius 8. napj\u00e1n beny\u00fajtott kifog\u00e1s elb\u00edr\u00e1l\u00e1sa<br><a href=\"https:\/\/www.salgotarjan.hu\/wp-content\/uploads\/valasztasok_20220311_oevb_26.pdf\">Let\u00f6lt\u00e9s<\/a> (pdf)<\/p>\n\n\n\n<p>27\/2022.(III.11.) OEVB sz. hat\u00e1rozat<br>L.R. mag\u00e1nszem\u00e9ly \u00e1ltal 2022. m\u00e1rcius 9. napj\u00e1n beny\u00fajtott kifog\u00e1s elb\u00edr\u00e1l\u00e1sa<br><a href=\"https:\/\/www.salgotarjan.hu\/wp-content\/uploads\/valasztasok_20220311_oevb_27.pdf\">Let\u00f6lt\u00e9s<\/a> (pdf)<\/p>\n\n\n\n<p>28\/2022.(III.25.) OEVB sz. hat\u00e1rozat<br>R.\u00c1. mag\u00e1nszem\u00e9ly \u00e1ltal beny\u00fajtott kifog\u00e1s elb\u00edr\u00e1l\u00e1sa<br><a href=\"https:\/\/www.salgotarjan.hu\/wp-content\/uploads\/valasztasok_20220325_oevb_28.pdf\">Let\u00f6lt\u00e9s<\/a> (pdf)<\/p>\n\n\n\n<p>29\/2022.(IV.01.) OEVB sz. hat\u00e1rozat<br>L.R. mag\u00e1nszem\u00e9ly \u00e1ltal beny\u00fajtott kifog\u00e1s elb\u00edr\u00e1l\u00e1sa<br><a href=\"https:\/\/www.salgotarjan.hu\/wp-content\/uploads\/valasztasok_20220401_oevb_29.pdf\">Let\u00f6lt\u00e9s<\/a> (pdf)<\/p>\n\n\n\n<p>30\/2022.(IV.01.) OEVB sz. hat\u00e1rozat<br>T.Z. mag\u00e1nszem\u00e9ly \u00e1ltal beny\u00fajtott kifog\u00e1s elb\u00edr\u00e1l\u00e1sa<br><a href=\"https:\/\/www.salgotarjan.hu\/wp-content\/uploads\/valasztasok_20220401_oevb_30.pdf\">Let\u00f6lt\u00e9s<\/a> (pdf)<\/p>\n\n\n\n<p>31\/2022.(IV.01.) OEVB sz. hat\u00e1rozat<br>N-M.J. mag\u00e1nszem\u00e9ly \u00e1ltal beny\u00fajtott kifog\u00e1s elb\u00edr\u00e1l\u00e1sa<br><a href=\"https:\/\/www.salgotarjan.hu\/wp-content\/uploads\/valasztasok_20220401_oevb_31.pdf\">Let\u00f6lt\u00e9s<\/a> (pdf)<\/p>\n\n\n\n<p>32\/2022.(IV.09.) OEVB sz. hat\u00e1rozat<br>A N\u00f3gr\u00e1d megyei 01. sz\u00e1m\u00fa orsz\u00e1ggy\u0171l\u00e9si egy\u00e9ni v\u00e1laszt\u00f3ker\u00fclet v\u00e1laszt\u00e1si eredm\u00e9ny\u00e9nek meg\u00e1llap\u00edt\u00e1sa<br><a href=\"https:\/\/www.salgotarjan.hu\/wp-content\/uploads\/valasztasok_20220409_oevb_32.pdf\">Let\u00f6lt\u00e9s<\/a> (pdf)<\/p>\n","protected":false},"excerpt":{"rendered":"<p>1\/2022.(II.16.) OEVB sz. hat\u00e1rozatBecs\u00f3 Zsolt, a Fidesz \u2013 Magyar Polg\u00e1ri Sz\u00f6vets\u00e9g \u00e9s a Kereszt\u00e9nydemokrata N\u00e9pp\u00e1rt k\u00f6z\u00f6s jel\u00f6ltj\u00e9nek nyilv\u00e1ntart\u00e1sba v\u00e9teleLet\u00f6lt\u00e9s (pdf) 2\/2022.(II.16.) OEVB sz. hat\u00e1rozatGod\u00f3 Beatrix Katalin, a Demokratikus Koal\u00edci\u00f3, a Jobbik Magyarorsz\u00e1g\u00e9rt Mozgalom, az LMP \u2013 Magyarorsz\u00e1g Z\u00f6ld P\u00e1rtja, a Magyar Szocialista P\u00e1rt, a Momentum Mozgalom \u00e9s a P\u00e1rbesz\u00e9d Magyarorsz\u00e1g\u00e9rt P\u00e1rt k\u00f6z\u00f6s jel\u00f6ltj\u00e9nek nyilv\u00e1ntart\u00e1sba v\u00e9teleLet\u00f6lt\u00e9s &#8230; <a title=\"V\u00e1laszt\u00e1sok \/ V\u00e1laszt\u00e1si bizotts\u00e1g d\u00f6nt\u00e9sei \/ 2022. \u00e9vi orsz\u00e1ggy\u0171l\u00e9si v\u00e1laszt\u00e1sok\" class=\"read-more\" href=\"https:\/\/www.salgotarjan.hu\/?page_id=12747\" aria-label=\"Read more about V\u00e1laszt\u00e1sok \/ V\u00e1laszt\u00e1si bizotts\u00e1g d\u00f6nt\u00e9sei \/ 2022. \u00e9vi orsz\u00e1ggy\u0171l\u00e9si v\u00e1laszt\u00e1sok\">Olvass tov\u00e1bb<\/a><\/p>\n","protected":false},"author":7,"featured_media":0,"parent":0,"menu_order":0,"comment_status":"closed","ping_status":"closed","template":"","meta":{"footnotes":""},"class_list":["post-12747","page","type-page","status-publish"],"_links":{"self":[{"href":"https:\/\/www.salgotarjan.hu\/index.php?rest_route=\/wp\/v2\/pages\/12747","targetHints":{"allow":["GET"]}}],"collection":[{"href":"https:\/\/www.salgotarjan.hu\/index.php?rest_route=\/wp\/v2\/pages"}],"about":[{"href":"https:\/\/www.salgotarjan.hu\/index.php?rest_route=\/wp\/v2\/types\/page"}],"author":[{"embeddable":true,"href":"https:\/\/www.salgotarjan.hu\/index.php?rest_route=\/wp\/v2\/users\/7"}],"replies":[{"embeddable":true,"href":"https:\/\/www.salgotarjan.hu\/index.php?rest_route=%2Fwp%2Fv2%2Fcomments&post=12747"}],"version-history":[{"count":1,"href":"https:\/\/www.salgotarjan.hu\/index.php?rest_route=\/wp\/v2\/pages\/12747\/revisions"}],"predecessor-version":[{"id":13008,"href":"https:\/\/www.salgotarjan.hu\/index.php?rest_route=\/wp\/v2\/pages\/12747\/revisions\/13008"}],"wp:attachment":[{"href":"https:\/\/www.salgotarjan.hu\/index.php?rest_route=%2Fwp%2Fv2%2Fmedia&parent=12747"}],"curies":[{"name":"wp","href":"https:\/\/api.w.org\/{rel}","templated":true}]}}