{"id":12237,"date":"2021-09-21T10:41:17","date_gmt":"2021-09-21T08:41:17","guid":{"rendered":"https:\/\/www.salgotarjan.hu\/?page_id=12237"},"modified":"2025-05-28T09:08:32","modified_gmt":"2025-05-28T07:08:32","slug":"fenntarthato-varosfejlesztesi-strategia-2021","status":"publish","type":"page","link":"https:\/\/www.salgotarjan.hu\/?page_id=12237","title":{"rendered":"Fenntarthat\u00f3 V\u00e1rosfejleszt\u00e9si Strat\u00e9gia"},"content":{"rendered":"\n<h2 class=\"wp-block-heading\">V\u00e9gleges FVS \u00e9s TVP<\/h2>\n\n\n\n<p><a href=\"https:\/\/www.salgotarjan.hu\/wp-content\/uploads\/fenntarthatovarosfejlesztesistrategia_20240221_fvs_kozgyules_altal_elfogadott.pdf\" target=\"_blank\" rel=\"noreferrer noopener\">Fenntarthat\u00f3 V\u00e1rosfejleszt\u00e9si Strat\u00e9gia &#8211; Ir\u00e1ny\u00edt\u00f3 Hat\u00f3s\u00e1g \u00e9s K\u00f6zgy\u0171l\u00e9s \u00e1ltal elfogadott v\u00e1ltozat 2022<\/a><\/p>\n\n\n\n<p><a href=\"https:\/\/www.salgotarjan.hu\/wp-content\/uploads\/TVP_Salgotarjan_20250409.pdf\" data-type=\"link\" data-id=\"https:\/\/www.salgotarjan.hu\/wp-content\/uploads\/TVP_Salgotarjan_20250409.pdf\">TOP Plusz V\u00e1rosfejleszt\u00e9si Programterv v5.1 &#8211; 2025<\/a><\/p>\n\n\n\n<h2 class=\"wp-block-heading\" id=\"hirdetmenyek\">Hirdetm\u00e9nyek:<\/h2>\n\n\n\n<p>2024-08-16 <a href=\"https:\/\/www.salgotarjan.hu\/?p=15225\">V\u00e1rosfejleszt\u00e9si k\u00e9rd\u0151\u00edv<\/a><\/p>\n\n\n\n<p>2024-02-21 <a href=\"https:\/\/www.salgotarjan.hu\/?p=14680\">A parkol\u00f3kkal \u00e9s a v\u00e1ros parkol\u00e1si helyzet\u00e9vel kapcsolatos k\u00e9rd\u0151\u00edv.<\/a><\/p>\n\n\n\n<p>2022-11-22 <a href=\"https:\/\/www.salgotarjan.hu\/?p=13674\">Felh\u00edv\u00e1s V\u00e1rosfejleszt\u00e9si k\u00e9rd\u0151\u00edvek kit\u00f6lt\u00e9s\u00e9re <\/a>( Kemerov\u00f3, V\u00e1s\u00e1rt\u00e9r \u00e9s Rokkant-telep )<br>( a k\u00e9rd\u0151\u00edvek k\u00f6zvetlen\u00fcl el\u00e9rhet\u0151k itt: <a href=\"https:\/\/docs.google.com\/forms\/d\/e\/1FAIpQLScKSPrkzuo2Gs7EqNLGyR9EY2Y2dO03i74K8pNgRqMxr7exKQ\/viewform\" target=\"_blank\" rel=\"noreferrer noopener\">Kemerov\u00f3<\/a>, <a href=\"https:\/\/docs.google.com\/forms\/d\/e\/1FAIpQLSdtws0hQZGvNGSln-VSbCDJAZm2d2kac2_9GtYBrfPPrt1mJg\/viewform\" target=\"_blank\" rel=\"noreferrer noopener\">V\u00e1s\u00e1rt\u00e9r \u00e9s Rokkant<\/a> )<\/p>\n\n\n\n<p>2022-01-24 <a href=\"https:\/\/www.salgotarjan.hu\/?p=12677\">K\u00e9rd\u0151\u00edv az \u00e9letmin\u0151s\u00e9get meghat\u00e1roz\u00f3 szolg\u00e1ltat\u00e1sokkal val\u00f3 el\u00e9gedetts\u00e9gr\u0151l<\/a><br><br>2021-06-28 <a href=\"https:\/\/www.salgotarjan.hu\/?p=11994\">Felh\u00edv\u00e1s a V\u00e1rosfejleszt\u00e9si k\u00e9rd\u0151\u00edvek kit\u00f6lt\u00e9s\u00e9re<\/a><br>( a k\u00e9rd\u0151\u00edvek k\u00f6zvetlen\u00fcl el\u00e9rhet\u0151k itt: <a href=\"https:\/\/docs.google.com\/forms\/d\/e\/1FAIpQLSfO3z4KeFrdVbsoo1VXYI1ampJyucpYdWoHF70mAblGh--q_w\/viewform\" target=\"_blank\" rel=\"noreferrer noopener\">v\u00e1rosfejleszt\u00e9si k\u00e9rd\u0151\u00edv<\/a>, <a href=\"https:\/\/docs.google.com\/forms\/d\/e\/1FAIpQLSdnrnpvHdVjGAcXHvZxxnaFYyBj-u4Wjuyel3E3vAYS4bjiSw\/viewform\" target=\"_blank\" rel=\"noreferrer noopener\">projektjavaslatok<\/a> )<\/p>\n\n\n\n<h2 class=\"wp-block-heading\" id=\"kapcsolodo-dokumentumok\">Kapcsol\u00f3d\u00f3 dokumentumok:<\/h2>\n\n\n\n<p><a rel=\"noreferrer noopener\" href=\"https:\/\/www.salgotarjan.hu\/wp-content\/uploads\/fenntarthatovarosfejlesztesistrategia_20210921_prezentacio.pdf\" target=\"_blank\">Salg\u00f3tarj\u00e1n MJV Fenntarthat\u00f3 V\u00e1rosfejleszt\u00e9si Strat\u00e9gia 2021-27 prezent\u00e1ci\u00f3<\/a> (pdf)<\/p>\n\n\n\n<h2 class=\"wp-block-heading\" id=\"tarsadalmasitasra-szant-anyagok\">T\u00e1rsadalmas\u00edt\u00e1sra sz\u00e1nt anyagok:<\/h2>\n\n\n\n<p><a rel=\"noreferrer noopener\" href=\"https:\/\/www.salgotarjan.hu\/wp-content\/uploads\/fenntarthatovarosfejlesztesistrategia_20211229_megalapozo_munkaresz.pdf\" target=\"_blank\">Megalapoz\u00f3 munkar\u00e9sz<\/a> (pdf)<\/p>\n\n\n\n<p><a rel=\"noreferrer noopener\" href=\"https:\/\/www.salgotarjan.hu\/wp-content\/uploads\/fenntarthatovarosfejlesztesistrategia_20211230_strategiai_munkaresz.pdf\" target=\"_blank\">Strat\u00e9giai munkar\u00e9sz<\/a> (pdf)<\/p>\n\n\n\n<p><a href=\"https:\/\/www.salgotarjan.hu\/wp-content\/uploads\/fenntarthatovarosfejlesztesistrategia_20220121_aszt.pdf\" target=\"_blank\" rel=\"noreferrer noopener\">Antiszegreg\u00e1ci\u00f3s terv<\/a> (pdf)<\/p>\n\n\n\n<p><a href=\"https:\/\/www.salgotarjan.hu\/wp-content\/uploads\/fenntarthatovarosfejlesztesistrategia_20220121_cselekvesi_terv.pdf\" target=\"_blank\" rel=\"noreferrer noopener\">Cselekv\u00e9si terv<\/a> (pdf)<\/p>\n\n\n\n<p><a href=\"https:\/\/www.salgotarjan.hu\/wp-content\/uploads\/fenntarthatovarosfejlesztesistrategia_20220121_finanszirozasi_terv.pdf\" target=\"_blank\" rel=\"noreferrer noopener\">Finansz\u00edroz\u00e1si terv<\/a> (pdf)<\/p>\n\n\n\n<p><a rel=\"noreferrer noopener\" href=\"https:\/\/www.salgotarjan.hu\/wp-content\/uploads\/fenntarthatovarosfejlesztesistrategia_20220121_kerdoivek.pdf\" target=\"_blank\">K\u00e9rd\u0151\u00edvek ki\u00e9rt\u00e9kel\u00e9se<\/a> (pdf)<\/p>\n\n\n\n<p><a rel=\"noreferrer noopener\" href=\"https:\/\/www.salgotarjan.hu\/wp-content\/uploads\/fenntarthatovarosfejlesztesistrategia_20220131_st_fvs_egyeztetesi_munkaverzio_2022_jan.pdf\" target=\"_blank\">Fenntarthat\u00f3 V\u00e1rosfejleszt\u00e9si Strat\u00e9gia &#8211; Egyeztet\u00e9si munkav\u00e1ltozat<\/a> (pdf)<br>\u00c9szrev\u00e9teleit 2022. febru\u00e1r 25-ig az al\u00e1bbi emailc\u00edmre k\u00fcldheti: <a href=\"mailto:fvs@salgotarjan.hu\">fvs@salgotarjan.hu<\/a><\/p>\n","protected":false},"excerpt":{"rendered":"<p>V\u00e9gleges FVS \u00e9s TVP Fenntarthat\u00f3 V\u00e1rosfejleszt\u00e9si Strat\u00e9gia &#8211; Ir\u00e1ny\u00edt\u00f3 Hat\u00f3s\u00e1g \u00e9s K\u00f6zgy\u0171l\u00e9s \u00e1ltal elfogadott v\u00e1ltozat 2022 TOP Plusz V\u00e1rosfejleszt\u00e9si Programterv v5.1 &#8211; 2025 Hirdetm\u00e9nyek: 2024-08-16 V\u00e1rosfejleszt\u00e9si k\u00e9rd\u0151\u00edv 2024-02-21 A parkol\u00f3kkal \u00e9s a v\u00e1ros parkol\u00e1si helyzet\u00e9vel kapcsolatos k\u00e9rd\u0151\u00edv. 2022-11-22 Felh\u00edv\u00e1s V\u00e1rosfejleszt\u00e9si k\u00e9rd\u0151\u00edvek kit\u00f6lt\u00e9s\u00e9re ( Kemerov\u00f3, V\u00e1s\u00e1rt\u00e9r \u00e9s Rokkant-telep )( a k\u00e9rd\u0151\u00edvek k\u00f6zvetlen\u00fcl el\u00e9rhet\u0151k itt: Kemerov\u00f3, V\u00e1s\u00e1rt\u00e9r &#8230; <a title=\"Fenntarthat\u00f3 V\u00e1rosfejleszt\u00e9si Strat\u00e9gia\" class=\"read-more\" href=\"https:\/\/www.salgotarjan.hu\/?page_id=12237\" aria-label=\"Read more about Fenntarthat\u00f3 V\u00e1rosfejleszt\u00e9si Strat\u00e9gia\">Olvass tov\u00e1bb<\/a><\/p>\n","protected":false},"author":7,"featured_media":0,"parent":0,"menu_order":0,"comment_status":"closed","ping_status":"closed","template":"","meta":{"footnotes":""},"class_list":["post-12237","page","type-page","status-publish"],"_links":{"self":[{"href":"https:\/\/www.salgotarjan.hu\/index.php?rest_route=\/wp\/v2\/pages\/12237","targetHints":{"allow":["GET"]}}],"collection":[{"href":"https:\/\/www.salgotarjan.hu\/index.php?rest_route=\/wp\/v2\/pages"}],"about":[{"href":"https:\/\/www.salgotarjan.hu\/index.php?rest_route=\/wp\/v2\/types\/page"}],"author":[{"embeddable":true,"href":"https:\/\/www.salgotarjan.hu\/index.php?rest_route=\/wp\/v2\/users\/7"}],"replies":[{"embeddable":true,"href":"https:\/\/www.salgotarjan.hu\/index.php?rest_route=%2Fwp%2Fv2%2Fcomments&post=12237"}],"version-history":[{"count":1,"href":"https:\/\/www.salgotarjan.hu\/index.php?rest_route=\/wp\/v2\/pages\/12237\/revisions"}],"predecessor-version":[{"id":16030,"href":"https:\/\/www.salgotarjan.hu\/index.php?rest_route=\/wp\/v2\/pages\/12237\/revisions\/16030"}],"wp:attachment":[{"href":"https:\/\/www.salgotarjan.hu\/index.php?rest_route=%2Fwp%2Fv2%2Fmedia&parent=12237"}],"curies":[{"name":"wp","href":"https:\/\/api.w.org\/{rel}","templated":true}]}}

Fenntartható Városfejlesztési Stratégia

<h2 class="wp-block-heading">Végleges FVS és TVP</h2>



<p><a href="https://www.salgotarjan.hu/wp-content/uploads/fenntarthatovarosfejlesztesistrategia_20240221_fvs_kozgyules_altal_elfogadott.pdf" target="_blank" rel="noreferrer noopener">Fenntartható Városfejlesztési Stratégia &#8211; Irányító Hatóság és Közgyűlés által elfogadott változat 2022</a></p>



<p><a href="https://www.salgotarjan.hu/wp-content/uploads/TVP_Salgotarjan_20250409.pdf" data-type="link" data-id="https://www.salgotarjan.hu/wp-content/uploads/TVP_Salgotarjan_20250409.pdf">TOP Plusz Városfejlesztési Programterv v5.1 &#8211; 2025</a></p>



<h2 class="wp-block-heading" id="hirdetmenyek">Hirdetmények:</h2>



<p>2024-08-16 <a href="https://www.salgotarjan.hu/?p=15225">Városfejlesztési kérdőív</a></p>



<p>2024-02-21 <a href="https://www.salgotarjan.hu/?p=14680">A parkolókkal és a város parkolási helyzetével kapcsolatos kérdőív.</a></p>



<p>2022-11-22 <a href="https://www.salgotarjan.hu/?p=13674">Felhívás Városfejlesztési kérdőívek kitöltésére </a>( Kemerovó, Vásártér és Rokkant-telep )<br>( a kérdőívek közvetlenül elérhetők itt: <a href="https://docs.google.com/forms/d/e/1FAIpQLScKSPrkzuo2Gs7EqNLGyR9EY2Y2dO03i74K8pNgRqMxr7exKQ/viewform" target="_blank" rel="noreferrer noopener">Kemerovó</a>, <a href="https://docs.google.com/forms/d/e/1FAIpQLSdtws0hQZGvNGSln-VSbCDJAZm2d2kac2_9GtYBrfPPrt1mJg/viewform" target="_blank" rel="noreferrer noopener">Vásártér és Rokkant</a> )</p>



<p>2022-01-24 <a href="https://www.salgotarjan.hu/?p=12677">Kérdőív az életminőséget meghatározó szolgáltatásokkal való elégedettségről</a><br><br>2021-06-28 <a href="https://www.salgotarjan.hu/?p=11994">Felhívás a Városfejlesztési kérdőívek kitöltésére</a><br>( a kérdőívek közvetlenül elérhetők itt: <a href="https://docs.google.com/forms/d/e/1FAIpQLSfO3z4KeFrdVbsoo1VXYI1ampJyucpYdWoHF70mAblGh--q_w/viewform" target="_blank" rel="noreferrer noopener">városfejlesztési kérdőív</a>, <a href="https://docs.google.com/forms/d/e/1FAIpQLSdnrnpvHdVjGAcXHvZxxnaFYyBj-u4Wjuyel3E3vAYS4bjiSw/viewform" target="_blank" rel="noreferrer noopener">projektjavaslatok</a> )</p>



<h2 class="wp-block-heading" id="kapcsolodo-dokumentumok">Kapcsolódó dokumentumok:</h2>



<p><a rel="noreferrer noopener" href="https://www.salgotarjan.hu/wp-content/uploads/fenntarthatovarosfejlesztesistrategia_20210921_prezentacio.pdf" target="_blank">Salgótarján MJV Fenntartható Városfejlesztési Stratégia 2021-27 prezentáció</a> (pdf)</p>



<h2 class="wp-block-heading" id="tarsadalmasitasra-szant-anyagok">Társadalmasításra szánt anyagok:</h2>



<p><a rel="noreferrer noopener" href="https://www.salgotarjan.hu/wp-content/uploads/fenntarthatovarosfejlesztesistrategia_20211229_megalapozo_munkaresz.pdf" target="_blank">Megalapozó munkarész</a> (pdf)</p>



<p><a rel="noreferrer noopener" href="https://www.salgotarjan.hu/wp-content/uploads/fenntarthatovarosfejlesztesistrategia_20211230_strategiai_munkaresz.pdf" target="_blank">Stratégiai munkarész</a> (pdf)</p>



<p><a href="https://www.salgotarjan.hu/wp-content/uploads/fenntarthatovarosfejlesztesistrategia_20220121_aszt.pdf" target="_blank" rel="noreferrer noopener">Antiszegregációs terv</a> (pdf)</p>



<p><a href="https://www.salgotarjan.hu/wp-content/uploads/fenntarthatovarosfejlesztesistrategia_20220121_cselekvesi_terv.pdf" target="_blank" rel="noreferrer noopener">Cselekvési terv</a> (pdf)</p>



<p><a href="https://www.salgotarjan.hu/wp-content/uploads/fenntarthatovarosfejlesztesistrategia_20220121_finanszirozasi_terv.pdf" target="_blank" rel="noreferrer noopener">Finanszírozási terv</a> (pdf)</p>



<p><a rel="noreferrer noopener" href="https://www.salgotarjan.hu/wp-content/uploads/fenntarthatovarosfejlesztesistrategia_20220121_kerdoivek.pdf" target="_blank">Kérdőívek kiértékelése</a> (pdf)</p>



<p><a rel="noreferrer noopener" href="https://www.salgotarjan.hu/wp-content/uploads/fenntarthatovarosfejlesztesistrategia_20220131_st_fvs_egyeztetesi_munkaverzio_2022_jan.pdf" target="_blank">Fenntartható Városfejlesztési Stratégia &#8211; Egyeztetési munkaváltozat</a> (pdf)<br>Észrevételeit 2022. február 25-ig az alábbi emailcímre küldheti: <a href="mailto:fvs@salgotarjan.hu">fvs@salgotarjan.hu</a></p>

<p>Végleges FVS és TVP Fenntartható Városfejlesztési Stratégia &#8211; Irányító Hatóság és Közgyűlés által elfogadott változat 2022 TOP Plusz Városfejlesztési Programterv v5.1 &#8211; 2025 Hirdetmények: 2024-08-16 Városfejlesztési kérdőív 2024-02-21 A parkolókkal és a város parkolási helyzetével kapcsolatos kérdőív. 2022-11-22 Felhívás Városfejlesztési kérdőívek kitöltésére ( Kemerovó, Vásártér és Rokkant-telep )( a kérdőívek közvetlenül elérhetők itt: Kemerovó, Vásártér &#8230; <a title="Fenntartható Városfejlesztési Stratégia" class="read-more" href="https://www.salgotarjan.hu/?page_id=12237" aria-label="Read more about Fenntartható Városfejlesztési Stratégia">Olvass tovább</a></p>
