{"id":10519,"date":"2020-01-24T12:24:50","date_gmt":"2020-01-24T11:24:50","guid":{"rendered":"https:\/\/www.salgotarjan.hu\/?page_id=10519"},"modified":"2020-07-02T16:21:14","modified_gmt":"2020-07-02T14:21:14","slug":"valasztasok-valasztasi-bizottsag-hirdetmenyei-2020-evi-idokozi-helyi-onkormanyzati-valasztas","status":"publish","type":"page","link":"https:\/\/www.salgotarjan.hu\/?page_id=10519","title":{"rendered":"V\u00e1laszt\u00e1sok \/ V\u00e1laszt\u00e1si bizotts\u00e1g hirdetm\u00e9nyei \/ 2020. \u00e9vi id\u0151k\u00f6zi helyi \u00f6nkorm\u00e1nyzati v\u00e1laszt\u00e1s ( \u00e1prilis 5. )"},"content":{"rendered":"","protected":false},"excerpt":{"rendered":"","protected":false},"author":7,"featured_media":0,"parent":0,"menu_order":0,"comment_status":"closed","ping_status":"closed","template":"","meta":{"footnotes":""},"class_list":["post-10519","page","type-page","status-publish"],"_links":{"self":[{"href":"https:\/\/www.salgotarjan.hu\/index.php?rest_route=\/wp\/v2\/pages\/10519","targetHints":{"allow":["GET"]}}],"collection":[{"href":"https:\/\/www.salgotarjan.hu\/index.php?rest_route=\/wp\/v2\/pages"}],"about":[{"href":"https:\/\/www.salgotarjan.hu\/index.php?rest_route=\/wp\/v2\/types\/page"}],"author":[{"embeddable":true,"href":"https:\/\/www.salgotarjan.hu\/index.php?rest_route=\/wp\/v2\/users\/7"}],"replies":[{"embeddable":true,"href":"https:\/\/www.salgotarjan.hu\/index.php?rest_route=%2Fwp%2Fv2%2Fcomments&post=10519"}],"version-history":[{"count":1,"href":"https:\/\/www.salgotarjan.hu\/index.php?rest_route=\/wp\/v2\/pages\/10519\/revisions"}],"predecessor-version":[{"id":11114,"href":"https:\/\/www.salgotarjan.hu\/index.php?rest_route=\/wp\/v2\/pages\/10519\/revisions\/11114"}],"wp:attachment":[{"href":"https:\/\/www.salgotarjan.hu\/index.php?rest_route=%2Fwp%2Fv2%2Fmedia&parent=10519"}],"curies":[{"name":"wp","href":"https:\/\/api.w.org\/{rel}","templated":true}]}}

Választások / Választási bizottság hirdetményei / 2020. évi időközi helyi önkormányzati választás ( április 5. )
