{"id":10515,"date":"2020-01-24T12:22:12","date_gmt":"2020-01-24T11:22:12","guid":{"rendered":"https:\/\/www.salgotarjan.hu\/?page_id=10515"},"modified":"2020-07-02T16:18:26","modified_gmt":"2020-07-02T14:18:26","slug":"valasztasok-valasztasi-bizottsag-dontesei-2020-evi-idokozi-helyi-onkormanyzati-valasztas","status":"publish","type":"page","link":"https:\/\/www.salgotarjan.hu\/?page_id=10515","title":{"rendered":"V\u00e1laszt\u00e1sok \/ V\u00e1laszt\u00e1si bizotts\u00e1g d\u00f6nt\u00e9sei \/ 2020. \u00e9vi id\u0151k\u00f6zi helyi \u00f6nkorm\u00e1nyzati v\u00e1laszt\u00e1s ( \u00e1prilis 5. )"},"content":{"rendered":"<p>17.2020.(III.25.) HVB sz. hat\u00e1rozat<br \/>\nA 2020.\u00e1prilis 5. nap\u00e1ra kit\u0171z\u00f6tt id\u0151k\u00f6zi helyi \u00f6nkorm\u00e1nyzati k\u00e9pvisel\u0151k v\u00e1laszt\u00e1s\u00e1n a salg\u00f3tarj\u00e1ni 03. sz\u00e1m\u00fa egy\u00e9ni v\u00e1laszt\u00f3ker\u00fcletben alkalmazand\u00f3 szavaz\u00f3lap adattartalm\u00e1nak j\u00f3v\u00e1hagy\u00e1sa<br \/>\n<a href=\"https:\/\/www.salgotarjan.hu\/wp-content\/uploads\/valasztasok_20200325_hvb_17.pdf\" target=\"_blank\" rel=\"noreferrer noopener\">let\u00f6lt\u00e9s<\/a><\/p>\n<p>16.2020.(III.2.) HVB sz. hat\u00e1rozat<br \/>\nA 2020. \u00e1prilis 5. napj\u00e1ra kit\u0171z\u00f6tt id\u0151k\u00f6zi helyi \u00f6nkorm\u00e1nyzati k\u00e9pvisel\u0151k v\u00e1laszt\u00e1s\u00e1n a salg\u00f3tarj\u00e1ni 03. sz\u00e1m\u00fa egy\u00e9ni v\u00e1laszt\u00f3ker\u00fcletben \u00e1ll\u00edtott k\u00e9pvisel\u0151jel\u00f6ltek sorrendj\u00e9nek kisorsol\u00e1sa<br \/>\n<a href=\"https:\/\/www.salgotarjan.hu\/wp-content\/uploads\/valasztasok_20200302_hvb_16.pdf\" target=\"_blank\" rel=\"noreferrer noopener\">let\u00f6lt\u00e9s<\/a><\/p>\n<p>15.2020.(III.2.) HVB sz. hat\u00e1rozat<br \/>\nT\u00f3thmih\u00e1ly Zolt\u00e1n egy\u00e9ni v\u00e1laszt\u00f3ker\u00fcleti k\u00e9pvisel\u0151jel\u00f6lt nyilv\u00e1ntart\u00e1sba v\u00e9tele<br \/>\n<a href=\"https:\/\/www.salgotarjan.hu\/wp-content\/uploads\/valasztasok_20200302_hvb_15.pdf\" target=\"_blank\" rel=\"noreferrer noopener\">let\u00f6lt\u00e9s<\/a><\/p>\n<p>14.2020.(II.27.) HVB sz. hat\u00e1rozat<br \/>\nTurcs\u00e1ny L\u00e1szl\u00f3 f\u00fcggetlen jel\u00f6lt nyilv\u00e1ntart\u00e1sba v\u00e9tele<br \/>\n<a href=\"https:\/\/www.salgotarjan.hu\/wp-content\/uploads\/valasztasok_20200227_hvb_14.pdf\" target=\"_blank\" rel=\"noreferrer noopener\">let\u00f6lt\u00e9s<\/a><\/p>\n<p>13.2020.(II.27.) HVB sz. hat\u00e1rozat<br \/>\nEresztv\u00e9ny \u00e9s K\u00f6rny\u00e9ke Seg\u00edTek Egyes\u00fclet jel\u00f6l\u0151 szervezet nyilv\u00e1ntart\u00e1sba v\u00e9tele<br \/>\n<a href=\"https:\/\/www.salgotarjan.hu\/wp-content\/uploads\/valasztasok_20200227_hvb_13.pdf\" target=\"_blank\" rel=\"noreferrer noopener\">let\u00f6lt\u00e9s<\/a><\/p>\n<p>12.2020.(II.18.) HVB sz. hat\u00e1rozat<br \/>\nBang\u00f3 Kriszti\u00e1n egy\u00e9ni v\u00e1laszt\u00f3ker\u00fcleti k\u00e9pvisel\u0151jel\u00f6lt nyilv\u00e1ntart\u00e1sba v\u00e9tele<br \/>\n<a href=\"https:\/\/www.salgotarjan.hu\/wp-content\/uploads\/valasztasok_20200218_hvb_12.pdf\" target=\"_blank\" rel=\"noreferrer noopener\">let\u00f6lt\u00e9s<\/a><\/p>\n<p>11.2020.(II.18.) HVB sz. hat\u00e1rozat<br \/>\nKov\u00e1cs Andrea egy\u00e9ni v\u00e1laszt\u00f3ker\u00fcleti k\u00e9pvisel\u0151jel\u00f6lt nyilv\u00e1ntart\u00e1sba v\u00e9tele<br \/>\n<a href=\"https:\/\/www.salgotarjan.hu\/wp-content\/uploads\/valasztasok_20200218_hvb_11.pdf\" target=\"_blank\" rel=\"noreferrer noopener\">let\u00f6lt\u00e9s<\/a><\/p>\n<p>10.2020.(II.10.) HVB sz. hat\u00e1rozat<br \/>\nP\u00e1rbesz\u00e9d Magyarorsz\u00e1g\u00e9rt P\u00e1rt jel\u00f6l\u0151 szervezet nyilv\u00e1ntart\u00e1sba v\u00e9tele<br \/>\n<a href=\"https:\/\/www.salgotarjan.hu\/wp-content\/uploads\/valasztasok_20200210_hvb_10.pdf\" target=\"_blank\" rel=\"noreferrer noopener\">let\u00f6lt\u00e9s<\/a><\/p>\n<p>10.2020.(II.10.) HVB sz. hat\u00e1rozat<br \/>\nP\u00e1rbesz\u00e9d Magyarorsz\u00e1g\u00e9rt P\u00e1rt jel\u00f6l\u0151 szervezet nyilv\u00e1ntart\u00e1sba v\u00e9tele<br \/>\n<a href=\"https:\/\/www.salgotarjan.hu\/wp-content\/uploads\/valasztasok_20200210_hvb_10.pdf\" target=\"_blank\" rel=\"noreferrer noopener\">let\u00f6lt\u00e9s<\/a><\/p>\n<p>9.2020.(II.10.) HVB sz. hat\u00e1rozat<br \/>\nLehet M\u00e1s a Politika jel\u00f6l\u0151 szervezet nyilv\u00e1ntart\u00e1sba v\u00e9tele<br \/>\n<a href=\"https:\/\/www.salgotarjan.hu\/wp-content\/uploads\/valasztasok_20200210_hvb_9.pdf\" target=\"_blank\" rel=\"noreferrer noopener\">let\u00f6lt\u00e9s<\/a><\/p>\n<p>8.2020.(II.10.) HVB sz. hat\u00e1rozat<br \/>\nMomentum Mozgalom jel\u00f6l\u0151 szervezet nyilv\u00e1ntart\u00e1sba v\u00e9tele<br \/>\n<a href=\"https:\/\/www.salgotarjan.hu\/wp-content\/uploads\/valasztasok_20200210_hvb_8.pdf\" target=\"_blank\" rel=\"noreferrer noopener\">let\u00f6lt\u00e9s<\/a><\/p>\n<p>7.2020.(II.10.) HVB sz. hat\u00e1rozat<br \/>\nJobbik Magyarorsz\u00e1g\u00e9rt Mozgalom jel\u00f6l\u0151 szervezet nyilv\u00e1ntart\u00e1sba v\u00e9tele<br \/>\n<a href=\"https:\/\/www.salgotarjan.hu\/wp-content\/uploads\/valasztasok_20200210_hvb_7.pdf\" target=\"_blank\" rel=\"noreferrer noopener\">let\u00f6lt\u00e9s<\/a><\/p>\n<p>6.2020.(II.06.) HVB sz. hat\u00e1rozat<br \/>\nDemokratikus Koal\u00edci\u00f3 jel\u00f6l\u0151 szervezet nyilv\u00e1ntart\u00e1sba v\u00e9tele<br \/>\n<a href=\"https:\/\/www.salgotarjan.hu\/wp-content\/uploads\/valasztasok_20200206_hvb_6.pdf\" target=\"_blank\" rel=\"noreferrer noopener\">let\u00f6lt\u00e9s<\/a><\/p>\n<p>5.2020.(II.06.) HVB sz. hat\u00e1rozat<br \/>\nMagyar Munk\u00e1sp\u00e1rt jel\u00f6l\u0151 szervezet nyilv\u00e1ntart\u00e1sba v\u00e9tele<br \/>\n<a href=\"https:\/\/www.salgotarjan.hu\/wp-content\/uploads\/valasztasok_20200206_hvb_5.pdf\" target=\"_blank\" rel=\"noreferrer noopener\">let\u00f6lt\u00e9s<\/a><\/p>\n<p>4.2020.(II.06.) HVB sz. hat\u00e1rozat<br \/>\nTarj\u00e1ni V\u00e1roslak\u00f3 Egyes\u00fclet jel\u00f6l\u0151 szervezet nyilv\u00e1ntart\u00e1sba v\u00e9tele<br \/>\n<a href=\"https:\/\/www.salgotarjan.hu\/wp-content\/uploads\/valasztasok_20200206_hvb_4.pdf\" target=\"_blank\" rel=\"noreferrer noopener\">let\u00f6lt\u00e9s<\/a><\/p>\n<p>3.2020.(II.03.) HVB sz. hat\u00e1rozat<br \/>\nSALG\u00d3TARJ\u00c1N, Szeretem! Egyes\u00fclet jel\u00f6l\u0151 szervezet nyilv\u00e1ntart\u00e1sba v\u00e9tele<br \/>\n<a href=\"https:\/\/www.salgotarjan.hu\/wp-content\/uploads\/valasztasok_20200203_hvb_3.pdf\" target=\"_blank\" rel=\"noreferrer noopener\">let\u00f6lt\u00e9s<\/a><\/p>\n<p>2.2020.(II.03.) HVB sz. hat\u00e1rozat<br \/>\nMagyar Szocialista P\u00e1rt jel\u00f6l\u0151 szervezet nyilv\u00e1ntart\u00e1sba v\u00e9tele<br \/>\n<a href=\"https:\/\/www.salgotarjan.hu\/wp-content\/uploads\/valasztasok_20200203_hvb_2.pdf\" target=\"_blank\" rel=\"noreferrer noopener\">let\u00f6lt\u00e9s<\/a><\/p>\n<p>1.2020.(I.24.) HVB sz. hat\u00e1rozat<br \/>\nId\u0151k\u00f6zi v\u00e1laszt\u00e1s id\u0151pontj\u00e1nak kit\u0171z\u00e9se<br \/>\n<a href=\"https:\/\/www.salgotarjan.hu\/wp-content\/uploads\/valasztasok_20200124_hvb_1.pdf\" target=\"_blank\" rel=\"noreferrer noopener\">let\u00f6lt\u00e9s<\/a><\/p>\n","protected":false},"excerpt":{"rendered":"<p>17.2020.(III.25.) HVB sz. hat\u00e1rozat A 2020.\u00e1prilis 5. nap\u00e1ra kit\u0171z\u00f6tt id\u0151k\u00f6zi helyi \u00f6nkorm\u00e1nyzati k\u00e9pvisel\u0151k v\u00e1laszt\u00e1s\u00e1n a salg\u00f3tarj\u00e1ni 03. sz\u00e1m\u00fa egy\u00e9ni v\u00e1laszt\u00f3ker\u00fcletben alkalmazand\u00f3 szavaz\u00f3lap adattartalm\u00e1nak j\u00f3v\u00e1hagy\u00e1sa let\u00f6lt\u00e9s 16.2020.(III.2.) HVB sz. hat\u00e1rozat A 2020. \u00e1prilis 5. napj\u00e1ra kit\u0171z\u00f6tt id\u0151k\u00f6zi helyi \u00f6nkorm\u00e1nyzati k\u00e9pvisel\u0151k v\u00e1laszt\u00e1s\u00e1n a salg\u00f3tarj\u00e1ni 03. sz\u00e1m\u00fa egy\u00e9ni v\u00e1laszt\u00f3ker\u00fcletben \u00e1ll\u00edtott k\u00e9pvisel\u0151jel\u00f6ltek sorrendj\u00e9nek kisorsol\u00e1sa let\u00f6lt\u00e9s 15.2020.(III.2.) HVB sz. hat\u00e1rozat &#8230; <a title=\"V\u00e1laszt\u00e1sok \/ V\u00e1laszt\u00e1si bizotts\u00e1g d\u00f6nt\u00e9sei \/ 2020. \u00e9vi id\u0151k\u00f6zi helyi \u00f6nkorm\u00e1nyzati v\u00e1laszt\u00e1s ( \u00e1prilis 5. )\" class=\"read-more\" href=\"https:\/\/www.salgotarjan.hu\/?page_id=10515\" aria-label=\"Read more about V\u00e1laszt\u00e1sok \/ V\u00e1laszt\u00e1si bizotts\u00e1g d\u00f6nt\u00e9sei \/ 2020. \u00e9vi id\u0151k\u00f6zi helyi \u00f6nkorm\u00e1nyzati v\u00e1laszt\u00e1s ( \u00e1prilis 5. )\">Olvass tov\u00e1bb<\/a><\/p>\n","protected":false},"author":7,"featured_media":0,"parent":0,"menu_order":0,"comment_status":"closed","ping_status":"closed","template":"","meta":{"footnotes":""},"class_list":["post-10515","page","type-page","status-publish"],"_links":{"self":[{"href":"https:\/\/www.salgotarjan.hu\/index.php?rest_route=\/wp\/v2\/pages\/10515","targetHints":{"allow":["GET"]}}],"collection":[{"href":"https:\/\/www.salgotarjan.hu\/index.php?rest_route=\/wp\/v2\/pages"}],"about":[{"href":"https:\/\/www.salgotarjan.hu\/index.php?rest_route=\/wp\/v2\/types\/page"}],"author":[{"embeddable":true,"href":"https:\/\/www.salgotarjan.hu\/index.php?rest_route=\/wp\/v2\/users\/7"}],"replies":[{"embeddable":true,"href":"https:\/\/www.salgotarjan.hu\/index.php?rest_route=%2Fwp%2Fv2%2Fcomments&post=10515"}],"version-history":[{"count":1,"href":"https:\/\/www.salgotarjan.hu\/index.php?rest_route=\/wp\/v2\/pages\/10515\/revisions"}],"predecessor-version":[{"id":11108,"href":"https:\/\/www.salgotarjan.hu\/index.php?rest_route=\/wp\/v2\/pages\/10515\/revisions\/11108"}],"wp:attachment":[{"href":"https:\/\/www.salgotarjan.hu\/index.php?rest_route=%2Fwp%2Fv2%2Fmedia&parent=10515"}],"curies":[{"name":"wp","href":"https:\/\/api.w.org\/{rel}","templated":true}]}}

Választások / Választási bizottság döntései / 2020. évi időközi helyi önkormányzati választás ( április 5. )

<p>17.2020.(III.25.) HVB sz. határozat<br />
A 2020.április 5. napára kitűzött időközi helyi önkormányzati képviselők választásán a salgótarjáni 03. számú egyéni választókerületben alkalmazandó szavazólap adattartalmának jóváhagyása<br />
<a href="https://www.salgotarjan.hu/wp-content/uploads/valasztasok_20200325_hvb_17.pdf" target="_blank" rel="noreferrer noopener">letöltés</a></p>
<p>16.2020.(III.2.) HVB sz. határozat<br />
A 2020. április 5. napjára kitűzött időközi helyi önkormányzati képviselők választásán a salgótarjáni 03. számú egyéni választókerületben állított képviselőjelöltek sorrendjének kisorsolása<br />
<a href="https://www.salgotarjan.hu/wp-content/uploads/valasztasok_20200302_hvb_16.pdf" target="_blank" rel="noreferrer noopener">letöltés</a></p>
<p>15.2020.(III.2.) HVB sz. határozat<br />
Tóthmihály Zoltán egyéni választókerületi képviselőjelölt nyilvántartásba vétele<br />
<a href="https://www.salgotarjan.hu/wp-content/uploads/valasztasok_20200302_hvb_15.pdf" target="_blank" rel="noreferrer noopener">letöltés</a></p>
<p>14.2020.(II.27.) HVB sz. határozat<br />
Turcsány László független jelölt nyilvántartásba vétele<br />
<a href="https://www.salgotarjan.hu/wp-content/uploads/valasztasok_20200227_hvb_14.pdf" target="_blank" rel="noreferrer noopener">letöltés</a></p>
<p>13.2020.(II.27.) HVB sz. határozat<br />
Eresztvény és Környéke SegíTek Egyesület jelölő szervezet nyilvántartásba vétele<br />
<a href="https://www.salgotarjan.hu/wp-content/uploads/valasztasok_20200227_hvb_13.pdf" target="_blank" rel="noreferrer noopener">letöltés</a></p>
<p>12.2020.(II.18.) HVB sz. határozat<br />
Bangó Krisztián egyéni választókerületi képviselőjelölt nyilvántartásba vétele<br />
<a href="https://www.salgotarjan.hu/wp-content/uploads/valasztasok_20200218_hvb_12.pdf" target="_blank" rel="noreferrer noopener">letöltés</a></p>
<p>11.2020.(II.18.) HVB sz. határozat<br />
Kovács Andrea egyéni választókerületi képviselőjelölt nyilvántartásba vétele<br />
<a href="https://www.salgotarjan.hu/wp-content/uploads/valasztasok_20200218_hvb_11.pdf" target="_blank" rel="noreferrer noopener">letöltés</a></p>
<p>10.2020.(II.10.) HVB sz. határozat<br />
Párbeszéd Magyarországért Párt jelölő szervezet nyilvántartásba vétele<br />
<a href="https://www.salgotarjan.hu/wp-content/uploads/valasztasok_20200210_hvb_10.pdf" target="_blank" rel="noreferrer noopener">letöltés</a></p>
<p>10.2020.(II.10.) HVB sz. határozat<br />
Párbeszéd Magyarországért Párt jelölő szervezet nyilvántartásba vétele<br />
<a href="https://www.salgotarjan.hu/wp-content/uploads/valasztasok_20200210_hvb_10.pdf" target="_blank" rel="noreferrer noopener">letöltés</a></p>
<p>9.2020.(II.10.) HVB sz. határozat<br />
Lehet Más a Politika jelölő szervezet nyilvántartásba vétele<br />
<a href="https://www.salgotarjan.hu/wp-content/uploads/valasztasok_20200210_hvb_9.pdf" target="_blank" rel="noreferrer noopener">letöltés</a></p>
<p>8.2020.(II.10.) HVB sz. határozat<br />
Momentum Mozgalom jelölő szervezet nyilvántartásba vétele<br />
<a href="https://www.salgotarjan.hu/wp-content/uploads/valasztasok_20200210_hvb_8.pdf" target="_blank" rel="noreferrer noopener">letöltés</a></p>
<p>7.2020.(II.10.) HVB sz. határozat<br />
Jobbik Magyarországért Mozgalom jelölő szervezet nyilvántartásba vétele<br />
<a href="https://www.salgotarjan.hu/wp-content/uploads/valasztasok_20200210_hvb_7.pdf" target="_blank" rel="noreferrer noopener">letöltés</a></p>
<p>6.2020.(II.06.) HVB sz. határozat<br />
Demokratikus Koalíció jelölő szervezet nyilvántartásba vétele<br />
<a href="https://www.salgotarjan.hu/wp-content/uploads/valasztasok_20200206_hvb_6.pdf" target="_blank" rel="noreferrer noopener">letöltés</a></p>
<p>5.2020.(II.06.) HVB sz. határozat<br />
Magyar Munkáspárt jelölő szervezet nyilvántartásba vétele<br />
<a href="https://www.salgotarjan.hu/wp-content/uploads/valasztasok_20200206_hvb_5.pdf" target="_blank" rel="noreferrer noopener">letöltés</a></p>
<p>4.2020.(II.06.) HVB sz. határozat<br />
Tarjáni Városlakó Egyesület jelölő szervezet nyilvántartásba vétele<br />
<a href="https://www.salgotarjan.hu/wp-content/uploads/valasztasok_20200206_hvb_4.pdf" target="_blank" rel="noreferrer noopener">letöltés</a></p>
<p>3.2020.(II.03.) HVB sz. határozat<br />
SALGÓTARJÁN, Szeretem! Egyesület jelölő szervezet nyilvántartásba vétele<br />
<a href="https://www.salgotarjan.hu/wp-content/uploads/valasztasok_20200203_hvb_3.pdf" target="_blank" rel="noreferrer noopener">letöltés</a></p>
<p>2.2020.(II.03.) HVB sz. határozat<br />
Magyar Szocialista Párt jelölő szervezet nyilvántartásba vétele<br />
<a href="https://www.salgotarjan.hu/wp-content/uploads/valasztasok_20200203_hvb_2.pdf" target="_blank" rel="noreferrer noopener">letöltés</a></p>
<p>1.2020.(I.24.) HVB sz. határozat<br />
Időközi választás időpontjának kitűzése<br />
<a href="https://www.salgotarjan.hu/wp-content/uploads/valasztasok_20200124_hvb_1.pdf" target="_blank" rel="noreferrer noopener">letöltés</a></p>

<p>17.2020.(III.25.) HVB sz. határozat A 2020.április 5. napára kitűzött időközi helyi önkormányzati képviselők választásán a salgótarjáni 03. számú egyéni választókerületben alkalmazandó szavazólap adattartalmának jóváhagyása letöltés 16.2020.(III.2.) HVB sz. határozat A 2020. április 5. napjára kitűzött időközi helyi önkormányzati képviselők választásán a salgótarjáni 03. számú egyéni választókerületben állított képviselőjelöltek sorrendjének kisorsolása letöltés 15.2020.(III.2.) HVB sz. határozat &#8230; <a title="Választások / Választási bizottság döntései / 2020. évi időközi helyi önkormányzati választás ( április 5. )" class="read-more" href="https://www.salgotarjan.hu/?page_id=10515" aria-label="Read more about Választások / Választási bizottság döntései / 2020. évi időközi helyi önkormányzati választás ( április 5. )">Olvass tovább</a></p>
